{"id":9130,"date":"2016-03-10T12:32:45","date_gmt":"2016-03-10T12:32:45","guid":{"rendered":"https:\/\/www.meteo.cat\/wpweb\/?page_id=9130"},"modified":"2020-10-20T10:47:03","modified_gmt":"2020-10-20T10:47:03","slug":"la-calitja-i-la-boira","status":"publish","type":"page","link":"https:\/\/www.meteo.cat\/wpweb\/divulgacio\/temps-al-temps\/la-calitja-i-la-boira\/","title":{"rendered":"La Calitja i la Boira"},"content":{"rendered":"\n<p>Alguns fen\u00f2mens meteorol\u00f2gics comporten una limitaci\u00f3 de la visi\u00f3 que no nom\u00e9s ens \u00e9s inc\u00f2mode, sin\u00f3 que, a m\u00e9s, pot resultar perillosa quan condu\u00efm. \u00c9s el cas de la calitja i la boira, els dos fen\u00f2mens protagonistes d\u2019aquest cap\u00edtol, en el qual coneixerem tamb\u00e9 quines conseq\u00fc\u00e8ncies t\u00e9 la contaminaci\u00f3 atmosf\u00e8rica.<\/p>\n\n\n\n<iframe loading=\"lazy\" width=\"560\" height=\"315\" src=\"https:\/\/www.youtube.com\/embed\/b2FZW_jv--M\" frameborder=\"0\" allow=\"accelerometer; autoplay; clipboard-write; encrypted-media; gyroscope; picture-in-picture\" allowfullscreen title=\"Temps al temps: Calitja i boira\"><\/iframe>\n","protected":false},"excerpt":{"rendered":"<p>Alguns fen\u00f2mens meteorol\u00f2gics comporten una limitaci\u00f3 de la visi\u00f3 que no nom\u00e9s ens \u00e9s inc\u00f2mode, sin\u00f3 que, a m\u00e9s, pot resultar perillosa quan condu\u00efm. \u00c9s el cas de la calitja i la boira, els dos fen\u00f2mens protagonistes d\u2019aquest cap\u00edtol, en el qual coneixerem tamb\u00e9 quines conseq\u00fc\u00e8ncies t\u00e9 la contaminaci\u00f3 atmosf\u00e8rica.<\/p>\n","protected":false},"author":2,"featured_media":0,"parent":9074,"menu_order":0,"comment_status":"closed","ping_status":"closed","template":"template-sidebar.php","meta":{"_mi_skip_tracking":false,"_monsterinsights_sitenote_active":false,"_monsterinsights_sitenote_note":"","_monsterinsights_sitenote_category":0},"_links":{"self":[{"href":"https:\/\/www.meteo.cat\/wpweb\/wp-json\/wp\/v2\/pages\/9130"}],"collection":[{"href":"https:\/\/www.meteo.cat\/wpweb\/wp-json\/wp\/v2\/pages"}],"about":[{"href":"https:\/\/www.meteo.cat\/wpweb\/wp-json\/wp\/v2\/types\/page"}],"author":[{"embeddable":true,"href":"https:\/\/www.meteo.cat\/wpweb\/wp-json\/wp\/v2\/users\/2"}],"replies":[{"embeddable":true,"href":"https:\/\/www.meteo.cat\/wpweb\/wp-json\/wp\/v2\/comments?post=9130"}],"version-history":[{"count":5,"href":"https:\/\/www.meteo.cat\/wpweb\/wp-json\/wp\/v2\/pages\/9130\/revisions"}],"predecessor-version":[{"id":29434,"href":"https:\/\/www.meteo.cat\/wpweb\/wp-json\/wp\/v2\/pages\/9130\/revisions\/29434"}],"up":[{"embeddable":true,"href":"https:\/\/www.meteo.cat\/wpweb\/wp-json\/wp\/v2\/pages\/9074"}],"wp:attachment":[{"href":"https:\/\/www.meteo.cat\/wpweb\/wp-json\/wp\/v2\/media?parent=9130"}],"curies":[{"name":"wp","href":"https:\/\/api.w.org\/{rel}","templated":true}]}}

<p>Alguns fenòmens meteorològics comporten una limitació de la visió que no només ens és incòmode, sinó que, a més, pot resultar perillosa quan conduïm. És el cas de la calitja i la boira, els dos fenòmens protagonistes d’aquest capítol, en el qual coneixerem també quines conseqüències té la contaminació atmosfèrica.</p>



<iframe loading="lazy" width="560" height="315" src="https://www.youtube.com/embed/b2FZW_jv--M" frameborder="0" allow="accelerometer; autoplay; clipboard-write; encrypted-media; gyroscope; picture-in-picture" allowfullscreen title="Temps al temps: Calitja i boira"></iframe>

<p>Alguns fenòmens meteorològics comporten una limitació de la visió que no només ens és incòmode, sinó que, a més, pot resultar perillosa quan conduïm. És el cas de la calitja i la boira, els dos fenòmens protagonistes d’aquest capítol, en el qual coneixerem també quines conseqüències té la contaminació atmosfèrica.</p>
