{"id":9126,"date":"2016-03-10T12:33:23","date_gmt":"2016-03-10T12:33:23","guid":{"rendered":"https:\/\/www.meteo.cat\/wpweb\/?page_id=9126"},"modified":"2020-10-20T10:45:24","modified_gmt":"2020-10-20T10:45:24","slug":"la-humitat-relativa-2","status":"publish","type":"page","link":"https:\/\/www.meteo.cat\/wpweb\/divulgacio\/temps-al-temps\/la-humitat-relativa-2\/","title":{"rendered":"La Humitat Relativa"},"content":{"rendered":"\n<p>La humitat relativa \u00e9s un fenomen meteorol\u00f2gic que tot i que \u00e9s molt present al nostre entorn,<br>sovint, passa for\u00e7a desapercebut. De la humitat relativa, per\u00f2, se\u2019n despr\u00e8n informaci\u00f3 important per a la previsi\u00f3 del temps. En aquest cap\u00edtol, coneixerem qu\u00e8 \u00e9s i qu\u00e8 ens indica la humitat relativa.<\/p>\n\n\n\n<iframe loading=\"lazy\" width=\"560\" height=\"315\" src=\"https:\/\/www.youtube.com\/embed\/M_odeDIFF2U\" frameborder=\"0\" allow=\"accelerometer; autoplay; clipboard-write; encrypted-media; gyroscope; picture-in-picture\" allowfullscreen title=\"Temps al temps: Humitat relativa\"><\/iframe>\n","protected":false},"excerpt":{"rendered":"<p>La humitat relativa \u00e9s un fenomen meteorol\u00f2gic que tot i que \u00e9s molt present al nostre entorn,sovint, passa for\u00e7a desapercebut. De la humitat relativa, per\u00f2, se\u2019n despr\u00e8n informaci\u00f3 important per a la previsi\u00f3 del temps. En aquest cap\u00edtol, coneixerem qu\u00e8 \u00e9s i qu\u00e8 ens indica la humitat relativa.<\/p>\n","protected":false},"author":2,"featured_media":0,"parent":9074,"menu_order":0,"comment_status":"closed","ping_status":"closed","template":"template-sidebar.php","meta":{"_mi_skip_tracking":false,"_monsterinsights_sitenote_active":false,"_monsterinsights_sitenote_note":"","_monsterinsights_sitenote_category":0},"_links":{"self":[{"href":"https:\/\/www.meteo.cat\/wpweb\/wp-json\/wp\/v2\/pages\/9126"}],"collection":[{"href":"https:\/\/www.meteo.cat\/wpweb\/wp-json\/wp\/v2\/pages"}],"about":[{"href":"https:\/\/www.meteo.cat\/wpweb\/wp-json\/wp\/v2\/types\/page"}],"author":[{"embeddable":true,"href":"https:\/\/www.meteo.cat\/wpweb\/wp-json\/wp\/v2\/users\/2"}],"replies":[{"embeddable":true,"href":"https:\/\/www.meteo.cat\/wpweb\/wp-json\/wp\/v2\/comments?post=9126"}],"version-history":[{"count":4,"href":"https:\/\/www.meteo.cat\/wpweb\/wp-json\/wp\/v2\/pages\/9126\/revisions"}],"predecessor-version":[{"id":29431,"href":"https:\/\/www.meteo.cat\/wpweb\/wp-json\/wp\/v2\/pages\/9126\/revisions\/29431"}],"up":[{"embeddable":true,"href":"https:\/\/www.meteo.cat\/wpweb\/wp-json\/wp\/v2\/pages\/9074"}],"wp:attachment":[{"href":"https:\/\/www.meteo.cat\/wpweb\/wp-json\/wp\/v2\/media?parent=9126"}],"curies":[{"name":"wp","href":"https:\/\/api.w.org\/{rel}","templated":true}]}}

<p>La humitat relativa és un fenomen meteorològic que tot i que és molt present al nostre entorn,<br>sovint, passa força desapercebut. De la humitat relativa, però, se’n desprèn informació important per a la previsió del temps. En aquest capítol, coneixerem què és i què ens indica la humitat relativa.</p>



<iframe loading="lazy" width="560" height="315" src="https://www.youtube.com/embed/M_odeDIFF2U" frameborder="0" allow="accelerometer; autoplay; clipboard-write; encrypted-media; gyroscope; picture-in-picture" allowfullscreen title="Temps al temps: Humitat relativa"></iframe>

<p>La humitat relativa és un fenomen meteorològic que tot i que és molt present al nostre entorn,sovint, passa força desapercebut. De la humitat relativa, però, se’n desprèn informació important per a la previsió del temps. En aquest capítol, coneixerem què és i què ens indica la humitat relativa.</p>
