{"id":9118,"date":"2016-03-10T12:35:28","date_gmt":"2016-03-10T12:35:28","guid":{"rendered":"https:\/\/www.meteo.cat\/wpweb\/?page_id=9118"},"modified":"2022-05-12T09:31:22","modified_gmt":"2022-05-12T09:31:22","slug":"les-tempestes","status":"publish","type":"page","link":"https:\/\/www.meteo.cat\/wpweb\/divulgacio\/temps-al-temps\/les-tempestes\/","title":{"rendered":"Les Tempestes i els seus fen\u00f2mens"},"content":{"rendered":"\n<p>Com es genera un llamp? Quina relaci\u00f3 t\u00e9 amb el tro que sentirem despr\u00e9s?<br>De quines eines disposem per detectar els fen\u00f2mens que es produeixen quan hi ha tempesta? Aquestes i d\u2019altres preguntes s\u00f3n les que ens resoldr\u00e0 aquest nou cap\u00edtol del programa, en el qual tamb\u00e9 aprendrem qu\u00e8 podem fer per evitar els efectes negatius de les tempestes.<\/p>\n\n\n\n<iframe loading=\"lazy\" width=\"560\" height=\"315\" src=\"https:\/\/www.youtube.com\/embed\/qsZxJAN21iQ\" frameborder=\"0\" allow=\"accelerometer; autoplay; clipboard-write; encrypted-media; gyroscope; picture-in-picture\" allowfullscreen=\"\" title=\"Temps al temps: Llamps i Trons\"><\/iframe>\n","protected":false},"excerpt":{"rendered":"<p>Com es genera un llamp? Quina relaci\u00f3 t\u00e9 amb el tro que sentirem despr\u00e9s?De quines eines disposem per detectar els fen\u00f2mens que es produeixen quan hi ha tempesta? Aquestes i d\u2019altres preguntes s\u00f3n les que ens resoldr\u00e0 aquest nou cap\u00edtol del programa, en el qual tamb\u00e9 aprendrem qu\u00e8 podem fer per evitar els efectes negatius [&hellip;]<\/p>\n","protected":false},"author":2,"featured_media":0,"parent":9074,"menu_order":0,"comment_status":"closed","ping_status":"closed","template":"template-sidebar.php","meta":{"_mi_skip_tracking":false,"_monsterinsights_sitenote_active":false,"_monsterinsights_sitenote_note":"","_monsterinsights_sitenote_category":0},"_links":{"self":[{"href":"https:\/\/www.meteo.cat\/wpweb\/wp-json\/wp\/v2\/pages\/9118"}],"collection":[{"href":"https:\/\/www.meteo.cat\/wpweb\/wp-json\/wp\/v2\/pages"}],"about":[{"href":"https:\/\/www.meteo.cat\/wpweb\/wp-json\/wp\/v2\/types\/page"}],"author":[{"embeddable":true,"href":"https:\/\/www.meteo.cat\/wpweb\/wp-json\/wp\/v2\/users\/2"}],"replies":[{"embeddable":true,"href":"https:\/\/www.meteo.cat\/wpweb\/wp-json\/wp\/v2\/comments?post=9118"}],"version-history":[{"count":7,"href":"https:\/\/www.meteo.cat\/wpweb\/wp-json\/wp\/v2\/pages\/9118\/revisions"}],"predecessor-version":[{"id":34399,"href":"https:\/\/www.meteo.cat\/wpweb\/wp-json\/wp\/v2\/pages\/9118\/revisions\/34399"}],"up":[{"embeddable":true,"href":"https:\/\/www.meteo.cat\/wpweb\/wp-json\/wp\/v2\/pages\/9074"}],"wp:attachment":[{"href":"https:\/\/www.meteo.cat\/wpweb\/wp-json\/wp\/v2\/media?parent=9118"}],"curies":[{"name":"wp","href":"https:\/\/api.w.org\/{rel}","templated":true}]}}

Les Tempestes i els seus fenòmens

<p>Com es genera un llamp? Quina relació té amb el tro que sentirem després?<br>De quines eines disposem per detectar els fenòmens que es produeixen quan hi ha tempesta? Aquestes i d’altres preguntes són les que ens resoldrà aquest nou capítol del programa, en el qual també aprendrem què podem fer per evitar els efectes negatius de les tempestes.</p>



<iframe loading="lazy" width="560" height="315" src="https://www.youtube.com/embed/qsZxJAN21iQ" frameborder="0" allow="accelerometer; autoplay; clipboard-write; encrypted-media; gyroscope; picture-in-picture" allowfullscreen="" title="Temps al temps: Llamps i Trons"></iframe>

<p>Com es genera un llamp? Quina relació té amb el tro que sentirem després?De quines eines disposem per detectar els fenòmens que es produeixen quan hi ha tempesta? Aquestes i d’altres preguntes són les que ens resoldrà aquest nou capítol del programa, en el qual també aprendrem què podem fer per evitar els efectes negatius [&hellip;]</p>
