{"id":9074,"date":"2016-03-10T12:02:02","date_gmt":"2016-03-10T12:02:02","guid":{"rendered":"https:\/\/www.meteo.cat\/wpweb\/?page_id=9074"},"modified":"2024-07-16T11:37:58","modified_gmt":"2024-07-16T11:37:58","slug":"temps-al-temps","status":"publish","type":"page","link":"https:\/\/www.meteo.cat\/wpweb\/divulgacio\/temps-al-temps\/","title":{"rendered":"Temps al temps"},"content":{"rendered":"\n<p><em><strong>Temps al temps<\/strong><\/em> \u00e9s un espai per con\u00e8ixer aquells fen\u00f2mens meteorol\u00f2gics que condicionen la nostra vida quotidiana, per\u00f2 dels que sovint en sabem ben poc. Des del Servei Meteorol\u00f2gic de Catalunya us expliquem, amb un to divulgatiu i am\u00e8, com es produeixen i com ens afecten fen\u00f2mens tan quotidians per\u00f2 tan desconeguts com s\u00f3n els canvis de temperatura, la pluja, la neu o la boira.<\/p>\n\n\n\n<div class=\"wp-block-columns has-2-columns\">\n<div class=\"wp-block-column\">\n<div class=\"wp-block-image aligncenter\"><figure class=\"aligncenter is-resized\"><a href=\"https:\/\/www.meteo.cat\/wpweb\/divulgacio\/temps-al-temps\/la-precipitacio-2\/\"><img loading=\"lazy\" src=\"https:\/\/static-m.meteo.cat\/wordpressweb\/wp-content\/uploads\/2016\/03\/03074049\/La-precipitaci%C3%B3.jpg\" alt=\"La precipitaci\u00f3\" class=\"wp-image-9075\" width=\"300\" height=\"173\"\/><\/a><\/figure><\/div>\n\n\n\n<div class=\"wp-block-image\"><figure class=\"aligncenter is-resized\"><a href=\"https:\/\/www.meteo.cat\/wpweb\/divulgacio\/temps-al-temps\/els-nuvols\/\" rel=\"attachment wp-att-9078\"><img loading=\"lazy\" src=\"https:\/\/static-m.meteo.cat\/wordpressweb\/wp-content\/uploads\/2016\/03\/03081851\/Els-N%C3%BAvols.jpg\" alt=\"Els N\u00favols\" class=\"wp-image-9078\" width=\"300\" height=\"171\"\/><\/a><\/figure><\/div>\n\n\n\n<div class=\"wp-block-image\"><figure class=\"aligncenter\"><a href=\"https:\/\/www.meteo.cat\/wpweb\/divulgacio\/temps-al-temps\/les-tempestes\/\" rel=\"attachment wp-att-9081\"><img loading=\"lazy\" width=\"300\" height=\"174\" src=\"https:\/\/static-m.meteo.cat\/wordpressweb\/wp-content\/uploads\/2016\/03\/03084436\/Llamps-i-trons-300x174.jpg\" alt=\"Llamps i trons\" class=\"wp-image-9081\"\/><\/a><\/figure><\/div>\n\n\n\n<div class=\"wp-block-image\"><figure class=\"aligncenter\"><a href=\"https:\/\/www.meteo.cat\/wpweb\/divulgacio\/temps-al-temps\/la-temperatura-2\/\" rel=\"attachment wp-att-9089\"><img loading=\"lazy\" width=\"300\" height=\"166\" src=\"https:\/\/static-m.meteo.cat\/wordpressweb\/wp-content\/uploads\/2016\/03\/03094304\/La-temperatura-300x166.jpg\" alt=\"La temperatura\" class=\"wp-image-9089\"\/><\/a><\/figure><\/div>\n\n\n\n<div class=\"wp-block-image\"><figure class=\"aligncenter\"><a href=\"https:\/\/www.meteo.cat\/wpweb\/divulgacio\/temps-al-temps\/la-humitat-relativa-2\/\" rel=\"attachment wp-att-9094\"><img loading=\"lazy\" width=\"300\" height=\"166\" src=\"https:\/\/static-m.meteo.cat\/wordpressweb\/wp-content\/uploads\/2016\/03\/03095116\/La-Humitat-Relativa-300x166.jpg\" alt=\"La Humitat Relativa\" class=\"wp-image-9094\"\/><\/a><\/figure><\/div>\n\n\n\n<div class=\"wp-block-image\"><figure class=\"aligncenter is-resized\"><a href=\"https:\/\/www.meteo.cat\/wpweb\/divulgacio\/temps-al-temps\/el-canvi-climatic\/\" rel=\"attachment wp-att-9097\"><img loading=\"lazy\" src=\"https:\/\/static-m.meteo.cat\/wordpressweb\/wp-content\/uploads\/2016\/03\/03100224\/Canvi-Clim%C3%A0tic.jpg\" alt=\"Canvi Clim\u00e0tic\" class=\"wp-image-9097\" width=\"300\" height=\"173\"\/><\/a><\/figure><\/div>\n\n\n\n<div class=\"wp-block-image\"><figure class=\"aligncenter is-resized\"><a href=\"https:\/\/www.meteo.cat\/wpweb\/divulgacio\/temps-al-temps\/la-pressio-atmosferica-2\/\" rel=\"attachment wp-att-9100\"><img loading=\"lazy\" src=\"https:\/\/static-m.meteo.cat\/wordpressweb\/wp-content\/uploads\/2016\/03\/03100853\/La-Pressi%C3%B3-Atmosf%C3%A8rica.jpg\" alt=\"La Pressi\u00f3 Atmosf\u00e8rica\" class=\"wp-image-9100\" width=\"300\" height=\"173\"\/><\/a><\/figure><\/div>\n\n\n\n<p><\/p>\n<\/div>\n\n\n\n<div class=\"wp-block-column\">\n<div class=\"wp-block-image\"><figure class=\"aligncenter\"><a href=\"https:\/\/www.meteo.cat\/wpweb\/divulgacio\/temps-al-temps\/situacions-meteorologiques-de-perill\/\"><img loading=\"lazy\" width=\"300\" height=\"175\" src=\"https:\/\/static-m.meteo.cat\/wordpressweb\/wp-content\/uploads\/2016\/03\/03074358\/Avisos-SMR-300x175.jpg\" alt=\"Situacions Meteorol\u00f2giques de Perill\" class=\"wp-image-9076\"\/><\/a><\/figure><\/div>\n\n\n\n<div class=\"wp-block-image\"><figure class=\"aligncenter\"><a href=\"https:\/\/www.meteo.cat\/wpweb\/divulgacio\/temps-al-temps\/xarxa-dobservadors-meteorologics\/\" rel=\"attachment wp-att-9080\"><img loading=\"lazy\" width=\"300\" height=\"165\" src=\"https:\/\/static-m.meteo.cat\/wordpressweb\/wp-content\/uploads\/2016\/03\/03083537\/La-XOM-300x165.jpg\" alt=\"La XOM\" class=\"wp-image-9080\"\/><\/a><\/figure><\/div>\n\n\n\n<div class=\"wp-block-image\"><figure class=\"aligncenter\"><a href=\"https:\/\/www.meteo.cat\/wpweb\/divulgacio\/temps-al-temps\/el-vent\/\" rel=\"attachment wp-att-9088\"><img loading=\"lazy\" width=\"300\" height=\"177\" src=\"https:\/\/static-m.meteo.cat\/wordpressweb\/wp-content\/uploads\/2016\/03\/03093941\/ElVent-300x177.jpg\" alt=\"El Vent\" class=\"wp-image-9088\"\/><\/a><\/figure><\/div>\n\n\n\n<div class=\"wp-block-image\"><figure class=\"aligncenter\"><a href=\"https:\/\/www.meteo.cat\/wpweb\/divulgacio\/temps-al-temps\/lestat-de-la-mar\/\" rel=\"attachment wp-att-9091\"><img loading=\"lazy\" width=\"300\" height=\"165\" src=\"https:\/\/static-m.meteo.cat\/wordpressweb\/wp-content\/uploads\/2016\/03\/03094757\/Estat-de-la-mar-300x165.jpg\" alt=\"Estat de la mar\" class=\"wp-image-9091\"\/><\/a><\/figure><\/div>\n\n\n\n<div class=\"wp-block-image\"><figure class=\"aligncenter\"><a href=\"https:\/\/www.meteo.cat\/wpweb\/divulgacio\/temps-al-temps\/la-neu-2\/\" target=\"_blank\" rel=\"attachment noopener wp-att-9095 noreferrer\"><img loading=\"lazy\" width=\"300\" height=\"167\" src=\"https:\/\/static-m.meteo.cat\/wordpressweb\/wp-content\/uploads\/2016\/03\/03095327\/La-Neu-300x167.jpg\" alt=\"La Neu\" class=\"wp-image-9095\"\/><\/a><\/figure><\/div>\n\n\n\n<div class=\"wp-block-image\"><figure class=\"aligncenter\"><a href=\"https:\/\/www.meteo.cat\/wpweb\/divulgacio\/temps-al-temps\/la-calitja-i-la-boira\/\" rel=\"attachment wp-att-9098\"><img loading=\"lazy\" width=\"300\" height=\"167\" src=\"https:\/\/static-m.meteo.cat\/wordpressweb\/wp-content\/uploads\/2016\/03\/03100544\/La-Calitja-i-Boira-300x167.jpg\" alt=\"La Calitja i Boira\" class=\"wp-image-9098\"\/><\/a><\/figure><\/div>\n<\/div>\n<\/div>\n","protected":false},"excerpt":{"rendered":"<p>Temps al temps \u00e9s un espai per con\u00e8ixer aquells fen\u00f2mens meteorol\u00f2gics que condicionen la nostra vida quotidiana, per\u00f2 dels que sovint en sabem ben poc. Des del Servei Meteorol\u00f2gic de Catalunya us expliquem, amb un to divulgatiu i am\u00e8, com es produeixen i com ens afecten fen\u00f2mens tan quotidians per\u00f2 tan desconeguts com s\u00f3n els [&hellip;]<\/p>\n","protected":false},"author":2,"featured_media":0,"parent":124,"menu_order":6,"comment_status":"closed","ping_status":"closed","template":"template-sidebar.php","meta":{"_mi_skip_tracking":false,"_monsterinsights_sitenote_active":false,"_monsterinsights_sitenote_note":"","_monsterinsights_sitenote_category":0},"_links":{"self":[{"href":"https:\/\/www.meteo.cat\/wpweb\/wp-json\/wp\/v2\/pages\/9074"}],"collection":[{"href":"https:\/\/www.meteo.cat\/wpweb\/wp-json\/wp\/v2\/pages"}],"about":[{"href":"https:\/\/www.meteo.cat\/wpweb\/wp-json\/wp\/v2\/types\/page"}],"author":[{"embeddable":true,"href":"https:\/\/www.meteo.cat\/wpweb\/wp-json\/wp\/v2\/users\/2"}],"replies":[{"embeddable":true,"href":"https:\/\/www.meteo.cat\/wpweb\/wp-json\/wp\/v2\/comments?post=9074"}],"version-history":[{"count":39,"href":"https:\/\/www.meteo.cat\/wpweb\/wp-json\/wp\/v2\/pages\/9074\/revisions"}],"predecessor-version":[{"id":41031,"href":"https:\/\/www.meteo.cat\/wpweb\/wp-json\/wp\/v2\/pages\/9074\/revisions\/41031"}],"up":[{"embeddable":true,"href":"https:\/\/www.meteo.cat\/wpweb\/wp-json\/wp\/v2\/pages\/124"}],"wp:attachment":[{"href":"https:\/\/www.meteo.cat\/wpweb\/wp-json\/wp\/v2\/media?parent=9074"}],"curies":[{"name":"wp","href":"https:\/\/api.w.org\/{rel}","templated":true}]}}