{"id":8686,"date":"2015-12-21T10:52:18","date_gmt":"2015-12-21T10:52:18","guid":{"rendered":"https:\/\/www.meteo.cat\/wpweb\/?page_id=8686"},"modified":"2018-11-15T12:37:42","modified_gmt":"2018-11-15T12:37:42","slug":"formacio-per-a-promocio","status":"publish","type":"page","link":"https:\/\/www.meteo.cat\/wpweb\/transparencia-i-bon-govern\/organitzacio\/formacio-per-a-promocio\/","title":{"rendered":"Formaci\u00f3 per a promoci\u00f3"},"content":{"rendered":"<p>El Pla de Formaci\u00f3 del Servei Meteorol\u00f2gic de Catalunya s&#8217;elabora anualment per cobrir les necessitats i interessos, individuals o col\u00b7lectius, identificats en les diferents \u00e0rees i unitats orientades per les directrius estrat\u00e8giques i anuals de l&#8217;SMC.<\/p>\n<p>Pel desenvolupament del Pla s&#8217;ha\u00a0seguit <span class=\"inline-comment-marker\" data-ref=\"4a4e6dd3-a7e3-4113-b588-0242ae676ed4\">el Protocol per l&#8217;elaboraci\u00f3 i avaluaci\u00f3 del pla de formaci\u00f3 anual del Servei Meteorol\u00f2gic de Catalunya<\/span><span class=\"inline-comment-marker\" data-ref=\"4a4e6dd3-a7e3-4113-b588-0242ae676ed4\">, e<\/span>l qual identifica els seg\u00fcents passos:<\/p>\n<ol>\n<li>DETECCI\u00d3 DE NECESSITATS FORMATIVES<\/li>\n<li>PLANIFICACI\u00d3 DE LA FORMACI\u00d3<\/li>\n<li>PROGRAMACI\u00d3 DE LES ACTIVITATS FORMATIVES<\/li>\n<li>EXECUCI\u00d3 DEL PLA DE FORMACI\u00d3<\/li>\n<li>AVALUACI\u00d3 DEL PLA DE FORMACI\u00d3<\/li>\n<\/ol>\n<p>Aquestes tasques es coordinen i es desenvolupen des de la Direcci\u00f3 i Recursos Humans.<\/p>\n<p>Les necessitats i les accions formatives que integren aquest any el Pla de Formaci\u00f3 2018 es classifiquen per \u00e0mbit d\u2019activitat, \u00e9s a dir per \u00e0rees o unitats:<\/p>\n<ul>\n<li>Sistemes d&#8217;Observaci\u00f3 Meteorol\u00f2gica<\/li>\n<li>Recerca Aplicada i Modelitzaci\u00f3<\/li>\n<li>Tecnologia de la Informaci\u00f3 i Comunicaci\u00f3<\/li>\n<li>Climatologia<\/li>\n<li>Predicci\u00f3<\/li>\n<li>Administraci\u00f3 (contractaci\u00f3, gesti\u00f3 econ\u00f2mica, recursos humans)<\/li>\n<li>Altres (Relacions Institucionals i comunicaci\u00f3, Acci\u00f3 Externa, Meteorologia Aplicada)<\/li>\n<\/ul>\n<p>Les accions formatives que es tenen presents en l&#8217;SMC s\u00f3n:<\/p>\n<ul>\n<li>Autoformaci\u00f3: en un entorn tant cient\u00edfic i tecnol\u00f2gic com \u00e9s l&#8217;SMC requereix molta autoformaci\u00f3 basada en recursos en xarxa. Donat que \u00e9s una formaci\u00f3 poc reglada i dif\u00edcil de definir i quantificar, no formar\u00e0 part del Pla de Formaci\u00f3.<\/li>\n<li>Interna: jornada o jornades formatives que <span class=\"inline-comment-marker\" data-ref=\"a89d5148-c5c3-4ee4-a127-a09265f6cc6e\">imparteix<\/span> un treballador de l&#8217;SMC als seus companys arran d&#8217;una formaci\u00f3 externa o autoformaci\u00f3.<\/li>\n<li>Externa: cursos i jornades de formaci\u00f3 impartides per entitats externes. Aquesta formaci\u00f3 <span class=\"inline-comment-marker\" data-ref=\"c142e47e-9c60-432d-9c28-85584b36ba75\">pot ser<\/span> presencial o online.<\/li>\n<li>Congressos i Workshops: arran de la gran especialitzaci\u00f3 de la majoria de tasques en l&#8217;\u00e0mbit meteorol\u00f2gic l&#8217;opci\u00f3 d&#8217;anar a ampliar coneixement i formar-se en Congressos i Workshops, on algunes vegades tamb\u00e9 presenta novetats l&#8217;SMC, es considera molt adequada, tot i no ser una classe en el seu vessant m\u00e9s cl\u00e0ssic.\u00a0Donades les seves caracter\u00edstiques no es procedir\u00e0 a l&#8217;avaluaci\u00f3 de l&#8217;acci\u00f3 formativa, per\u00f2 si que formar\u00e0 part del Pla de Formaci\u00f3.<\/li>\n<\/ul>\n<p><a href=\"https:\/\/static-m.meteo.cat\/wordpressweb\/wp-content\/uploads\/2015\/12\/15122315\/Pla-de-Formaci%C3%B3-2018.pdf\">Pla-de-Formaci\u00f3-2018<\/a><\/p>\n","protected":false},"excerpt":{"rendered":"<p>El Pla de Formaci\u00f3 del Servei Meteorol\u00f2gic de Catalunya s&#8217;elabora anualment per cobrir les necessitats i interessos, individuals o col\u00b7lectius, identificats en les diferents \u00e0rees i unitats orientades per les directrius estrat\u00e8giques i anuals de l&#8217;SMC. Pel desenvolupament del Pla s&#8217;ha\u00a0seguit el Protocol per l&#8217;elaboraci\u00f3 i avaluaci\u00f3 del pla de formaci\u00f3 anual del Servei Meteorol\u00f2gic [&hellip;]<\/p>\n","protected":false},"author":2,"featured_media":0,"parent":8648,"menu_order":0,"comment_status":"closed","ping_status":"closed","template":"","meta":{"_mi_skip_tracking":false,"_monsterinsights_sitenote_active":false,"_monsterinsights_sitenote_note":"","_monsterinsights_sitenote_category":0},"_links":{"self":[{"href":"https:\/\/www.meteo.cat\/wpweb\/wp-json\/wp\/v2\/pages\/8686"}],"collection":[{"href":"https:\/\/www.meteo.cat\/wpweb\/wp-json\/wp\/v2\/pages"}],"about":[{"href":"https:\/\/www.meteo.cat\/wpweb\/wp-json\/wp\/v2\/types\/page"}],"author":[{"embeddable":true,"href":"https:\/\/www.meteo.cat\/wpweb\/wp-json\/wp\/v2\/users\/2"}],"replies":[{"embeddable":true,"href":"https:\/\/www.meteo.cat\/wpweb\/wp-json\/wp\/v2\/comments?post=8686"}],"version-history":[{"count":7,"href":"https:\/\/www.meteo.cat\/wpweb\/wp-json\/wp\/v2\/pages\/8686\/revisions"}],"predecessor-version":[{"id":8692,"href":"https:\/\/www.meteo.cat\/wpweb\/wp-json\/wp\/v2\/pages\/8686\/revisions\/8692"}],"up":[{"embeddable":true,"href":"https:\/\/www.meteo.cat\/wpweb\/wp-json\/wp\/v2\/pages\/8648"}],"wp:attachment":[{"href":"https:\/\/www.meteo.cat\/wpweb\/wp-json\/wp\/v2\/media?parent=8686"}],"curies":[{"name":"wp","href":"https:\/\/api.w.org\/{rel}","templated":true}]}}