{"id":8662,"date":"2015-12-18T12:25:27","date_gmt":"2015-12-18T12:25:27","guid":{"rendered":"https:\/\/www.meteo.cat\/wpweb\/?page_id=8662"},"modified":"2023-10-09T11:59:26","modified_gmt":"2023-10-09T11:59:26","slug":"contractacio","status":"publish","type":"page","link":"https:\/\/www.meteo.cat\/wpweb\/transparencia-i-bon-govern\/contractacio\/","title":{"rendered":"Contractaci\u00f3"},"content":{"rendered":"\n<h2>Contractaci\u00f3 P\u00fablica<\/h2>\n\n\n\n<p class=\"icon-link-arrow\"><a href=\"https:\/\/www.meteo.cat\/wpweb\/transparencia-i-bon-govern\/contractacio\/convocatories-de-personal\/\">Convocat\u00f2ries de personal<\/a><\/p>\n\n\n\n<p class=\"icon-link-arrow\"><a href=\"https:\/\/contractaciopublica.cat\/ca\/perfils-contractant\/detall\/204604?categoria=0\">Perfil del contractant<\/a><\/p>\n\n\n\n<div style=\"height:50px\" aria-hidden=\"true\" class=\"wp-block-spacer\"><\/div>\n\n\n\n<h2>Convenis de col\u00b7laboraci\u00f3<\/h2>\n\n\n\n<p><a href=\"https:\/\/presidencia.gencat.cat\/ca\/ambits_d_actuacio\/relacions-institucionals\/registre-de-convenis-de-collaboracio-i-cooperacio\/?q=Servei%20Meteorol%C3%B2gic%20&amp;p=0&amp;_ga=2.85120538.2055896717.1696831435-254737666.1696588465&amp;is_v=1\">Registre de convenis<\/a> <\/p>\n\n\n\n<ul><li><a href=\"https:\/\/static-m.meteo.cat\/wordpressweb\/wp-content\/uploads\/2022\/06\/02102321\/convenisSMC2021.pdf\">Convenis de col\u00b7laboraci\u00f3 signats durant l&#8217;any 2021<\/a><\/li><li><a href=\"https:\/\/static-m.meteo.cat\/wordpressweb\/wp-content\/uploads\/2022\/06\/02102331\/convenisSMC2020.pdf\">Convenis de col\u00b7laboraci\u00f3 signats durant l&#8217;any 2020<\/a><\/li><li><a href=\"https:\/\/static-m.meteo.cat\/wordpressweb\/wp-content\/uploads\/2021\/06\/07064430\/Convenis2019.pdf\">Convenis de col\u00b7laboraci\u00f3 signats durant l&#8217;any 2019<\/a><\/li><li><a href=\"https:\/\/www.meteo.cat\/wpweb\/transparencia-i-bon-govern\/contractacio\/convenis-de-collaboracio-signats-durant-lany-2018\/\">Convenis de col\u00b7laboraci\u00f3 signats durant l&#8217;any 2018<\/a><\/li><li><a href=\"https:\/\/www.meteo.cat\/wpweb\/transparencia-i-bon-govern\/contractacio\/convenis-de-collaboracio-signats-durant-lany-2017\/\">Convenis de col\u00b7laboraci\u00f3 signats durant l&#8217;any 2017<\/a><\/li><li><a href=\"https:\/\/www.meteo.cat\/wpweb\/transparencia-i-bon-govern\/contractacio\/convenis-de-collaboracio-signats-durant-lany-2016\/\">Convenis de col\u00b7laboraci\u00f3 signats durant l&#8217;any 2016<\/a><\/li><li><a href=\"https:\/\/www.meteo.cat\/wpweb\/transparencia-i-bon-govern\/contractacio\/convenis-de-collaboracio-signats-durant-lany-2015\/\">Convenis de col\u00b7laboraci\u00f3 signats durant l&#8217;any 2015<\/a><\/li><li><a href=\"https:\/\/www.meteo.cat\/wpweb\/transparencia-i-bon-govern\/contractacio\/convenis-de-collaboracio-signats-durant-lany-2014\/\">Convenis de col\u00b7laboraci\u00f3 signats durant l&#8217;any 2014<\/a><\/li><\/ul>\n\n\n\n<p><\/p>\n","protected":false},"excerpt":{"rendered":"<p>Contractaci\u00f3 P\u00fablica Convocat\u00f2ries de personal Perfil del contractant Convenis de col\u00b7laboraci\u00f3 Registre de convenis Convenis de col\u00b7laboraci\u00f3 signats durant l&#8217;any 2021 Convenis de col\u00b7laboraci\u00f3 signats durant l&#8217;any 2020 Convenis de col\u00b7laboraci\u00f3 signats durant l&#8217;any 2019 Convenis de col\u00b7laboraci\u00f3 signats durant l&#8217;any 2018 Convenis de col\u00b7laboraci\u00f3 signats durant l&#8217;any 2017 Convenis de col\u00b7laboraci\u00f3 signats durant l&#8217;any [&hellip;]<\/p>\n","protected":false},"author":2,"featured_media":0,"parent":6270,"menu_order":3,"comment_status":"closed","ping_status":"closed","template":"","meta":{"_mi_skip_tracking":false,"_monsterinsights_sitenote_active":false,"_monsterinsights_sitenote_note":"","_monsterinsights_sitenote_category":0},"_links":{"self":[{"href":"https:\/\/www.meteo.cat\/wpweb\/wp-json\/wp\/v2\/pages\/8662"}],"collection":[{"href":"https:\/\/www.meteo.cat\/wpweb\/wp-json\/wp\/v2\/pages"}],"about":[{"href":"https:\/\/www.meteo.cat\/wpweb\/wp-json\/wp\/v2\/types\/page"}],"author":[{"embeddable":true,"href":"https:\/\/www.meteo.cat\/wpweb\/wp-json\/wp\/v2\/users\/2"}],"replies":[{"embeddable":true,"href":"https:\/\/www.meteo.cat\/wpweb\/wp-json\/wp\/v2\/comments?post=8662"}],"version-history":[{"count":20,"href":"https:\/\/www.meteo.cat\/wpweb\/wp-json\/wp\/v2\/pages\/8662\/revisions"}],"predecessor-version":[{"id":41570,"href":"https:\/\/www.meteo.cat\/wpweb\/wp-json\/wp\/v2\/pages\/8662\/revisions\/41570"}],"up":[{"embeddable":true,"href":"https:\/\/www.meteo.cat\/wpweb\/wp-json\/wp\/v2\/pages\/6270"}],"wp:attachment":[{"href":"https:\/\/www.meteo.cat\/wpweb\/wp-json\/wp\/v2\/media?parent=8662"}],"curies":[{"name":"wp","href":"https:\/\/api.w.org\/{rel}","templated":true}]}}