{"id":825,"date":"2013-06-18T09:26:14","date_gmt":"2013-06-18T08:26:14","guid":{"rendered":"http:\/\/10.116.16.72\/test\/?p=825"},"modified":"2021-03-26T17:34:28","modified_gmt":"2021-03-26T17:34:28","slug":"prescat-prediccio-estadistica-per-conjunts-a-catalunya","status":"publish","type":"page","link":"https:\/\/www.meteo.cat\/wpweb\/divulgacio\/publicacions\/miscellania\/prescat-prediccio-estadistica-per-conjunts-a-catalunya\/","title":{"rendered":"PRESCAT (PRedicci\u00f3 EStad\u00edstica per conjunts a CATalunya)"},"content":{"rendered":"\n<p><strong>PUBLICADA EL 18\/06\/2013<\/strong><\/p>\n\n\n\n<p>El Servei Meteorol\u00f2gic de Catalunya (<b>SMC<\/b>) ha desenvolupat un sistema de <b>PR<\/b>edicci\u00f3 <b>ES<\/b>tad\u00edstica per conjunts a <b>CAT<\/b>alunya (<b>PRESCAT<\/b>) que proporciona prediccions probabil\u00edstiques per a la precipitaci\u00f3 i la temperatura a alta resoluci\u00f3 espacial fins a un horitz\u00f3 de 10 dies. Aquest sistema parteix del Sistema de Predicci\u00f3 per Conjunts Global (<b><i>GEFS <\/i><\/b>de les sigles en angl\u00e8s) de la <b><i>N<\/i><\/b><i>ational <b>O<\/b>cean and <b>A<\/b>tmospheric <b>A<\/b>gency<\/i> (<b><i>NOAA<\/i><\/b>). A partir de les 21 simulacions que formen el <b><i>GEFS <\/i><\/b>s&#8217;estableix entre camps predictands i predictors una funci\u00f3 de transfer\u00e8ncia basada en l&#8217;analogia entre situacions meteorol\u00f2giques futures i passades i s&#8217;aconsegueix, aix\u00ed, la probabilitat d&#8217;assolir o no llindars diaris de precipitaci\u00f3 i temperatura, d\u2019entre altres variables.<\/p>\n\n\n\n<p>S&#8217;espera que aquest nou sistema de predicci\u00f3 estad\u00edstica ajudi tant a l&#8217;elaboraci\u00f3 dels butlletins de predicci\u00f3 meteorol\u00f2gica di\u00e0ria com a l&#8217;establiment d&#8217;avisos de perill meteorol\u00f2gic. A m\u00e9s, complementar\u00e0 als models de predicci\u00f3 num\u00e8rica del temps que actualment utilitza l&#8217;SMC i que nom\u00e9s ofereixen simulacions a un horitz\u00f3 de pron\u00f2stic de tres dies.<\/p>\n\n\n\n<p>L&#8217;elaboraci\u00f3 d&#8217;un sistema probabil\u00edstic de predicci\u00f3 meteorol\u00f2gica ha estat un dels objectius de les l\u00ednies de recerca de l&#8217;<b>SMC <\/b>dels darrers anys. En aquest sentit, <b>PRESCAT<\/b>, desenvolupat per l&#8217;\u00e0rea de<b> R<\/b>ecerca <b>A<\/b>plicada i <b>M<\/b>odelitzaci\u00f3 (<b>RAM<\/b>), \u00e9s el primer d&#8217;un seguit de sistemes de predicci\u00f3 per conjunts que s&#8217;espera que sorgeixin en un futur pr\u00f2xim. Aquests m\u00e8todes s\u00f3n d&#8217;elevat inter\u00e8s, at\u00e8s que permeten capturar la incertesa inherent en la predicci\u00f3 meteorol\u00f2gica a partir del que s&#8217;anomena una an\u00e0lisi de sensibilitat.<\/p>\n\n\n\n<p>El projecte, que es va desenvolupar al llarg de tot l&#8217;any 2012, ha comportat la recopilaci\u00f3 d&#8217;un gran nombre de dades, tant d&#8217;observacions en superf\u00edcie com de rean\u00e0lisis de models meteorol\u00f2gics durant els darrers 60 anys. Concretament, a partir de tot el conjunt d&#8217;observacions hist\u00f2riques s&#8217;han creat malles de dades a diferents resolucions espacials, tot incorporant la influ\u00e8ncia que l&#8217;orografia, la dist\u00e0ncia a la mar i la disposici\u00f3 geogr\u00e0fica tenen sobre aquestes variables. Per la seua banda, de les dades de les 21 simulacions del <b><i>GEFS<\/i><\/b>, formades per un membre de control i 20 membres dispersius, s&#8217;han seleccionat les variables predictores m\u00e9s rellevants i s&#8217;han adaptat a diferents dominis d&#8217;escala sin\u00f2ptica i de mesoescala. A continuaci\u00f3 es passa a la confrontaci\u00f3 de les prediccions amb un banc de rean\u00e0lisis passades i s&#8217;extreuen relacions entre camps meteorol\u00f2gics previstos i les malles d&#8217;observacions, aconseguint d\u2019aquesta manera uns resultats probabil\u00edstics d&#8217;exced\u00e8ncia de certs llindars per a variables meteorol\u00f2giques en superf\u00edcie.<\/p>\n\n\n\n<p><b>PRESCAT <\/b><wp-block data-block=\"core\/more\"><\/wp-block>ofereix tant resultats probabil\u00edstics de superaci\u00f3 o topall per a un valor considerat, com deterministes a partir del valor m\u00e9s probable d&#8217;entre un conjunt de possibles. M\u00e9s en detall, s&#8217;ofereixen els resultats per a les variables i els llindars que es presenten a la <b>taula 1.<\/b><\/p>\n\n\n\n<div class=\"wp-block-image\"><figure class=\"aligncenter\"><img src=\"http:\/\/farm3.staticflickr.com\/2858\/8967913510_69928b84e9.jpg\" alt=\"Taula amb les sortides probabil\u00edstiques i deterministes per a cada variable (precipitaci\u00f3, temperatura m\u00e0xima i temperatura m\u00ednima).\"\/><figcaption>Taula 1. Llindars de superaci\u00f3 o topall per a les variables precipitaci\u00f3 i temperatura m\u00e0xima i m\u00ednima. Els colors c\u00e0lids i freds per als llindars de temperatura fan refer\u00e8ncia a si es tracta d&#8217;un valor de superaci\u00f3 o de topall respectivament.<\/figcaption><\/figure><\/div>\n\n\n\n<p>Les sortides gr\u00e0fiques s\u00f3n de dos tipus: distribuci\u00f3 espacial i evoluci\u00f3 temporal a un punt donat de la variable d&#8217;inter\u00e8s. Les <b>figures 1 <\/b>i <b>2\u00a0<\/b>s\u00f3n, respectivament, dos exemples d&#8217;aquests resultats. Com a exemple del primer tipus de sortides, a la <b>figura 1<\/b> es presenta la probabilitat d&#8217;enregistrar una precipitaci\u00f3 apreciable aix\u00ed com una dispersi\u00f3 de la mateixa predicci\u00f3 per al dia 30 de maig de 2013.<\/p>\n\n\n\n<p>Aquest tipus de resultats nom\u00e9s s\u00f3n d&#8217;\u00fas intern al Servei Meteorol\u00f2gic de Catalunya.<\/p>\n\n\n\n<div class=\"wp-block-image\"><figure class=\"aligncenter\"><img src=\"http:\/\/farm8.staticflickr.com\/7361\/8966723247_a2bd8c62a8.jpg\" alt=\"Mapa amb la probabilitat de superar el llindar de precipitaci\u00f3 de 0.5 litres per metre quadrat en un dia; concretament el 30 de maig de 2013.\"\/><figcaption> <br>Figura 1. Probabilitat d&#8217;enregistrar una precipitaci\u00f3 di\u00e0ria apreciable (0,5 mm) a partir de la mitjana del conjunt de simulacions del GEFS (imatge principal central) aix\u00ed com la dispersi\u00f3 associada a partir de la probabilitat dels membres m\u00e9s humits (imatge superior a la dreta) i m\u00e9s secs (imatge inferior a la dreta). La predicci\u00f3 est\u00e0 inicialitzada el dia 30 de maig i \u00e9s v\u00e0lida per al dia en curs (d+0).<\/figcaption><\/figure><\/div>\n\n\n\n<p>Pel que fa al segon tipus de sortides, la <b>figura 2&nbsp;<\/b>mostra el resultat de l&#8217;evoluci\u00f3 temporal de la probabilitat de precipitaci\u00f3 apreciable i de la temperatura m\u00e0xima i m\u00ednima m\u00e9s probable per a la localitat de la Seu d&#8217;Urgell.<\/p>\n\n\n\n<div class=\"wp-block-image\"><figure class=\"aligncenter\"><img src=\"http:\/\/farm6.staticflickr.com\/5469\/8967002007_7c2c6480e2.jpg\" alt=\"Tres gr\u00e0fics, corresponents a la Seu d'Urgell, amb l'evoluci\u00f3 temporal de la probabilitat de precipitaci\u00f3, la temperatura m\u00e0xima i la temperatura m\u00ednima.\"\/><figcaption> <br>Figura 2. Exemple d&#8217;evoluci\u00f3 temporal a mitj\u00e0 termini (+11 dies) de la probabilitat de precipitaci\u00f3 apreciable (imatge de l&#8217;esquerra), temperatura m\u00e0xima (imatge central) i m\u00ednima (imatge de la dreta) a l&#8217;estaci\u00f3 de la Seu d&#8217;Urgell a partir dels resultats de PRESCAT. En els gr\u00e0fics es mostren els valors mitjans de cada variable a partir de les 21 simulacions del GEFS (l\u00ednia s\u00f2lida vermella) i el valor de la simulaci\u00f3 del membre de control (l\u00ednia discont\u00ednua negra). Tamb\u00e9 es dona informaci\u00f3 sobre la dispersi\u00f3 de la predicci\u00f3 en forma d&#8217;ombreig de tons clars i obscurs per als percentils 10 i 90. <\/figcaption><\/figure><\/div>\n\n\n\n<p>A m\u00e9s, a partir de l&#8217;encreuament de la probabilitat de superaci\u00f3\/topall de les diferents variables de predicci\u00f3 aix\u00ed com de l\u2019assoliment o no de valors llindars diaris de radiaci\u00f3, <b>PRESCAT<\/b> tamb\u00e9 ofereix una proposta de simbologia m\u00e9s destacada de l&#8217;estat del cel. Aquest resultat s\u2019utilitza per a l&#8217;elaboraci\u00f3 de la predicci\u00f3 municipal, i s&#8217;ha de considerar com a la simbologia m\u00e9s destacada que es pot produir al llarg del dia en consideraci\u00f3, sense excloure&#8217;n altres. Aquesta tria respon a una jerarquitzaci\u00f3 de la simbologia que s\u2019utilitza en els mateixos butlletins de predicci\u00f3 de l&#8217;SMC.<\/p>\n\n\n\n<p>La predicci\u00f3 municipal \u00e9s consultable a <a href=\"https:\/\/www.meteo.cat\/prediccio\/municipal\">https:\/\/www.meteo.cat\/prediccio\/municipal<\/a><\/p>\n\n\n\n<div class=\"wp-block-image\"><figure class=\"aligncenter\"><img src=\"http:\/\/farm8.staticflickr.com\/7404\/8966722855_eabac46f0c.jpg\" alt=\"Meteograma que descriu la predicci\u00f3 municipal per Girona. Mostra l'evoluci\u00f3 de la temperatura m\u00e0xima, la temperatura m\u00ednima, la probabilitat de precipitaci\u00f3 i un s\u00edmbol de l'estat del cel.\"\/><figcaption>Figura 3. Predicci\u00f3 municipal en forma de meteograma per a Girona a 8 dies d&#8217;horitz\u00f3 de pron\u00f2stic. En el meteograma es mostra la temperatura m\u00e0xima mitjana (l\u00ednia vermella), m\u00ednima mitjana (l\u00ednia blava) i probabilitat d&#8217;enregistrar precipitaci\u00f3 apreciable (gr\u00e0fic de barres). Tamb\u00e9 es presenta la proposta de simbologia di\u00e0ria m\u00e9s destacada.<\/figcaption><\/figure><\/div>\n\n\n\n<p>Pel que fa a futurs passos en la l\u00ednia encetada per la predicci\u00f3 per conjunts, existeixen ja actualment l\u00ednies de treball destinades a ampliar i millorar els resultats que proporciona <b>PRESCAT. <\/b>En aquest sentit, s&#8217;ampliar\u00e0 el ventall de resultats amb probabilitats d&#8217;ocurr\u00e8ncia de boira i tempesta i llindars de superaci\u00f3 i topall per a la humitat relativa i el vent.\u00a0 Aix\u00ed mateix,\u00a0 s&#8217;est\u00e0 creant una nova malla de dades a partir d&#8217;observacions hor\u00e0ries que, conjuntament amb l&#8217;\u00fas de camps predictors amb m\u00e9s resoluci\u00f3 espacial i temporal, permetr\u00e0 oferir prediccions m\u00e9s detallades i a menors intervals temporals.<\/p>\n\n\n\n<p>\u00c0rea de Recerca Aplicada i Modelitzaci\u00f3 (RAM)<\/p>\n","protected":false},"excerpt":{"rendered":"<p>PUBLICADA EL 18\/06\/2013 El Servei Meteorol\u00f2gic de Catalunya (SMC) ha desenvolupat un sistema de PRedicci\u00f3 EStad\u00edstica per conjunts a CATalunya (PRESCAT) que proporciona prediccions probabil\u00edstiques per a la precipitaci\u00f3 i la temperatura a alta resoluci\u00f3 espacial fins a un horitz\u00f3 de 10 dies. Aquest sistema parteix del Sistema de Predicci\u00f3 per Conjunts Global (GEFS de [&hellip;]<\/p>\n","protected":false},"author":11,"featured_media":0,"parent":18378,"menu_order":0,"comment_status":"open","ping_status":"closed","template":"template-sidebar.php","meta":{"_mi_skip_tracking":false,"_monsterinsights_sitenote_active":false,"_monsterinsights_sitenote_note":"","_monsterinsights_sitenote_category":0},"_links":{"self":[{"href":"https:\/\/www.meteo.cat\/wpweb\/wp-json\/wp\/v2\/pages\/825"}],"collection":[{"href":"https:\/\/www.meteo.cat\/wpweb\/wp-json\/wp\/v2\/pages"}],"about":[{"href":"https:\/\/www.meteo.cat\/wpweb\/wp-json\/wp\/v2\/types\/page"}],"author":[{"embeddable":true,"href":"https:\/\/www.meteo.cat\/wpweb\/wp-json\/wp\/v2\/users\/11"}],"replies":[{"embeddable":true,"href":"https:\/\/www.meteo.cat\/wpweb\/wp-json\/wp\/v2\/comments?post=825"}],"version-history":[{"count":8,"href":"https:\/\/www.meteo.cat\/wpweb\/wp-json\/wp\/v2\/pages\/825\/revisions"}],"predecessor-version":[{"id":30940,"href":"https:\/\/www.meteo.cat\/wpweb\/wp-json\/wp\/v2\/pages\/825\/revisions\/30940"}],"up":[{"embeddable":true,"href":"https:\/\/www.meteo.cat\/wpweb\/wp-json\/wp\/v2\/pages\/18378"}],"wp:attachment":[{"href":"https:\/\/www.meteo.cat\/wpweb\/wp-json\/wp\/v2\/media?parent=825"}],"curies":[{"name":"wp","href":"https:\/\/api.w.org\/{rel}","templated":true}]}}