{"id":6287,"date":"2015-04-22T10:05:50","date_gmt":"2015-04-22T10:05:50","guid":{"rendered":"https:\/\/www.meteo.cat\/wpweb\/?page_id=6287"},"modified":"2022-01-20T08:37:39","modified_gmt":"2022-01-20T08:37:39","slug":"trajectoria-professional-dels-alts-carrecs-del-servei","status":"publish","type":"page","link":"https:\/\/www.meteo.cat\/wpweb\/transparencia-i-bon-govern\/organitzacio\/trajectoria-professional-dels-alts-carrecs-del-servei\/","title":{"rendered":"Traject\u00f2ria professional dels alts c\u00e0rrecs del Servei"},"content":{"rendered":"\n<div style=\"height:9px\" aria-hidden=\"true\" class=\"wp-block-spacer\"><\/div>\n\n\n\n<h2><strong>Sarai S<\/strong>arroca Cervell\u00f3<\/h2>\n\n\n\n<h3><strong>Directora del Servei Meteorol\u00f2gic de Catalunya<\/strong><\/h3>\n\n\n\n<p>Nascuda a Flix l&#8217;any 1982.<\/p>\n\n\n\n<p>M\u00e0ster de Meteorologia i llicenciada en Geografia per la Universitat de Barcelona. Amb anterioritat al c\u00e0rrec ha estat meteor\u00f2loga a Betev\u00e9. Tamb\u00e9 \u00e9s membre del Comit\u00e8 d&#8217;Experts de Canvi Clim\u00e0tic. Ha treballat com a t\u00e8cnica de Predicci\u00f3 i Vigil\u00e0ncia al Servei Meteorol\u00f2gic de Catalunya i va ser meteor\u00f2loga en diferents mitjans de comunicaci\u00f3 com el Canal Meteo (Activa Multim\u00e8dia), SER Barcelona i el 3\/24. Ha participat en algunes publicacions com &#8216;Atrapades en el Temps&#8217;, de l&#8217;editorial Univers del Grup Enciclop\u00e8dia o &#8216;Caminant per la porta del cel&#8217;, editat per Pirineos 3000.<\/p>\n\n\n\n<p><a href=\"https:\/\/static-m.meteo.cat\/wordpressweb\/wp-content\/uploads\/2022\/01\/20083319\/nomenament-Sarroca.pdf\">ACORD GOV\/11\/2022<\/a>, de 18 de gener, de nomenament de la senyora Sarai Sarroca Cervell\u00f3 com a directora del Servei Meteorol\u00f2gic de Catalunya.<\/p>\n\n\n\n<p><\/p>\n","protected":false},"excerpt":{"rendered":"<p>Sarai Sarroca Cervell\u00f3 Directora del Servei Meteorol\u00f2gic de Catalunya Nascuda a Flix l&#8217;any 1982. M\u00e0ster de Meteorologia i llicenciada en Geografia per la Universitat de Barcelona. Amb anterioritat al c\u00e0rrec ha estat meteor\u00f2loga a Betev\u00e9. Tamb\u00e9 \u00e9s membre del Comit\u00e8 d&#8217;Experts de Canvi Clim\u00e0tic. Ha treballat com a t\u00e8cnica de Predicci\u00f3 i Vigil\u00e0ncia al Servei [&hellip;]<\/p>\n","protected":false},"author":2,"featured_media":0,"parent":8648,"menu_order":2,"comment_status":"closed","ping_status":"closed","template":"template-sidebar.php","meta":{"_mi_skip_tracking":false,"_monsterinsights_sitenote_active":false,"_monsterinsights_sitenote_note":"","_monsterinsights_sitenote_category":0},"_links":{"self":[{"href":"https:\/\/www.meteo.cat\/wpweb\/wp-json\/wp\/v2\/pages\/6287"}],"collection":[{"href":"https:\/\/www.meteo.cat\/wpweb\/wp-json\/wp\/v2\/pages"}],"about":[{"href":"https:\/\/www.meteo.cat\/wpweb\/wp-json\/wp\/v2\/types\/page"}],"author":[{"embeddable":true,"href":"https:\/\/www.meteo.cat\/wpweb\/wp-json\/wp\/v2\/users\/2"}],"replies":[{"embeddable":true,"href":"https:\/\/www.meteo.cat\/wpweb\/wp-json\/wp\/v2\/comments?post=6287"}],"version-history":[{"count":16,"href":"https:\/\/www.meteo.cat\/wpweb\/wp-json\/wp\/v2\/pages\/6287\/revisions"}],"predecessor-version":[{"id":33238,"href":"https:\/\/www.meteo.cat\/wpweb\/wp-json\/wp\/v2\/pages\/6287\/revisions\/33238"}],"up":[{"embeddable":true,"href":"https:\/\/www.meteo.cat\/wpweb\/wp-json\/wp\/v2\/pages\/8648"}],"wp:attachment":[{"href":"https:\/\/www.meteo.cat\/wpweb\/wp-json\/wp\/v2\/media?parent=6287"}],"curies":[{"name":"wp","href":"https:\/\/api.w.org\/{rel}","templated":true}]}}