{"id":6280,"date":"2015-04-22T07:32:33","date_gmt":"2015-04-22T07:32:33","guid":{"rendered":"https:\/\/www.meteo.cat\/wpweb\/?page_id=6280"},"modified":"2016-05-06T07:19:52","modified_gmt":"2016-05-06T07:19:52","slug":"retribucions-del-personal-directiu","status":"publish","type":"page","link":"https:\/\/www.meteo.cat\/wpweb\/transparencia-i-bon-govern\/organitzacio\/retribucions-del-personal-directiu\/","title":{"rendered":"Retribucions del personal directiu"},"content":{"rendered":"<p><strong>Retribucions del personal directiu del sector p\u00fablic de la Generalitat<\/strong><\/p>\n<ul class=\"width_100\">\n<li>Les retribucions actuals han estat minorades d&#8217;acord amb dues disposicions legals: el <a title=\"Decret llei 3\/2010, de 29 de maig, de mesures de contenci\u00c3\u00b3 de la despesa i en mat\u00c3\u00a8ria fiscal per a la reducci\u00c3\u00b3 del d\u00c3\u00a8ficit p\u00c3\u00bablic\" href=\"http:\/\/portaljuridic.gencat.cat\/ca\/pjur_ocults\/pjur_resultats_fitxa\/?action=fitxa&amp;mode=single&amp;documentId=552137&amp;language=ca_ES\" target=\"_blank\">Decret llei 3\/2010, de 29 de maig, de mesures de contenci\u00f3 de la despesa i en mat\u00e8ria fiscal per a la reducci\u00f3 del d\u00e8ficit p\u00fablic<\/a>, i l&#8217;article 28.2 de la <a title=\"Llei de pressupostos de 2014\" href=\"http:\/\/portaljuridic.gencat.cat\/ca\/pjur_ocults\/pjur_resultats_fitxa\/?action=fitxa&amp;mode=single&amp;documentId=653509&amp;language=ca_ES\" target=\"_blank\">Llei de pressupostos de 2014<\/a>, que estableix una reducci\u00f3 del sou per l&#8217;import equivalent a una paga extraordin\u00e0ria.<\/li>\n<\/ul>\n<p>Director del Servei Meteorol\u00f2gic de Catalunya \u00a0 \u00a0 \u00a0 \u00a0 \u00a0 \u00a0 \u00a0 \u00a0 \u00a0 \u00a0 \u00a0 \u00a0Import brut anual \u00a080.589,54\u20ac<\/p>\n<p>&nbsp;<\/p>\n","protected":false},"excerpt":{"rendered":"<p>Retribucions del personal directiu del sector p\u00fablic de la Generalitat Les retribucions actuals han estat minorades d&#8217;acord amb dues disposicions legals: el Decret llei 3\/2010, de 29 de maig, de mesures de contenci\u00f3 de la despesa i en mat\u00e8ria fiscal per a la reducci\u00f3 del d\u00e8ficit p\u00fablic, i l&#8217;article 28.2 de la Llei de pressupostos [&hellip;]<\/p>\n","protected":false},"author":2,"featured_media":0,"parent":8648,"menu_order":4,"comment_status":"closed","ping_status":"closed","template":"","meta":{"_mi_skip_tracking":false,"_monsterinsights_sitenote_active":false,"_monsterinsights_sitenote_note":"","_monsterinsights_sitenote_category":0},"_links":{"self":[{"href":"https:\/\/www.meteo.cat\/wpweb\/wp-json\/wp\/v2\/pages\/6280"}],"collection":[{"href":"https:\/\/www.meteo.cat\/wpweb\/wp-json\/wp\/v2\/pages"}],"about":[{"href":"https:\/\/www.meteo.cat\/wpweb\/wp-json\/wp\/v2\/types\/page"}],"author":[{"embeddable":true,"href":"https:\/\/www.meteo.cat\/wpweb\/wp-json\/wp\/v2\/users\/2"}],"replies":[{"embeddable":true,"href":"https:\/\/www.meteo.cat\/wpweb\/wp-json\/wp\/v2\/comments?post=6280"}],"version-history":[{"count":2,"href":"https:\/\/www.meteo.cat\/wpweb\/wp-json\/wp\/v2\/pages\/6280\/revisions"}],"predecessor-version":[{"id":6282,"href":"https:\/\/www.meteo.cat\/wpweb\/wp-json\/wp\/v2\/pages\/6280\/revisions\/6282"}],"up":[{"embeddable":true,"href":"https:\/\/www.meteo.cat\/wpweb\/wp-json\/wp\/v2\/pages\/8648"}],"wp:attachment":[{"href":"https:\/\/www.meteo.cat\/wpweb\/wp-json\/wp\/v2\/media?parent=6280"}],"curies":[{"name":"wp","href":"https:\/\/api.w.org\/{rel}","templated":true}]}}

<p><strong>Retribucions del personal directiu del sector públic de la Generalitat</strong></p>
<ul class="width_100">
<li>Les retribucions actuals han estat minorades d&#8217;acord amb dues disposicions legals: el <a title="Decret llei 3/2010, de 29 de maig, de mesures de contenciÃ³ de la despesa i en matÃ¨ria fiscal per a la reducciÃ³ del dÃ¨ficit pÃºblic" href="http://portaljuridic.gencat.cat/ca/pjur_ocults/pjur_resultats_fitxa/?action=fitxa&amp;mode=single&amp;documentId=552137&amp;language=ca_ES" target="_blank">Decret llei 3/2010, de 29 de maig, de mesures de contenció de la despesa i en matèria fiscal per a la reducció del dèficit públic</a>, i l&#8217;article 28.2 de la <a title="Llei de pressupostos de 2014" href="http://portaljuridic.gencat.cat/ca/pjur_ocults/pjur_resultats_fitxa/?action=fitxa&amp;mode=single&amp;documentId=653509&amp;language=ca_ES" target="_blank">Llei de pressupostos de 2014</a>, que estableix una reducció del sou per l&#8217;import equivalent a una paga extraordinària.</li>
</ul>
<p>Director del Servei Meteorològic de Catalunya                        Import brut anual  80.589,54€</p>
<p>&nbsp;</p>

<p>Retribucions del personal directiu del sector públic de la Generalitat Les retribucions actuals han estat minorades d&#8217;acord amb dues disposicions legals: el Decret llei 3/2010, de 29 de maig, de mesures de contenció de la despesa i en matèria fiscal per a la reducció del dèficit públic, i l&#8217;article 28.2 de la Llei de pressupostos [&hellip;]</p>
