{"id":44692,"date":"2025-12-16T12:08:26","date_gmt":"2025-12-16T12:08:26","guid":{"rendered":"https:\/\/www.meteo.cat\/wpweb\/?page_id=44692"},"modified":"2025-12-18T08:02:54","modified_gmt":"2025-12-18T08:02:54","slug":"atles-climatic-extrems","status":"publish","type":"page","link":"https:\/\/www.meteo.cat\/wpweb\/climatologia\/el-clima\/atles-climatic\/atles-climatic-extrems\/","title":{"rendered":"Atles clim\u00e0tic extrems 1991 &#8211; 2020"},"content":{"rendered":"\n<p>Aquest apartat de l\u2019Atles Clim\u00e0tic 1991\u20132020 se centra en la representaci\u00f3 cartogr\u00e0fica dels <strong>fen\u00f2mens extrems<\/strong>, \u00e9s a dir, aquells elements del clima que superen llindars cr\u00edtics i que tenen un impacte significatiu en el medi i les activitats humanes. S\u2019hi inclouen indicadors com el nombre de nits tropicals, el nombre de dies de calor o de gla\u00e7ada, la temperatura m\u00e0xima i m\u00ednima absoluta anual, o el nombre mitj\u00e0 de dies amb una precipitaci\u00f3 superior a 10 mm, entre d\u2019altres.<\/p>\n\n\n\n<p>La cartografia d\u2019extrems permet identificar patrons d\u2019intensitat i freq\u00fc\u00e8ncia, aix\u00ed com zones especialment vulnerables o exposades. Aquests mapes s\u00f3n una eina essencial per analitzar riscos clim\u00e0tics i donar suport a la planificaci\u00f3 i l\u2019adaptaci\u00f3 territorial davant d\u2019episodis extrems o violents. L\u2019aproximaci\u00f3 geoespacial facilita la comprensi\u00f3 de com i on es manifesten aquests extrems, tot aportant un valor afegit a l\u2019avaluaci\u00f3 clim\u00e0tica del per\u00edode 1991\u20132020.<\/p>\n\n\n\n<p>Per a m\u00e9s informaci\u00f3 sobre el proc\u00e9s d&#8217;elaboraci\u00f3 de l&#8217;Atles Clim\u00e0tic 1991-2020, consulteu el pdf de la <a href=\"https:\/\/static-m.meteo.cat\/wordpressweb\/wp-content\/uploads\/2024\/03\/04065721\/nota-destudi_Atles_finalp.pdf\" target=\"_blank\" rel=\"noreferrer noopener\">Nota d&#8217;Estudi 75. <\/a><\/p>\n\n\n\n<p>Els mapes estan disponibles a l\u2019<a href=\"https:\/\/sig.gencat.cat\/visors\/hipermapa.html\">Hipermapa de la Generalitat de Catalunya<\/a> , en concret s\u2019ubiquen a les capes d\u2019informaci\u00f3 mediambiental i dins de l\u2019Atles Clim\u00e0tic de Catalunya (1991-2020).<\/p>\n\n\n\n<p>Tot seguit podeu accedir a les imatges i a les dades per municipi de l&#8217;atles.<\/p>\n\n\n\n<nav class=\"ancores\" id=\"inici\">\n<a href=\"#municipal\">Dades de l&#8217;Atles per municipi<\/a>\n<a href=\"https:\/\/www.meteo.cat\/wpweb\/climatologia\/el-clima\/atles-climatic\/atles-climatic-mitjanes\/\">Atles clim\u00e0tic mitjanes<\/a>\n<\/nav>\n\n\n\n<form class=\"smc-combobox\">\n<fieldset>\n<div class=\"cercaContainer\">\n<div>\n<label for=\"optone\">Indicadors: <\/label>\n<select id=\"optone\" name=\"optone\">\n<option selected=\"selected\" value=\"init\">Seleccioneu l&#8217;indicador<\/option>\n<option value=\"0\">Mitjana anual de l&#8217;amplitud t\u00e8rmica di\u00e0ria (\u00baC)<\/option>\n<option value=\"1\">Temperatura m\u00e0xima absoluta (\u00baC)<\/option>\n<option value=\"2\">Temperatura m\u00e0xima m\u00e9s baixa (\u00baC)<\/option>\n<option value=\"3\">Temperatura m\u00ednima absoluta (\u00baC)<\/option>\n<option value=\"4\">Temperatura m\u00ednima m\u00e9s alta (\u00baC)<\/option>\n<option value=\"5\">Dies de calor (TX \u2265 30 \u00baC)<\/option>\n<option value=\"6\">Dies t\u00f2rrids (TX \u2265 35 \u00baC)<\/option>\n<option value=\"7\">Dies de gla\u00e7ada (TN &lt; 0 \u00baC)<\/option>\n<option value=\"8\">Nits tropicals (TN \u2265 20 \u00baC)<\/option>\n<option value=\"9\">Precipitaci\u00f3 m\u00e0xima en un dia (mm)<\/option>\n<option value=\"10\">Precipitaci\u00f3 m\u00e0xima en 5 dies (mm)<\/option>\n<option value=\"11\">Nombre de dies amb precipitaci\u00f3 &gt;= 10 mm<\/option>\n<option value=\"12\">Nombre de dies amb precipitaci\u00f3 &gt;= 20 mm<\/option>\n<option value=\"13\">Nombre de dies amb precipitaci\u00f3 &gt;= 50 mm<\/option>\n<option value=\"14\">Durada m\u00e0xima de la ratxa humida (dies consecutius amb precipitaci\u00f3 &gt;= 1 mm)<\/option>\n<option value=\"15\">Durada m\u00e0xima de la ratxa seca (dies consecutius amb precipitaci\u00f3 &lt; 1 mm)<\/option>\n\n\n<\/select>\n<\/div>\n<div>\n<label for=\"opttwo\">Per\u00edode: <\/label>\n<select id=\"opttwo\" disabled=\"disabled\" name=\"opttwo\">\n<option selected=\"selected\" value=\"init\">Seleccioneu el per\u00edode<\/option>\n<option value=\"0\">Anual<\/option>\n\n<\/select>\n<\/div>\n<div>\n<button id=\"go\" type=\"button\">Cerca<\/button>\n<\/div>\n<\/div>\n<\/fieldset>\n<\/form>\n\n\n\n<div>\n<img src=\"https:\/\/static-m.meteo.cat\/content\/climatologia\/atles\/1991-2020\/ATLES9120_TXX_anual_w.png\" alt=\"Atles clim\u00e0tic 91-20\" id=\"mapa\">\n<\/div>\n\n\n\n<div style=\"height:100px\" aria-hidden=\"true\" class=\"wp-block-spacer\"><\/div>\n\n\n\n<div class=\"atles link\">\n<ul>\n<li><i class=\"icon-linkfletxa\" aria-hidden=\"true\"><\/i> <a href=\"https:\/\/sig.gencat.cat\/visors\/hipermapa.html\" target=\"_blank\" title=\"(obre en finestra nova)\" rel=\"noopener\" class=\"noline\"> Consulta i desc\u00e0rrega dels mapes de l&#8217;Atles clim\u00e0tic en diferents formats a trav\u00e9s de l&#8217;hipermapa de la Generalitat de Catalunya.<\/a><\/li>\n<\/ul>\n<\/div>\n\n\n\n<div style=\"height:100px\" aria-hidden=\"true\" class=\"wp-block-spacer\"><\/div>\n\n\n\n<h2 class=\"wp-block-heading\" id=\"municipal\">Dades de l&#8217;Atles per municipi<\/h2>\n\n\n\n<p>Fitxers amb els valors de les variables de temperatura i precipitaci\u00f3 per municipi, en concret en el punt del cap de municipi. <\/p>\n\n\n\n<ul class=\"wp-block-list\"><li><a href=\"https:\/\/static-m.meteo.cat\/wordpressweb\/wp-content\/uploads\/2025\/12\/16121716\/ATLES9120_ATA_cap_muni.csv\">Mitjana anual de l\u2019amplitud t\u00e8rmica di\u00e0ria<\/a> (\u00baC) (CSV)<\/li><li><a href=\"https:\/\/static-m.meteo.cat\/wordpressweb\/wp-content\/uploads\/2025\/12\/16124805\/ATLES9120_TXX_cap_muni.csv\">Temperatura m\u00e0xima absoluta<\/a> (\u00baC)&nbsp;(CSV)<\/li><li><a href=\"https:\/\/static-m.meteo.cat\/wordpressweb\/wp-content\/uploads\/2025\/12\/16124725\/ATLES9120_TXN_cap_muni.csv\">Dades de temperatura m\u00e0xima m\u00e9s baixa<\/a> (\u00baC)<\/li><li><a href=\"https:\/\/static-m.meteo.cat\/wordpressweb\/wp-content\/uploads\/2025\/12\/16124519\/ATLES9120_TNN_cap_muni.csv\">Dades de temperatura m\u00ednima absoluta<\/a> (\u00baC)&nbsp;(CSV)<\/li><li><a href=\"https:\/\/static-m.meteo.cat\/wordpressweb\/wp-content\/uploads\/2025\/12\/16124614\/ATLES9120_TNX_cap_muni.csv\">Dades de temperatura m\u00ednima m\u00e9s alta<\/a> (\u00baC)&nbsp;(CSV)<\/li><li><a href=\"https:\/\/static-m.meteo.cat\/wordpressweb\/wp-content\/uploads\/2025\/12\/16121819\/ATLES9120_DE30_cap_muni.csv\">Dies de calor (TX \u2265 30 \u00baC)<\/a> (CSV)<\/li><li><a href=\"https:\/\/static-m.meteo.cat\/wordpressweb\/wp-content\/uploads\/2025\/12\/16121926\/ATLES9120_DE35_cap_muni.csv\">Dies t\u00f2rrids (TX \u2265 35 \u00baC)<\/a> (CSV)<\/li><li><a href=\"https:\/\/static-m.meteo.cat\/wordpressweb\/wp-content\/uploads\/2025\/12\/16122023\/ATLES9120_DGe0_cap_muni.csv\">Dies de gla\u00e7ada (TN &lt; 0 \u00baC)<\/a> (CSV)<\/li><li><a href=\"https:\/\/static-m.meteo.cat\/wordpressweb\/wp-content\/uploads\/2025\/12\/16123915\/ATLES9120_NT20_cap_muni.csv\">Nits tropicals<\/a> (TN \u2265 20 \u00baC) (CSV)<\/li><li><a href=\"https:\/\/static-m.meteo.cat\/wordpressweb\/wp-content\/uploads\/2025\/12\/16124303\/ATLES9120_PPTx1d_cap_muni.csv\">Precipitaci\u00f3 m\u00e0xima en un dia<\/a> (mm) (CSV)<\/li><li><a href=\"https:\/\/static-m.meteo.cat\/wordpressweb\/wp-content\/uploads\/2025\/12\/16124346\/ATLES9120_PPTx5d_cap_muni.csv\">Precipitaci\u00f3 m\u00e0xima en 5 dies<\/a> (mm) (CSV)<\/li><li><a href=\"https:\/\/static-m.meteo.cat\/wordpressweb\/wp-content\/uploads\/2025\/12\/16122120\/ATLES9120_DP10_cap_muni.csv\">Nombre de dies amb precipitaci\u00f3 &gt;= 10 mm<\/a> (CSV)<\/li><li><a href=\"https:\/\/static-m.meteo.cat\/wordpressweb\/wp-content\/uploads\/2025\/12\/16122153\/ATLES9120_DP20_cap_muni.csv\">Nombre de dies amb precipitaci\u00f3 &gt;= 20 mm<\/a> (CSV)<\/li><li><a href=\"https:\/\/static-m.meteo.cat\/wordpressweb\/wp-content\/uploads\/2025\/12\/16122228\/ATLES9120_DP50_cap_muni.csv\">Nombre de dies amb precipitaci\u00f3 &gt;= 50 mm<\/a> (CSV)<\/li><li><a href=\"https:\/\/static-m.meteo.cat\/wordpressweb\/wp-content\/uploads\/2025\/12\/16122338\/ATLES9120_LMRH_cap_muni.csv\">Durada m\u00e0xima de la ratxa humida <\/a>(dies consecutius amb precipitaci\u00f3 &gt;= 1 mm (CSV)<\/li><li><a href=\"https:\/\/static-m.meteo.cat\/wordpressweb\/wp-content\/uploads\/2025\/12\/16122423\/ATLES9120_LMRS_cap_muni.csv\">Durada m\u00e0xima de la ratxa seca<\/a> (dies consecutius amb precipitaci\u00f3 &lt; 1 mm (CSV)<\/li><\/ul>\n\n\n\n<p><\/p>\n","protected":false},"excerpt":{"rendered":"<p>Aquest apartat de l\u2019Atles Clim\u00e0tic 1991\u20132020 se centra en la representaci\u00f3 cartogr\u00e0fica dels fen\u00f2mens extrems, \u00e9s a dir, aquells elements del clima que superen llindars cr\u00edtics i que tenen un impacte significatiu en el medi i les activitats humanes. S\u2019hi inclouen indicadors com el nombre de nits tropicals, el nombre de dies de calor o [&hellip;]<\/p>\n","protected":false},"author":7,"featured_media":0,"parent":38852,"menu_order":4,"comment_status":"closed","ping_status":"closed","template":"","meta":{"_mi_skip_tracking":false,"_monsterinsights_sitenote_active":false,"_monsterinsights_sitenote_note":"","_monsterinsights_sitenote_category":0},"_links":{"self":[{"href":"https:\/\/www.meteo.cat\/wpweb\/wp-json\/wp\/v2\/pages\/44692"}],"collection":[{"href":"https:\/\/www.meteo.cat\/wpweb\/wp-json\/wp\/v2\/pages"}],"about":[{"href":"https:\/\/www.meteo.cat\/wpweb\/wp-json\/wp\/v2\/types\/page"}],"author":[{"embeddable":true,"href":"https:\/\/www.meteo.cat\/wpweb\/wp-json\/wp\/v2\/users\/7"}],"replies":[{"embeddable":true,"href":"https:\/\/www.meteo.cat\/wpweb\/wp-json\/wp\/v2\/comments?post=44692"}],"version-history":[{"count":7,"href":"https:\/\/www.meteo.cat\/wpweb\/wp-json\/wp\/v2\/pages\/44692\/revisions"}],"predecessor-version":[{"id":44722,"href":"https:\/\/www.meteo.cat\/wpweb\/wp-json\/wp\/v2\/pages\/44692\/revisions\/44722"}],"up":[{"embeddable":true,"href":"https:\/\/www.meteo.cat\/wpweb\/wp-json\/wp\/v2\/pages\/38852"}],"wp:attachment":[{"href":"https:\/\/www.meteo.cat\/wpweb\/wp-json\/wp\/v2\/media?parent=44692"}],"curies":[{"name":"wp","href":"https:\/\/api.w.org\/{rel}","templated":true}]}}