{"id":40502,"date":"2024-06-06T12:11:53","date_gmt":"2024-06-06T12:11:53","guid":{"rendered":"https:\/\/www.meteo.cat\/wpweb\/?page_id=40502"},"modified":"2025-12-15T11:31:44","modified_gmt":"2025-12-15T11:31:44","slug":"app-meteocat-es","status":"publish","type":"page","link":"https:\/\/www.meteo.cat\/wpweb\/serveis\/cataleg-de-serveis\/serveis-oberts\/app-meteocat-es\/","title":{"rendered":"Aplicaci\u00f3n Meteocat"},"content":{"rendered":"\n<p>La app Meteocat es la aplicaci\u00f3n para dispositivos m\u00f3viles del Servicio Meteorol\u00f3gico de Catalu\u00f1a (SMC), que permite consultar el tiempo actual y el previsto en tu municipio, y recibir notificaciones de Situaciones Meteorol\u00f3gicas de Peligro. Es gratuita y est\u00e1 disponible en catal\u00e1n, castellano e ingl\u00e9s.<\/p>\n\n\n\n<h2 class=\"taula-continguts-titol\" id=\"taula_continguts\">Descarga<\/h2>\n\n\n\n<ul class=\"taula-continguts\"><li><a rel=\"noreferrer noopener\" href=\"https:\/\/apps.apple.com\/es\/app\/meteocat\/id6477286914?l=es-ES\" target=\"_blank\">Descarga en App Store (para iOS)<\/a><\/li><li><a href=\"https:\/\/play.google.com\/store\/apps\/details?id=cat.gencat.mobi.meteocat&amp;hl=es\" target=\"_blank\" rel=\"noreferrer noopener\">Descarga en Google Play (para Android)<\/a><\/li><\/ul>\n\n\n\n<div style=\"height:50px\" aria-hidden=\"true\" class=\"wp-block-spacer\"><\/div>\n\n\n\n<h2>Descripci\u00f3n de la App<\/h2>\n\n\n\n<figure class=\"wp-block-image size-large\"><img src=\"https:\/\/static-m.meteo.cat\/wordpressweb\/wp-content\/uploads\/2025\/12\/15110912\/bloc_apps_web_es_202512.png\" alt=\"4 capturas de pantalla de la app: apartado el tiempo, lluvia, avisos y configura.\n\"\/><\/figure>\n\n\n\n<div style=\"height:30px\" aria-hidden=\"true\" class=\"wp-block-spacer\"><\/div>\n\n\n\n<h3>1. Apartado &#8216;el Tiempo&#8217;<\/h3>\n\n\n\n<p>En la primera pantalla, al hacer clic en la lupa puedes buscar el municipio del que quieres ver el tiempo. Con la estrella seleccionas tus municipios favoritos y al presionar el icono de ubicaci\u00f3n se mostrar\u00e1 la informaci\u00f3n del lugar donde te encuentras.<\/p>\n\n\n\n<p>En esta pantalla consultas:<\/p>\n\n\n\n<ul><li>Los avisos meteorol\u00f3gicos de peligro de la comarca del municipio<\/li><li>El tiempo actual a trav\u00e9s del s\u00edmbolo del estado del cielo y la temperatura<\/li><li>El resumen del d\u00eda a trav\u00e9s de los datos de la estaci\u00f3n pr\u00f3xima<\/li><li>La predicci\u00f3n de los 3 d\u00edas siguientes hora a hora (estado del cielo, temperatura, precipitaci\u00f3n, racha de viento, \u00edndice ultravioleta y humedad relativa)<\/li><li>Resumen de la predicci\u00f3n de los siguientes d\u00edas de la semana.<\/li><\/ul>\n\n\n\n<p>Al final de la p\u00e1gina encontrar\u00e1s enlaces externos a otras informaciones de inter\u00e9s y el apartado sobre Meteocat donde facilitamos los datos de contacto, acceso a los canales digitales e informaci\u00f3n sobre la app. Puedes cambiar el idioma, consultar el aviso legal, pol\u00edtica de privacidad, declaraci\u00f3n de accesibilidad y valorar la app en las tiendas correspondientes.<\/p>\n\n\n\n<div style=\"height:20px\" aria-hidden=\"true\" class=\"wp-block-spacer\"><\/div>\n\n\n\n<h3>2. Apartado &#8216;Lluvia&#8217;<\/h3>\n\n\n\n<p>En el apartado de lluvia se muestran diferentes capas:<\/p>\n\n\n\n<ul><li>Im\u00e1genes de la red de radares de la \u00faltima hora, y puedes activar o desactivar la visualizaci\u00f3n de la predicci\u00f3n de la precipitaci\u00f3n en Catalu\u00f1a.<\/li><li>Superposici\u00f3n de las im\u00e1genes de radar con los rayos durante los 6 minutos anteriores a la imagen de radar.<\/li><li>Im\u00e1genes del producto de lluvia o nieve de la \u00faltima hora.<\/li><\/ul>\n\n\n\n<p>Cada una de las capas dispone de su propia leyenda para interpretar correctamente el producto.<\/p>\n\n\n\n<div style=\"height:20px\" aria-hidden=\"true\" class=\"wp-block-spacer\"><\/div>\n\n\n\n<h3>3. Apartado &#8216;Avisos&#8217;<\/h3>\n\n\n\n<p>Se muestran las Situaciones Meteorol\u00f3gicas de Peligro (SMP) de la comarca del municipio que se ha elegido. Tambi\u00e9n se pueden buscar otras comarcas.<\/p>\n\n\n\n<p>Cada aviso se puede ver en detalle al hacer clic en el icono. Se facilita el grado de peligro, el umbral y la evoluci\u00f3n en la comarca y en Catalu\u00f1a.<\/p>\n\n\n\n<div style=\"height:20px\" aria-hidden=\"true\" class=\"wp-block-spacer\"><\/div>\n\n\n\n<h3>4. Apartado &#8216;Configura&#8217;<\/h3>\n\n\n\n<div class=\"wp-block-columns\">\n<div class=\"wp-block-column\">\n<p>En la aplicaci\u00f3n puedes configurar notificaciones de los avisos de Situaci\u00f3n Meteorol\u00f3gica de Peligro y de los datos de las estaciones.<\/p>\n\n\n\n<p>Para activar las notificaciones de los avisos, debes indicar una comarca, uno o varios fen\u00f3menos meteorol\u00f3gicos y nivel de peligro. Cada notificaci\u00f3n la puedes editar o eliminar seg\u00fan te interese.<\/p>\n\n\n\n<p>Para las notificaciones de estaciones, busca un municipio y te propondremos las estaciones cercanas, selecciona una, y de qu\u00e9 variables y umbrales quieres recibir la notificaci\u00f3n. Actualmente puedes indicar temperatura m\u00ednima, m\u00e1xima, precipitaci\u00f3n acumulada durante el d\u00eda y racha de viento m\u00e1xima.<\/p>\n\n\n\n<div style=\"height:20px\" aria-hidden=\"true\" class=\"wp-block-spacer\"><\/div>\n\n\n\n<h2>5. Widget<\/h2>\n\n\n\n<p>Tambi\u00e9n puedes activar el widget asociado que te muestra el tiempo actual a trav\u00e9s del icono del estado del cielo y la temperatura del municipio que tienes en la app.<\/p>\n\n\n\n<div class=\"wp-block-image\"><figure class=\"alignleft size-large\"><img src=\"https:\/\/static-m.meteo.cat\/wordpressweb\/wp-content\/uploads\/2024\/05\/27113800\/widget-es.png\" alt=\"Captura de pantalla del widget en el m\u00f2bil.\"\/><\/figure><\/div>\n\n\n\n<p><\/p>\n<\/div>\n<\/div>\n\n\n\n<div style=\"height:50px\" aria-hidden=\"true\" class=\"wp-block-spacer\"><\/div>\n\n\n\n<h2 class=\"taula-continguts-titol\" id=\"taula_continguts\">Enlaces relacionados<\/h2>\n\n\n\n<ul class=\"taula-continguts\"><li><a href=\"\/wpweb\/serveis\/cataleg-de-serveis\/serveis-oberts\/app-meteocat-es\/aviso-legal-de-la-app\/\">Aviso legal de la app<\/a><\/li><li><a href=\"\/wpweb\/serveis\/cataleg-de-serveis\/serveis-oberts\/app-meteocat-es\/politica-de-privacidad-de-la-app\/\">Pol\u00edtica de privacidad de la app<\/a><\/li><li><a href=\"\/wpweb\/serveis\/cataleg-de-serveis\/serveis-oberts\/app-meteocat-es\/declaracion-accesibilidad-de-la-app-ios\/\">Declaraci\u00f3n de accesibilidad (iOS)<\/a><\/li><li><a href=\"\/wpweb\/serveis\/cataleg-de-serveis\/serveis-oberts\/app-meteocat-es\/declaracion-accesibilidad-de-la-app-android\/\">Declaraci\u00f3n de accesibilidad (Android)<\/a><\/li><\/ul>\n\n\n\n<p>\u200b<\/p>\n","protected":false},"excerpt":{"rendered":"<p>La app Meteocat es la aplicaci\u00f3n para dispositivos m\u00f3viles del Servicio Meteorol\u00f3gico de Catalu\u00f1a (SMC), que permite consultar el tiempo actual y el previsto en tu municipio, y recibir notificaciones de Situaciones Meteorol\u00f3gicas de Peligro. Es gratuita y est\u00e1 disponible en catal\u00e1n, castellano e ingl\u00e9s. Descarga Descarga en App Store (para iOS) Descarga en Google [&hellip;]<\/p>\n","protected":false},"author":1,"featured_media":0,"parent":13480,"menu_order":4,"comment_status":"closed","ping_status":"closed","template":"template-sidebar.php","meta":{"_mi_skip_tracking":false,"_monsterinsights_sitenote_active":false,"_monsterinsights_sitenote_note":"","_monsterinsights_sitenote_category":0},"_links":{"self":[{"href":"https:\/\/www.meteo.cat\/wpweb\/wp-json\/wp\/v2\/pages\/40502"}],"collection":[{"href":"https:\/\/www.meteo.cat\/wpweb\/wp-json\/wp\/v2\/pages"}],"about":[{"href":"https:\/\/www.meteo.cat\/wpweb\/wp-json\/wp\/v2\/types\/page"}],"author":[{"embeddable":true,"href":"https:\/\/www.meteo.cat\/wpweb\/wp-json\/wp\/v2\/users\/1"}],"replies":[{"embeddable":true,"href":"https:\/\/www.meteo.cat\/wpweb\/wp-json\/wp\/v2\/comments?post=40502"}],"version-history":[{"count":13,"href":"https:\/\/www.meteo.cat\/wpweb\/wp-json\/wp\/v2\/pages\/40502\/revisions"}],"predecessor-version":[{"id":44669,"href":"https:\/\/www.meteo.cat\/wpweb\/wp-json\/wp\/v2\/pages\/40502\/revisions\/44669"}],"up":[{"embeddable":true,"href":"https:\/\/www.meteo.cat\/wpweb\/wp-json\/wp\/v2\/pages\/13480"}],"wp:attachment":[{"href":"https:\/\/www.meteo.cat\/wpweb\/wp-json\/wp\/v2\/media?parent=40502"}],"curies":[{"name":"wp","href":"https:\/\/api.w.org\/{rel}","templated":true}]}}