{"id":40219,"date":"2024-04-29T16:36:05","date_gmt":"2024-04-29T16:36:05","guid":{"rendered":"https:\/\/www.meteo.cat\/wpweb\/?page_id=40219"},"modified":"2025-12-15T11:57:18","modified_gmt":"2025-12-15T11:57:18","slug":"declaracion-accesibilidad-de-la-app-ios","status":"publish","type":"page","link":"https:\/\/www.meteo.cat\/wpweb\/serveis\/cataleg-de-serveis\/serveis-oberts\/app-meteocat-es\/declaracion-accesibilidad-de-la-app-ios\/","title":{"rendered":"Declaraci\u00f3n accesibilidad de la app (iOS)"},"content":{"rendered":"\n<p>El Servicio Meteorol\u00f3gico de Catalu\u00f1a se ha comprometido a hacer accesible su aplicaci\u00f3n de conformidad con el&nbsp;<a href=\"https:\/\/www.boe.es\/buscar\/act.php?id=BOE-A-2018-12699\">Real Decreto 1112\/2018, de 7 de septiembre, sobre accesibilidad de los sitios web y aplicaciones para dispositivos m\u00f3viles del sector p\u00fablico<\/a>&nbsp;(en adelante, Real Decreto 1112\/2018, de 7 de septiembre) y con el&nbsp;<a href=\"https:\/\/dogc.gencat.cat\/ca\/document-del-dogc\/?documentId=973470\">Decreto 216\/2023, de 5 de diciembre, sobre accesibilidad de los sitios web y de las aplicaciones para dispositivos m\u00f3viles de la Administraci\u00f3n de la Generalitat de Catalu\u00f1a y de su sector p\u00fablico<\/a>&nbsp;(en adelante, Decreto 216\/2023).<\/p>\n\n\n\n<p>La presente declaraci\u00f3n de accesibilidad se aplica a la app Meteocat iOS, disponible en la App Store:<br><a href=\"https:\/\/apps.apple.com\/es\/app\/meteocat\/id6477286914\">https:\/\/apps.apple.com\/es\/app\/meteocat\/id6477286914<\/a><\/p>\n\n\n\n<p><strong>A esta aplicaci\u00f3n le son aplicables los requisitos de la norma UNE-EN 301549:2022, considerando las excepciones del Real Decreto 1112\/2018.<\/strong><\/p>\n\n\n\n<h2 class=\"taula-continguts-titol\" id=\"taula_continguts\">Tabla de contenidos<\/h2>\n\n\n\n<ol class=\"taula-continguts\"><li><a href=\"#bloc1\">Situaci\u00f3n de cumplimiento<\/a><\/li><li><a href=\"#bloc2\">Contenido no accesible<\/a><\/li><li><a href=\"#bloc3\">Preparaci\u00f3n de la presente declaraci\u00f3n de accesibilidad<\/a><\/li><li><a href=\"#bloc4\">Observaciones y datos de contacto<\/a><\/li><li><a href=\"#bloc8\">El compromiso del Servei Meteorol\u00f2gic de Catalunya por la accesibilidad<\/a><\/li><\/ol>\n\n\n\n<div style=\"height:50px\" aria-hidden=\"true\" class=\"wp-block-spacer\"><\/div>\n\n\n\n<hr class=\"wp-block-separator is-style-default\"\/>\n\n\n\n<div style=\"height:50px\" aria-hidden=\"true\" class=\"wp-block-spacer\"><\/div>\n\n\n\n<h2 id=\"bloc1\">Situaci\u00f3n de cumplimiento<\/h2>\n\n\n\n<p>Esta aplicaci\u00f3n es <strong>parcialmente conforme<\/strong> con el Real Decreto 1112\/2018, de 7 de septiembre, debido a las excepciones y\/o a la falta de conformidad de los aspectos que se indican a continuaci\u00f3n.<\/p>\n\n\n\n<a href=\"#taula_continguts\" title=\"Puja\" class=\"go-top\">Arriba<\/a>\n\n\n\n<div style=\"height:50px\" aria-hidden=\"true\" class=\"wp-block-spacer\"><\/div>\n\n\n\n<h2 id=\"bloc2\">Contenido no accesible<\/h2>\n\n\n\n<p>El contenido que se recoge a continuaci\u00f3n no es accesible por lo siguiente:<\/p>\n\n\n\n<ul><li><strong>Falta de conformidad con Real Decreto 1112\/2018, de 7 de septiembre:<\/strong>:<ul><li>Existen informaciones del contenido que, si bien son perceptibles visualmente, no se transmiten a los productos de apoyo como los lectores de pantalla. Algunos ejemplos pueden ser: elementos agrupados visualmente que no est\u00e1n identificados como listas, datos en formato tabla, t\u00edtulos, identificaci\u00f3n de regiones de contenido, relaciones entre etiquetas y controles, etc. (<strong>Criterio 11.1.3.1 de la norma UNE-EN 301549:2022<\/strong>)<\/li><li>La visualizaci\u00f3n de los contenidos no es adecuada cuando se modifica la orientaci\u00f3n de la pantalla en un dispositivo m\u00f3vil. (<strong>Criterio 11.1.3.4 de la norma UNE-EN 301549:2022<\/strong>)<\/li><li>Se ha utilizado el color para transmitir informaci\u00f3n sin ofrecer ninguna alternativa. (<strong>Criterio 11.1.4.1 de la norma UNE-EN 301549:2022<\/strong>)<\/li><li>El redimensionamiento del texto provoca que algunos contenidos se superpongan, se corten o queden ocultos. (<strong>Criterio 11.1.4.4 de la norma UNE-EN 301549:2022<\/strong>)<\/li><li>El contraste de color entre elementos no textuales y el fondo es insuficiente. (<strong>Criterio 11.1.4.11 de la norma UNE-EN 301549:2022<\/strong>)<\/li><li>Existen elementos que no son activables mediante teclado u otros dispositivos emuladores. (<strong>Criterio 11.2.1.1 de la norma UNE-EN 301549:2022<\/strong>)<\/li><li>La navegaci\u00f3n mediante teclado no sigue un orden l\u00f3gico en algunos contenidos. (<strong>Criterio 11.2.4.3 de la norma UNE-EN 301549:2022<\/strong>)<\/li><li>Hay t\u00edtulos o etiquetas que no transmiten adecuadamente el tema o su prop\u00f3sito. (<strong>Criterio 11.2.4.6 de la norma UNE-EN 301549:2022<\/strong>)<\/li><li>No existe una alternativa de un solo puntero para gestos que requieren m\u00e1s de un puntero. (<strong>Criterio 11.2.5.1 de la norma UNE-EN 301549:2022<\/strong>)<\/li><li>No se ha especificado el idioma principal del contenido. (<strong>Criterio 11.3.1.1 de la norma UNE-EN 301549:2022<\/strong>)<\/li><li>Hay elementos que no transmiten su nombre accesible, la funci\u00f3n que realizan o el valor con el que deben ser interpretados por los productos de apoyo. (<strong>Criterio 11.4.1.2 de la norma UNE-EN 301549:2022<\/strong>)<\/li><li>Algunos requisitos de accesibilidad no se cumplen al utilizar los servicios de accesibilidad del sistema operativo. (<strong>Criterio 11.5.2.3 de la norma UNE-EN 301549:2022<\/strong>)<\/li><li>Los productos de apoyo no siempre pueden determinar los roles, estados, l\u00edmites, nombre y descripci\u00f3n de los elementos de la interfaz de usuario. (<strong>Criterio 11.5.2.5 de la norma UNE-EN 301549:2022<\/strong>)<\/li><li>Los productos de apoyo no siempre pueden determinar filas, columnas y\/o cabeceras de las tablas de datos. (<strong>Criterio 11.5.2.6 de la norma UNE-EN 301549:2022<\/strong>)<\/li><li>Los productos de apoyo no siempre pueden determinar la relaci\u00f3n entre los elementos de la interfaz de usuario y sus etiquetas. (<strong>Criterio 11.5.2.8 de la norma UNE-EN 301549:2022<\/strong>)<\/li><li>Los cambios en los atributos de los elementos de la interfaz de usuario no siempre se notifican a los productos de apoyo. (<strong>Criterio 11.5.2.15 de la norma UNE-EN 301549:2022<\/strong>)<\/li><li>La documentaci\u00f3n del producto suministrado no cumple con los requisitos de accesibilidad aplicables. (<strong>Criterio 12.1.2 de la norma UNE-EN 301549:2022<\/strong>)<\/li><li>P\u00e1ginas web:<ul><li>El redimensionamiento del texto provoca que algunos contenidos se superpongan, se corten o queden ocultos. (<strong>Criterio 9.1.4.4 de la norma UNE-EN 301549:2022<\/strong>)<\/li><li>\u2022 Parte del contenido requiere navegaci\u00f3n con desplazamiento en dos direcciones para acceder a toda la informaci\u00f3n o funcionalidad. (<strong>Criterio 9.1.4.10 de la norma UNE-EN 301549:2022<\/strong>)<\/li><li>\u2022 El contraste de color entre elementos no textuales y el fondo es insuficiente. (<strong>Criterio 9.1.4.11 de la norma UNE-EN 301549:2022<\/strong>)<\/li><li>\u2022 La navegaci\u00f3n con teclado no sigue un orden l\u00f3gico en algunos contenidos. (<strong>Criterio 9.2.4.3 de la norma UNE-EN 301549:2022<\/strong>)<\/li><li>\u2022 No se cumplen todos los criterios de la norma UNE-EN 301549:2022 que tienen su equivalente en las WCAG 2.1. (<strong>Criterio 9.6<\/strong>)<\/li><li>\u2022 No se preservan las preferencias del usuario. (<strong>Criterio 11.7 de la norma UNE-EN 301549:2022<\/strong>)<\/li><li>\u2022 La documentaci\u00f3n del producto suministrado no cumple con los requisitos de accesibilidad aplicables. (<strong>Criterio 12.1.2 de la norma UNE-EN 301549:2022<\/strong>)<\/li><\/ul><\/li><\/ul><\/li><\/ul>\n\n\n\n<ul><li><strong>Carga desproporcionada:&nbsp;<\/strong>no aplica.<\/li><li><strong>El contenido no entra dentro del \u00e1mbito de la legislaci\u00f3n aplicable:&nbsp;<\/strong>no aplica.<\/li><\/ul>\n\n\n\n<a href=\"#taula_continguts\" title=\"Puja\" class=\"go-top\">Arriba<\/a>\n\n\n\n<div style=\"height:50px\" aria-hidden=\"true\" class=\"wp-block-spacer\"><\/div>\n\n\n\n<h2 id=\"bloc3\">Preparaci\u00f3n de la presente declaraci\u00f3n de accesibilidad<\/h2>\n\n\n\n<p>La presente declaraci\u00f3n fue preparada el&nbsp;<strong>21 de noviembre de 2025<\/strong>.<\/p>\n\n\n\n<p>El m\u00e9todo utilizado ha sido una&nbsp;<strong>auditor\u00eda externa de accesibilidad<\/strong>, llevada a cabo por la consultora especializada en accesibilidad web&nbsp;<strong><a href=\"https:\/\/tothomweb.com\/\">TOTHOMweb<\/a><\/strong>, empresa auditora acreditada por&nbsp;<strong>ENAC<\/strong>&nbsp;(Entidad Nacional de Acreditaci\u00f3n).<\/p>\n\n\n\n<p>\u00daltima revisi\u00f3n de la declaraci\u00f3n:\u00a0<strong>21\/11\/2025.<\/strong><\/p>\n\n\n\n<a href=\"#taula_continguts\" title=\"Puja\" class=\"go-top\">Arriba<\/a>\n\n\n\n<div style=\"height:50px\" aria-hidden=\"true\" class=\"wp-block-spacer\"><\/div>\n\n\n\n<h2 id=\"bloc4\">Observaciones y datos de contacto<\/h2>\n\n\n\n<h3 class=\"text-color\">Comunicaciones<\/h3>\n\n\n\n<p>Se pueden realizar comunicaciones sobre requisitos de accesibilidad (art\u00edculo 10.2.a) del Real Decreto 1112\/2018, de 7 de septiembre, a trav\u00e9s del siguiente&nbsp;<strong><a href=\"https:\/\/www.meteo.cat\/wpweb\/contacte\/\">buz\u00f3n de contacto<\/a><\/strong>&nbsp;o al tel\u00e9fono 935 676 090<\/p>\n\n\n\n<p>Por ejemplo:<\/p>\n\n\n\n<ul><li>Informar sobre cualquier posible incumplimiento por parte de esta aplicaci\u00f3n m\u00f3vil.<\/li><li>Hacer una reclamaci\u00f3n sobre dificultades de acceso al contenido.<\/li><li>Formular cualquier otra consulta o sugerencia de mejora relativa a la accesibilidad de la aplicaci\u00f3n m\u00f3vil.<\/li><\/ul>\n\n\n\n<p>Las comunicaciones ser\u00e1n recibidas y tratadas por la Direcci\u00f3n General de Servicios Digitales y Experiencia Ciudadana, del Departamento de la Presidencia, como Unidad Responsable de Accesibilidad Web en el \u00e1mbito auton\u00f3mico.<\/p>\n\n\n\n<div style=\"height:20px\" aria-hidden=\"true\" class=\"wp-block-spacer\"><\/div>\n\n\n\n<h3 class=\"text-color\">Solicitudes de informaci\u00f3n accesible y quejas<\/h3>\n\n\n\n<p>Para hacer solicitudes de informaci\u00f3n accesible y quejas (art\u00edculo 12 del Real Decreto 1112\/2017, de 7 de septiembre) hay que acceder al \u201c<a href=\"https:\/\/web.gencat.cat\/es\/tramits\/tramits-temes\/Continguts-accessibles-al-web\"><strong>Contenidos accesibles<\/strong><\/a>\u201d y seguir la modalidad \u201c<a href=\"https:\/\/web.gencat.cat\/es\/tramits\/tramits-temes\/Continguts-accessibles-al-web\"><strong>Solicitar informaci\u00f3n accesible o hacer una queja<\/strong><\/a>\u201d.<\/p>\n\n\n\n<p>Cualquier persona f\u00edsica o jur\u00eddica puede:<\/p>\n\n\n\n<ul><li>Formular quejas relativas al cumplimiento de los requisitos del Real Decreto 1112\/2018.<\/li><li>Solicitar informaci\u00f3n relacionada con contenidos que est\u00e9n excluidos del \u00e1mbito de aplicaci\u00f3n de esta normativa.<\/li><\/ul>\n\n\n\n<p>Las solicitudes y quejas que se registran conforme a los requisitos establecidos por la Ley 39\/2015 de 1 de octubre, del Procedimiento Administrativo Com\u00fan de las Administraciones P\u00fablicas.<\/p>\n\n\n\n<div style=\"height:20px\" aria-hidden=\"true\" class=\"wp-block-spacer\"><\/div>\n\n\n\n<h3 class=\"text-color\">Procedimiento de aplicaci\u00f3n<\/h3>\n\n\n\n<p>El procedimiento de aplicaci\u00f3n recogido en el art\u00edculo 13 del Real Decreto 1112\/2018, de 7 de septiembre, se puede iniciar en el tr\u00e1mite \u201c<a href=\"https:\/\/web.gencat.cat\/es\/tramits\/tramits-temes\/Continguts-accessibles-al-web\"><strong>Contenidos accesibles<\/strong><\/a>\u201d a trav\u00e9s de la modalidad \u201c<a href=\"https:\/\/web.gencat.cat\/es\/tramits\/tramits-temes\/Continguts-accessibles-al-web\"><strong>Reclamar una solicitud<\/strong><\/a>\u201d.<\/p>\n\n\n\n<p>Se puede iniciar una reclamaci\u00f3n si, una vez realizada una solicitud de informaci\u00f3n accesible o presentada una queja:<\/p>\n\n\n\n<ul><li>Ha sido desestimada.<\/li><li>No se est\u00e1 de acuerdo con la decisi\u00f3n adoptada.<\/li><li>La respuesta no cumple los requisitos del art\u00edculo 12.5 del Real Decreto 1112\/2018.<\/li><\/ul>\n\n\n\n<p>La reclamaci\u00f3n permite:<\/p>\n\n\n\n<ul><li>Conocer y oponerse a los motivos de la desestimaci\u00f3n.<\/li><li>Instar la adopci\u00f3n de las medidas oportunas cuando no se est\u00e9 de acuerdo con la decisi\u00f3n adoptada.<\/li><li>Exponer las razones por las cuales la respuesta no cumple con los requisitos exigidos.<\/li><\/ul>\n\n\n\n<p>Tambi\u00e9n puede interponerse una reclamaci\u00f3n si han transcurrido&nbsp;<strong>20 d\u00edas h\u00e1biles<\/strong>&nbsp;sin haber recibido respuesta.<\/p>\n\n\n\n<p>Las reclamaciones ser\u00e1n recibidas y tratadas por &nbsp;<a href=\"https:\/\/web.gencat.cat\/ca\/generalitat\/com-ens-organitzem\/departaments\/territori\">Departament de Territori, Habitatge i Transici\u00f3 Ecol\u00f2gica<\/a>, como superior jer\u00e1rquico de la&nbsp;<strong>Unidad Responsable de Accesibilidad (URA)<\/strong>&nbsp;del Servei Meteorol\u00f2gic de Catalunya.<\/p>\n\n\n\n<a href=\"#taula_continguts\" title=\"Puja\" class=\"go-top\">Arriba<\/a>\n\n\n\n<div style=\"height:50px\" aria-hidden=\"true\" class=\"wp-block-spacer\"><\/div>\n\n\n\n<h2 id=\"bloc8\">El compromiso del Servei Meteorol\u00f2gic de Catalunya por la accesibilidad<\/h2>\n\n\n\n<p>Esta aplicaci\u00f3n aplica los requisitos establecidos en la&nbsp;<strong>Norma UNE-EN 301549:2022<\/strong>, teniendo en cuenta las excepciones previstas en el Real Decreto 1112\/2018.<\/p>\n\n\n\n<p>La aplicaci\u00f3n Meteocat se ha dise\u00f1ado con la voluntad de facilitar el&nbsp;<strong>acceso universal<\/strong>&nbsp;a todas las personas, independientemente de sus capacidades f\u00edsicas, sensoriales o intelectuales, y del contexto t\u00e9cnico de uso (tipo de dispositivo, software, velocidad de conexi\u00f3n, condiciones ambientales, etc.).<\/p>\n\n\n\n<p>Por este motivo, trabajamos con el objetivo de&nbsp;<strong>eliminar las barreras<\/strong>&nbsp;que dificultan el acceso a la informaci\u00f3n y la comunicaci\u00f3n.<\/p>\n\n\n\n<p>El compromiso del Servei Meteorol\u00f2gic de Catalunya es alcanzar el&nbsp;<strong>nivel de conformidad \u2018Doble-A\u2019 (AA)<\/strong>, tal como exigen las legislaciones europea y estatal a las administraciones p\u00fablicas.<\/p>\n\n\n\n<p>La&nbsp;<strong>Directiva (UE) 2016\/2102<\/strong>, del Parlamento Europeo y del Consejo, de 26 de octubre de 2016, establece las normas que deben cumplir los Estados miembros para garantizar que todos los sitios web y aplicaciones m\u00f3viles del sector p\u00fablico, independientemente del dispositivo utilizado, cumplan los requisitos de accesibilidad contemplados en la&nbsp;<strong>Norma UNE-EN 301549:2022<\/strong>, relativa a los requisitos de accesibilidad para la contrataci\u00f3n p\u00fablica de productos y servicios TIC en Europa.<\/p>\n\n\n\n<p>La norma UNE-EN 301549:2022 se basa principalmente en las&nbsp;<strong>Web Content Accessibility Guidelines (WCAG) 2.1<\/strong>, de agosto de 2018, y exige espec\u00edficamente el cumplimiento del nivel&nbsp;<strong>AA<\/strong>. No obstante, tambi\u00e9n incluye otros requisitos adicionales, obligatorios y condicionales.<\/p>\n\n\n\n<p>La Directiva es de obligado cumplimiento pero&nbsp;<strong>no es directamente aplicable<\/strong>, por lo que en el \u00e1mbito estatal se desarroll\u00f3 una normativa que concreta su alcance y requisitos m\u00ednimos: el&nbsp;<strong>Real Decreto 1112\/2018<\/strong>, de 7 de septiembre, sobre accesibilidad de los sitios web y aplicaciones para dispositivos m\u00f3viles del sector p\u00fablico.<\/p>\n\n\n\n<a href=\"#taula_continguts\" title=\"Puja\" class=\"go-top\">Arriba<\/a>\n\n\n\n<p><\/p>\n","protected":false},"excerpt":{"rendered":"<p>El Servicio Meteorol\u00f3gico de Catalu\u00f1a se ha comprometido a hacer accesible su aplicaci\u00f3n de conformidad con el&nbsp;Real Decreto 1112\/2018, de 7 de septiembre, sobre accesibilidad de los sitios web y aplicaciones para dispositivos m\u00f3viles del sector p\u00fablico&nbsp;(en adelante, Real Decreto 1112\/2018, de 7 de septiembre) y con el&nbsp;Decreto 216\/2023, de 5 de diciembre, sobre accesibilidad [&hellip;]<\/p>\n","protected":false},"author":5,"featured_media":0,"parent":40502,"menu_order":0,"comment_status":"closed","ping_status":"closed","template":"template-sidebar.php","meta":{"_mi_skip_tracking":false,"_monsterinsights_sitenote_active":false,"_monsterinsights_sitenote_note":"","_monsterinsights_sitenote_category":0},"_links":{"self":[{"href":"https:\/\/www.meteo.cat\/wpweb\/wp-json\/wp\/v2\/pages\/40219"}],"collection":[{"href":"https:\/\/www.meteo.cat\/wpweb\/wp-json\/wp\/v2\/pages"}],"about":[{"href":"https:\/\/www.meteo.cat\/wpweb\/wp-json\/wp\/v2\/types\/page"}],"author":[{"embeddable":true,"href":"https:\/\/www.meteo.cat\/wpweb\/wp-json\/wp\/v2\/users\/5"}],"replies":[{"embeddable":true,"href":"https:\/\/www.meteo.cat\/wpweb\/wp-json\/wp\/v2\/comments?post=40219"}],"version-history":[{"count":8,"href":"https:\/\/www.meteo.cat\/wpweb\/wp-json\/wp\/v2\/pages\/40219\/revisions"}],"predecessor-version":[{"id":44676,"href":"https:\/\/www.meteo.cat\/wpweb\/wp-json\/wp\/v2\/pages\/40219\/revisions\/44676"}],"up":[{"embeddable":true,"href":"https:\/\/www.meteo.cat\/wpweb\/wp-json\/wp\/v2\/pages\/40502"}],"wp:attachment":[{"href":"https:\/\/www.meteo.cat\/wpweb\/wp-json\/wp\/v2\/media?parent=40219"}],"curies":[{"name":"wp","href":"https:\/\/api.w.org\/{rel}","templated":true}]}}