{"id":40152,"date":"2024-04-17T09:01:25","date_gmt":"2024-04-17T09:01:25","guid":{"rendered":"https:\/\/www.meteo.cat\/wpweb\/?page_id=40152"},"modified":"2025-12-15T11:48:04","modified_gmt":"2025-12-15T11:48:04","slug":"declaracio-daccessibilitat-de-lapp-ios","status":"publish","type":"page","link":"https:\/\/www.meteo.cat\/wpweb\/serveis\/cataleg-de-serveis\/serveis-oberts\/app-meteocat\/declaracio-daccessibilitat-de-lapp-ios\/","title":{"rendered":"Declaraci\u00f3 d&#8217;accessibilitat de l&#8217;app (iOS)"},"content":{"rendered":"\n<p>El Servei Meteorol\u00f2gic de Catalunya s\u2019ha comprom\u00e8s a fer accessible la seva aplicaci\u00f3 de conformitat amb el<a href=\"https:\/\/www.boe.es\/buscar\/act.php?id=BOE-A-2018-12699\">&nbsp;Reial Decret 1112\/2018, de 7 de setembre, sobre accessibilitat dels llocs web i aplicacions per a dispositius m\u00f2bils del sector p\u00fablic<\/a>&nbsp;(en endavant, Reial Decret 1112\/2018, de 7 de setembre) i amb el&nbsp;<a href=\"https:\/\/dogc.gencat.cat\/ca\/document-del-dogc\/?documentId=973470\">Decret 216\/2023, de 5 de desembre, sobre accessibilitat dels llocs web i de les aplicacions per a dispositius m\u00f2bils<\/a>&nbsp;de l\u2019Administraci\u00f3 de la Generalitat de Catalunya i del seu sector p\u00fablic (en endavant, Decret 216\/2023).<\/p>\n\n\n\n<p>La present declaraci\u00f3 d\u2019accessibilitat s\u2019aplica a l\u2019app Meteocat iOS disponible a l\u2019APP Store&nbsp;<a href=\"https:\/\/apps.apple.com\/es\/app\/meteocat\/id6477286914\">https:\/\/apps.apple.com\/es\/app\/meteocat\/id6477286914<\/a><\/p>\n\n\n\n<p><strong>S\u00f3n aplicables a aquesta aplicaci\u00f3 els requisits de la Norma UNE-EN 301549:2022 considerant les excepcions del RD 1112\/2018.<\/strong><\/p>\n\n\n\n<h2 class=\"taula-continguts-titol\" id=\"taula_continguts\">Taula de continguts<\/h2>\n\n\n\n<ol class=\"taula-continguts\"><li><a href=\"#bloc1\"> Situaci\u00f3 de compliment<\/a><\/li><li><a href=\"#bloc2\">Contingut no accessible<\/a><\/li><li><a href=\"#bloc3\">Preparaci\u00f3 de la present declaraci\u00f3 d\u2019accessibilitat<\/a><\/li><li><a href=\"#bloc4\">Observacions i dades de contacte<\/a><\/li><li><a href=\"#bloc8\">El comprom\u00eds del Servei Meteorol\u00f2gic de Catalunya per l\u2019accessibilitat<\/a><\/li><\/ol>\n\n\n\n<div style=\"height:50px\" aria-hidden=\"true\" class=\"wp-block-spacer\"><\/div>\n\n\n\n<hr class=\"wp-block-separator is-style-default\"\/>\n\n\n\n<div style=\"height:50px\" aria-hidden=\"true\" class=\"wp-block-spacer\"><\/div>\n\n\n\n<h2 id=\"bloc1\">Situaci\u00f3 de compliment<\/h2>\n\n\n\n<p>Aquesta aplicaci\u00f3 \u00e9s <strong>parcialment conforme<\/strong> amb el Reial Decret 1112\/2018, de 7 de setembre a causa de les excepcions i\/o la manca de conformitat dels aspectes que s\u2019indiquen a continuaci\u00f3.<\/p>\n\n\n\n<a href=\"#taula_continguts\" title=\"Puja\" class=\"go-top\">Puja<\/a>\n\n\n\n<div style=\"height:50px\" aria-hidden=\"true\" class=\"wp-block-spacer\"><\/div>\n\n\n\n<h2 id=\"bloc2\">Contingut no accessible<\/h2>\n\n\n\n<p>El contingut que es recull a continuaci\u00f3 no \u00e9s accessible pels seg\u00fcents motius:<\/p>\n\n\n\n<ul><li><strong>Manca de conformitat amb el Reial Decret 1112\/2018, de 7 de setembre<\/strong>:<ul><li>Hi ha informacions del contingut que, si b\u00e9 es perceben visualment, no es transmeten als productes de suport com lectors de pantalla. Alguns exemples poden ser: elements agrupats visualment que no estan identificats com a llistes, dades en format taula, t\u00edtols, identificaci\u00f3 de regions del contingut, relacions entre etiquetes i controls, etc&nbsp;<strong>(Criteri 11.1.3.1 de la norma UNE-EN 301549:2022).<\/strong><\/li><li>La visualitzaci\u00f3 dels continguts no \u00e9s adequada quan es modifica l\u2019orientaci\u00f3 de la pantalla en un dispositiu m\u00f2bil&nbsp;<strong>(Criteri 11.1.3.4 de la norma UNE-EN 301549:2022).<\/strong><\/li><li>S\u2019ha fet \u00fas del color per transmetre informaci\u00f3 sense oferir cap alternativa&nbsp;<strong>(Criteri 11.1.4.1 de la norma UNE-EN 301549:2022).<\/strong><\/li><li>El redimensionament del text fa que alguns continguts es superposin, es tallin o quedin ocults&nbsp;<strong>(Criteri 11.1.4.4 de la norma UNE-EN 301549:2022).<\/strong><\/li><li>El contrast de color entre elements no textuals i el fons \u00e9s insuficient&nbsp;<strong>(Criteri 11.1.4.11 de la norma UNE-EN 301549:2022).<\/strong><\/li><li>Hi ha elements que no s\u00f3n activables a trav\u00e9s de teclat o altres dispositius emuladors&nbsp;<strong>(Criteri 11.2.1.1 de la norma UNE-EN 301549:2022).<\/strong><\/li><li>La navegaci\u00f3 amb teclat no segueix un ordre l\u00f2gic en alguns continguts&nbsp;<strong>(Criteri 11.2.4.3 de la norma UNE-EN 301549:2022).<\/strong><\/li><li>Hi ha t\u00edtols o etiquetes que no transmeten de forma adequada el tema o el seu prop\u00f2sit&nbsp;<strong>(Criteri 11.2.4.6 de la norma UNE-EN 301549:2022).<\/strong><\/li><li>No hi ha una alternativa d\u2019un sol punter per un gest que utilitza m\u00e9s d\u2019un punter&nbsp;<strong>(Criteri 11.2.5.1 de la norma UNE-EN 301549:2022).<\/strong><\/li><li>NO s\u2019ha especificat l\u2019idioma principal del contingut&nbsp;<strong>(Criteri 11.3.1.1 de la norma UNE-EN 301549:2022).<\/strong><\/li><li>Hi ha elements que no transmeten el seu nom accessible, la funci\u00f3 que fan o amb quin valor han de ser interpretats pels productes de suport&nbsp;<strong>(Criteri 11.4.1.2 de la norma UNE-EN 301549:2022).<\/strong><\/li><li>Alguns requisits d\u2019accessibilitat no es compleixen quan es fan servir els serveis d\u2019accessibilitat del sistema operatiu&nbsp;<strong>(Criteri 11.5.2.3 de la norma UNE-EN 301549:2022).<\/strong><\/li><li>Els productes de suport no sempre poden determinar els rols, estats, l\u00edmits, nom i descripci\u00f3 dels elements de la interf\u00edcie d\u2019usuari&nbsp;<strong>(Criteri 11.5.2.5 de la norma UNE-EN 301549:2022).<\/strong><\/li><li>Els productes de suport no sempre poden determinar files, columnes i\/o cap\u00e7aleres de les taules de dades&nbsp;<strong>(Criteri 11.5.2.6 de la norma UNE-EN 301549:2022).<\/strong><\/li><li>Els productes de suport no sempre poden determinar la relaci\u00f3 entre els elements de la interf\u00edcie d\u2019usuari i les seves etiquetes&nbsp;<strong>(Criteri 11.5.2.8 de la norma UNE-EN 301549:2022).<\/strong><\/li><li>Els canvis dels atributs dels elements de la interf\u00edcie d\u2019usuari no sempre es notifiquen als productes de suport&nbsp;<strong>(Criteri 11.5.2.15 de la norma UNE-EN 301549:2022).<\/strong><\/li><li>la documentaci\u00f3 del producte subministrada no compleix amb els requisits d\u2019accessibilitat aplicables&nbsp;<strong>(Criteri 12.1.2 de la norma UNE-EN 301549:2022).<\/strong><\/li><li>P\u00e0gines web:<ul><li>El redimensionament del text fa que alguns continguts es superposin, es tallin o quedin ocults&nbsp;<strong>(Criteri 9.1.4.4 de la norma UNE-EN 301549:2022).<\/strong><\/li><li>HI ha contingut que requereix navegaci\u00f3 amb scroll de dos direccions per accedir a tota la informaci\u00f3 o funcionalitat&nbsp;<strong>(Criteri 9.1.4.10 de la norma UNE-EN 301549:2022).<\/strong><\/li><li>El contrast de color entre elements no textuals i el fons \u00e9s insuficient&nbsp;<strong>(Criteri 9.1.4.11 de la norma UNE-EN 301549:2022).<\/strong><\/li><li>La navegaci\u00f3 amb teclat no segueix un ordre l\u00f2gic en alguns continguts&nbsp;<strong>(Criteri 9.2.4.3 de la norma UNE-EN 301549:2022).<\/strong><\/li><li>No es compleixen tots els criteris de la norma UNE EN 301549:2022 que tenen el seu equivalent en les normes WCAG2.1&nbsp;<strong>(Criteri 9.6 de la norma UNE-EN 301549:2022).<\/strong><\/li><li>No es preserven les prefer\u00e8ncies d\u2019usuari&nbsp;<strong>(Criteri 11.7 de la norma UNE-EN 301549:2022).<\/strong><\/li><li>la documentaci\u00f3 del producte subministrada no compleix amb els requisits d\u2019accessibilitat aplicables&nbsp;<strong>(Criteri 12.1.2 de la norma UNE-EN 301549:2022).<\/strong><\/li><li>Tot i que s\u2019hi est\u00e0 treballant, el web podria contenir arxius ofim\u00e0tics en format PDF, de contingut multim\u00e8dia o d\u2019altres formats que no acompleixin tots els requeriments d\u2019accessibilitat.<\/li><\/ul><\/li><\/ul><\/li><\/ul>\n\n\n\n<ul><li><strong>C\u00e0rrega desproporcionada<\/strong>: no aplica.<\/li><li><strong>El contingut no entra dins de l\u2019\u00e0mbit de la legislaci\u00f3 aplicable<\/strong>: no aplica.<\/li><\/ul>\n\n\n\n<a href=\"#taula_continguts\" title=\"Puja\" class=\"go-top\">Puja<\/a>\n\n\n\n<div style=\"height:50px\" aria-hidden=\"true\" class=\"wp-block-spacer\"><\/div>\n\n\n\n<h2 id=\"bloc3\">Preparaci\u00f3 de la present declaraci\u00f3 d\u2019accessibilitat<\/h2>\n\n\n\n<p>La present declaraci\u00f3 va ser preparada el <strong>21 de novembre del 2025<\/strong>.<\/p>\n\n\n\n<p>El m\u00e8tode utilitzat per preparar la declaraci\u00f3 va ser l\u2019auditoria d\u2019accessibilitat externa duta a terme per la&nbsp;<a href=\"https:\/\/www.tothomweb.com\/\"><strong>consultora en accessibilitat web TOTHOMweb<\/strong><\/a><strong>, empresa auditora acreditada per<\/strong><a href=\"https:\/\/www.tothomweb.com\/enac\"><strong>&nbsp;ENAC<\/strong><\/a><strong>&nbsp;(<\/strong><strong>Entidad Nacional de Acreditaci\u00f3n).<\/strong><\/p>\n\n\n\n<p>Darrera revisi\u00f3 de la declaraci\u00f3: 21\/11\/2025.<\/p>\n\n\n\n<a href=\"#taula_continguts\" title=\"Puja\" class=\"go-top\">Puja<\/a>\n\n\n\n<div style=\"height:50px\" aria-hidden=\"true\" class=\"wp-block-spacer\"><\/div>\n\n\n\n<h2 id=\"bloc4\">Observacions i dades de contacte <\/h2>\n\n\n\n<h3 class=\"text-color\">Comunicacions<\/h3>\n\n\n\n<p>Es poden realitzar comunicacions sobre requisits d\u2019accessibilitat (article 10.2.a del Reial Decret 1112\/2018), a trav\u00e9s de la seg\u00fcent&nbsp;<strong><a href=\"https:\/\/www.meteo.cat\/wpweb\/contacte\/\">b\u00fastia de contacte<\/a><\/strong>&nbsp;o al tel\u00e8fon 935 676 090.<\/p>\n\n\n\n<p>Per exemple:<\/p>\n\n\n\n<ul><li>Informar sobre qualsevol possible incompliment per part d\u2019aquesta aplicaci\u00f3 m\u00f2bil.<\/li><li>Transmetre altres dificultats d\u2019acc\u00e9s al contingut.<\/li><li>Formular qualsevol altra consulta o suggeriment de millora relativa a l\u2019accessibilitat de l\u2019aplicaci\u00f3 m\u00f2bil.<\/li><\/ul>\n\n\n\n<p>Les comunicacions seran rebudes i traslladades per la Direcci\u00f3 General de Serveis Digitals i Experi\u00e8ncia Ciutadana, del Departament de la Presid\u00e8ncia, com a Unitat Responsable d\u2019Accessibilitat Web en l\u2019\u00e0mbit auton\u00f2mic.<\/p>\n\n\n\n<div style=\"height:20px\" aria-hidden=\"true\" class=\"wp-block-spacer\"><\/div>\n\n\n\n<h3 class=\"text-color\">Sol\u00b7licituds d\u2019informaci\u00f3 accessible i queixes<\/h3>\n\n\n\n<p>Per fer sol\u00b7licituds d\u2019informaci\u00f3 accessible i queixes (article 12 del Reial Decret 1112\/2018) cal accedir al tr\u00e0mit \u201c<strong><a href=\"https:\/\/web.gencat.cat\/ca\/tramits\/tramits-temes\/Continguts-accessibles-al-web\">Continguts accessibles<\/a><\/strong>\u201d i seguir la modalitat \u201c<strong><a href=\"https:\/\/web.gencat.cat\/ca\/tramits\/tramits-temes\/Continguts-accessibles-al-web\">Sol\u00b7licitar informaci\u00f3 accessible o fer una queixa<\/a><\/strong>\u201c.<\/p>\n\n\n\n<p>Qualsevol persona f\u00edsica o jur\u00eddica pot formular queixes relatives al compliment dels requisits del Reial Decret 1112\/2018 i sol\u00b7licitar informaci\u00f3 relativa a continguts que estiguin exclosos de l\u2019\u00e0mbit d\u2019aplicaci\u00f3 d\u2019aquesta normativa.<\/p>\n\n\n\n<p>Les sol\u00b7licituds i queixes es registren conforme als requisits establerts per la Llei 39\/2015 d\u20191 d\u2019octubre, del Procediment Administratiu Com\u00fa de les Administracions P\u00fabliques.<\/p>\n\n\n\n<div style=\"height:20px\" aria-hidden=\"true\" class=\"wp-block-spacer\"><\/div>\n\n\n\n<h3 class=\"text-color\">Procediment d\u2019aplicaci\u00f3<\/h3>\n\n\n\n<p>El procediment d\u2019aplicaci\u00f3 recollit a l\u2019article 13 del Reial Decret 1112\/2018 es pot iniciar al tr\u00e0mit \u201c<strong><a href=\"https:\/\/web.gencat.cat\/ca\/tramits\/tramits-temes\/Continguts-accessibles-al-web\">Continguts accessibles<\/a><\/strong>\u201d a trav\u00e9s de la modalitat \u201c<strong><a href=\"https:\/\/web.gencat.cat\/ca\/tramits\/tramits-temes\/Continguts-accessibles-al-web\">Reclamar una sol\u00b7licitud<\/a><\/strong>\u201c.<\/p>\n\n\n\n<p>Si es desestima la teva sol\u00b7licitud d\u2019informaci\u00f3 accessible, no est\u00e0s d\u2019acord amb la decisi\u00f3 adoptada o la resposta no compleix amb els requisits de l\u2019article 12.5 del RD 1112\/2018, pots reclamar per:<\/p>\n\n\n\n<ul><li>Con\u00e8ixer i oposar-te als motius de la desestimaci\u00f3.<\/li><li>Demanar que es prenguin les mesures oportunes en cas de no estar d\u2019acord amb la decisi\u00f3 adoptada.<\/li><li>Exposar les raons per les quals consideres que la resposta no compleix amb els requisits exigits.<\/li><\/ul>\n\n\n\n<p>Tamb\u00e9 es pot iniciar una reclamaci\u00f3 en cas que hagin transcorregut 20 dies h\u00e0bils sense haver obtingut cap resposta.<\/p>\n\n\n\n<p>Les reclamacions s\u00f3n rebudes i tractades pel\u00a0<a href=\"https:\/\/web.gencat.cat\/ca\/generalitat\/com-ens-organitzem\/departaments\/territori\">Departament de Territori, Habitatge i Transici\u00f3 Ecol\u00f2gica<\/a>\u00a0com\u00a0a superior jer\u00e0rquic de la Unitat Responsable d\u2019Accessibilitat (URA) del Servei Meteorol\u00f2gic de Catalunya<\/p>\n\n\n\n<a href=\"#taula_continguts\" title=\"Puja\" class=\"go-top\">Puja<\/a>\n\n\n\n<div style=\"height:50px\" aria-hidden=\"true\" class=\"wp-block-spacer\"><\/div>\n\n\n\n<h2 id=\"bloc8\">El comprom\u00eds del Servei Meteorol\u00f2gic de Catalunya per l\u2019accessibilitat<\/h2>\n\n\n\n<p>L\u2019aplicaci\u00f3 meteocat s\u2019ha constru\u00eft amb l\u2019\u00e0nim de facilitar l\u2019acc\u00e9s universal a totes les persones que el consulten independentment de les seves capacitats, f\u00edsiques, sensorials o intel\u00b7lectuals, i del context t\u00e8cnic d\u2019\u00fas amb qu\u00e8 ho fan (tipus de dispositiu, velocitat de la connexi\u00f3, condicions ambientals, etc.).<\/p>\n\n\n\n<p>Per aix\u00f2, treballem amb l\u2019objectiu d\u2019adaptar l\u2019aplicaci\u00f3 m\u00f2bil a les recomanacions del Consorci World Wide Web W3C&nbsp;per tal d\u2019eliminar les barreres que dificulten l\u2019acc\u00e9s a la informaci\u00f3 i la comunicaci\u00f3.<\/p>\n\n\n\n<p>El comprom\u00eds del Servei Meteorol\u00f2gic de Catalunya \u00e9s arribar a complir el nivell de conformitat \u2018Doble-A\u2019 (AA), tal com exigeixen a les administracions p\u00fabliques les legislacions europea i estatal.<\/p>\n\n\n\n<p>La&nbsp;<strong>Directiva (UE) 2016\/2102 del Parlament Europeu i del Consell de 26 d\u2019octubre de 2016<\/strong>&nbsp;estableix les normes que s\u2019exigeixen als estats membres per tal que tots els webs i aplicacions m\u00f2bils del sector p\u00fablic, independentment del dispositiu utilitzat per accedir-hi, compleixin els requisits d\u2019accessibilitat que es recullen a la&nbsp;<strong>norma EN 301 549 v3.2.1 (de mar\u00e7 de 2021)<\/strong>, de requisits d\u2019accessibilitat adequats per a la contractaci\u00f3 p\u00fablica de productes i serveis TIC a Europa.<\/p>\n\n\n\n<p>La norma EN 301 549 v3.2.1 es basa principalment en les&nbsp;<strong>Web Content Accessibility Guidelines (WCAG) 2.1, d\u2019agost de 2018<\/strong>. Concretament cal complir el nivell AA. No obstant aix\u00f2, la norma tamb\u00e9 t\u00e9 altres requisits addicionals, obligatoris i condicionals.<\/p>\n\n\n\n<p>La directiva \u00e9s d\u2019obligat compliment per\u00f2 no \u00e9s directament aplicable, per aix\u00f2 en l\u2019\u00e0mbit estatal s\u2019ha desenvolupat un real decret que desenvolupa l\u2019abast i els requisits, com a m\u00ednim. La transposici\u00f3 estatal \u00e9s el&nbsp;<strong>Reial Decret 1112\/2018, de 7 de setembre<\/strong>, sobre accessibilitat dels llocs webs i aplicacions per a dispositius m\u00f2bils del sector p\u00fablic.<\/p>\n\n\n\n<a href=\"#taula_continguts\" title=\"Puja\" class=\"go-top\">Puja<\/a>\n\n\n\n<p><\/p>\n","protected":false},"excerpt":{"rendered":"<p>El Servei Meteorol\u00f2gic de Catalunya s\u2019ha comprom\u00e8s a fer accessible la seva aplicaci\u00f3 de conformitat amb el&nbsp;Reial Decret 1112\/2018, de 7 de setembre, sobre accessibilitat dels llocs web i aplicacions per a dispositius m\u00f2bils del sector p\u00fablic&nbsp;(en endavant, Reial Decret 1112\/2018, de 7 de setembre) i amb el&nbsp;Decret 216\/2023, de 5 de desembre, sobre accessibilitat [&hellip;]<\/p>\n","protected":false},"author":5,"featured_media":0,"parent":40434,"menu_order":0,"comment_status":"closed","ping_status":"closed","template":"template-sidebar.php","meta":{"_mi_skip_tracking":false,"_monsterinsights_sitenote_active":false,"_monsterinsights_sitenote_note":"","_monsterinsights_sitenote_category":0},"_links":{"self":[{"href":"https:\/\/www.meteo.cat\/wpweb\/wp-json\/wp\/v2\/pages\/40152"}],"collection":[{"href":"https:\/\/www.meteo.cat\/wpweb\/wp-json\/wp\/v2\/pages"}],"about":[{"href":"https:\/\/www.meteo.cat\/wpweb\/wp-json\/wp\/v2\/types\/page"}],"author":[{"embeddable":true,"href":"https:\/\/www.meteo.cat\/wpweb\/wp-json\/wp\/v2\/users\/5"}],"replies":[{"embeddable":true,"href":"https:\/\/www.meteo.cat\/wpweb\/wp-json\/wp\/v2\/comments?post=40152"}],"version-history":[{"count":7,"href":"https:\/\/www.meteo.cat\/wpweb\/wp-json\/wp\/v2\/pages\/40152\/revisions"}],"predecessor-version":[{"id":44672,"href":"https:\/\/www.meteo.cat\/wpweb\/wp-json\/wp\/v2\/pages\/40152\/revisions\/44672"}],"up":[{"embeddable":true,"href":"https:\/\/www.meteo.cat\/wpweb\/wp-json\/wp\/v2\/pages\/40434"}],"wp:attachment":[{"href":"https:\/\/www.meteo.cat\/wpweb\/wp-json\/wp\/v2\/media?parent=40152"}],"curies":[{"name":"wp","href":"https:\/\/api.w.org\/{rel}","templated":true}]}}