{"id":39737,"date":"2024-02-19T16:36:05","date_gmt":"2024-02-19T16:36:05","guid":{"rendered":"https:\/\/www.meteo.cat\/wpweb\/?page_id=39737"},"modified":"2024-05-27T13:58:53","modified_gmt":"2024-05-27T13:58:53","slug":"avis-legal-de-lapp","status":"publish","type":"page","link":"https:\/\/www.meteo.cat\/wpweb\/serveis\/cataleg-de-serveis\/serveis-oberts\/app-meteocat\/avis-legal-de-lapp\/","title":{"rendered":"Av\u00eds legal de l&#8217;app"},"content":{"rendered":"\n<h2 class=\"taula-continguts-titol\" id=\"taula_continguts\">Taula de continguts<\/h2>\n\n\n\n<ol class=\"taula-continguts\"><li><a href=\"#condicions\">Condicions associades a la recepci\u00f3 de notificacions d\u2019avisos de l\u2019app<\/a><\/li><li><a href=\"#reutilitzacio\">Reutilitzaci\u00f3 de la informaci\u00f3 de l\u2019app<\/a><\/li><\/ol>\n\n\n\n<div style=\"height:50px\" aria-hidden=\"true\" class=\"wp-block-spacer\"><\/div>\n\n\n\n<hr class=\"wp-block-separator is-style-default\"\/>\n\n\n\n<div style=\"height:50px\" aria-hidden=\"true\" class=\"wp-block-spacer\"><\/div>\n\n\n\n<h2 id=\"condicions\">Condicions associades a la recepci\u00f3 de notificacions d\u2019avisos de l&#8217;app<\/h2>\n\n\n\n<p>L\u2019usuari de l\u2019aplicaci\u00f3 rebr\u00e0 notificacions que ell hagi activat. Les notificacions poden ser de situacions meteorol\u00f2giques de perill i\/o quan se superin els valors indicats de les variables escollides de les estacions meteorol\u00f2giques autom\u00e0tiques.<\/p>\n\n\n\n<p>L\u2019usuari pot configurar la recepci\u00f3 de les notificacions indicant el municipi o la comarca del seu inter\u00e8s. El Servei Meteorol\u00f2gic de Catalunya emmagatzema la darrera ubicaci\u00f3. Aquesta informaci\u00f3 no permet identificar el ciutad\u00e0, i en cap cas ser\u00e0 utilitzada amb cap altre objectiu ni ser\u00e0 cedida a terceres persones.<\/p>\n\n\n\n<p>La recepci\u00f3 de les notificacions es pot &nbsp;veure perjudicada en una situaci\u00f3 d\u2019emerg\u00e8ncia com ara:<\/p>\n\n\n\n<ul><li>la cobertura de dades a terminals m\u00f2bils<\/li><li>l&#8217;estat de les xarxes de telecomunicacions<\/li><li>la qualitat en la distribuci\u00f3 de notificacions per part del fabricant del corresponent sistema operatiu del m\u00f2bil<\/li><li>el bon estat i configuraci\u00f3 del terminal m\u00f2bil<\/li><\/ul>\n\n\n\n<p>El Servei Meteorol\u00f2gic de Catalunya no es fa responsable pels danys, perjudicis, p\u00e8rdues, reclamacions o despeses produ\u00efdes pel funcionament incorrecte del servei de notificacions. Es recomana que l\u2019usuari de l\u2019aplicaci\u00f3 s\u2019informi tamb\u00e9 a trav\u00e9s dels altres canals de comunicaci\u00f3.<\/p>\n\n\n\n<a href=\"#taula_continguts\" title=\"Puja\" class=\"go-top\">Puja<\/a>\n\n\n\n<div style=\"height:50px\" aria-hidden=\"true\" class=\"wp-block-spacer\"><\/div>\n\n\n\n<h2 id=\"reutilitzacio\">Reutilitzaci\u00f3 de la informaci\u00f3 de l&#8217;app<\/h2>\n\n\n\n<p>La Llei 37\/2007, de 16 de novembre, sobre reutilitzaci\u00f3 de la informaci\u00f3 del sector p\u00fablic, que transposa la Directiva 2003\/98\/CE del Parlament Europeu i del Consell, regula la reutilitzaci\u00f3 de la informaci\u00f3 p\u00fablica de qu\u00e8 disposen les administracions i organismes en qu\u00e8 participen majorit\u00e0riament, \u00e9s a dir, el dret de tots els agents potencials del mercat a la reutilitzaci\u00f3 de la informaci\u00f3 de les inst\u00e0ncies p\u00fabliques. D\u2019acord amb aquesta normativa, l\u2019Administraci\u00f3 permet la reproducci\u00f3, la distribuci\u00f3 i la comunicaci\u00f3 p\u00fablica de l\u2019obra i, a m\u00e9s, la transformaci\u00f3 de l\u2019obra per fer-ne obres derivades, sempre que no es contradigui amb la llic\u00e8ncia o av\u00eds que pugui tenir una obra i que \u00e9s la que preval.<\/p>\n\n\n\n<p>Per reutilitzar la informaci\u00f3, cal seguir les condicions seg\u00fcents:<\/p>\n\n\n\n<ul><li>No desnaturalitzar el sentit de la informaci\u00f3<\/li><li>Citar el Servei Meteorol\u00f2gic de Catalunya de la Generalitat de Catalunya com a font de la informaci\u00f3<\/li><li>Mencionar la data de l&#8217;\u00faltima actualitzaci\u00f3 de la informaci\u00f3<\/li><\/ul>\n\n\n\n<p>Aix\u00ed mateix, la reutilitzaci\u00f3 es pot limitar per la tutela d\u2019altres b\u00e9ns jur\u00eddics prioritaris, com ara la protecci\u00f3 de les dades personals, la intimitat o els drets de protecci\u00f3 intel\u00b7lectual de tercers. La reutilitzaci\u00f3 d\u2019obres protegides per la propietat intel\u00b7lectual es pot formalitzar mitjan\u00e7ant l\u2019\u00fas de llic\u00e8ncies de difusi\u00f3 oberta, com les de Creative Commons, que cedeixen determinats drets d\u2019explotaci\u00f3 de les obres. En els continguts on s\u2019apliqui aquest tipus de llic\u00e8ncies, es permet la reutilitzaci\u00f3 en les condicions que s\u2019hi estableixin.<\/p>\n\n\n\n<p>No s\u2019autoritza en cap cas l\u2019\u00fas de logotips, marques, escuts i s\u00edmbols distintius de la Generalitat de Catalunya en publicacions, webs i serveis per a m\u00f2bils que no siguin participats o patrocinats per aquesta instituci\u00f3. Aquests elements d\u2019identitat gr\u00e0fica corporativa s\u00f3n propietat exclusiva de la Generalitat de Catalunya i estan protegits per la legislaci\u00f3 vigent aplicable.<\/p>\n\n\n\n<a href=\"#taula_continguts\" title=\"Puja\" class=\"go-top\">Puja<\/a>\n","protected":false},"excerpt":{"rendered":"<p>Taula de continguts Condicions associades a la recepci\u00f3 de notificacions d\u2019avisos de l\u2019app Reutilitzaci\u00f3 de la informaci\u00f3 de l\u2019app Condicions associades a la recepci\u00f3 de notificacions d\u2019avisos de l&#8217;app L\u2019usuari de l\u2019aplicaci\u00f3 rebr\u00e0 notificacions que ell hagi activat. Les notificacions poden ser de situacions meteorol\u00f2giques de perill i\/o quan se superin els valors indicats de [&hellip;]<\/p>\n","protected":false},"author":5,"featured_media":0,"parent":40434,"menu_order":10,"comment_status":"closed","ping_status":"closed","template":"template-sidebar.php","meta":{"_mi_skip_tracking":false,"_monsterinsights_sitenote_active":false,"_monsterinsights_sitenote_note":"","_monsterinsights_sitenote_category":0},"_links":{"self":[{"href":"https:\/\/www.meteo.cat\/wpweb\/wp-json\/wp\/v2\/pages\/39737"}],"collection":[{"href":"https:\/\/www.meteo.cat\/wpweb\/wp-json\/wp\/v2\/pages"}],"about":[{"href":"https:\/\/www.meteo.cat\/wpweb\/wp-json\/wp\/v2\/types\/page"}],"author":[{"embeddable":true,"href":"https:\/\/www.meteo.cat\/wpweb\/wp-json\/wp\/v2\/users\/5"}],"replies":[{"embeddable":true,"href":"https:\/\/www.meteo.cat\/wpweb\/wp-json\/wp\/v2\/comments?post=39737"}],"version-history":[{"count":9,"href":"https:\/\/www.meteo.cat\/wpweb\/wp-json\/wp\/v2\/pages\/39737\/revisions"}],"predecessor-version":[{"id":40513,"href":"https:\/\/www.meteo.cat\/wpweb\/wp-json\/wp\/v2\/pages\/39737\/revisions\/40513"}],"up":[{"embeddable":true,"href":"https:\/\/www.meteo.cat\/wpweb\/wp-json\/wp\/v2\/pages\/40434"}],"wp:attachment":[{"href":"https:\/\/www.meteo.cat\/wpweb\/wp-json\/wp\/v2\/media?parent=39737"}],"curies":[{"name":"wp","href":"https:\/\/api.w.org\/{rel}","templated":true}]}}