{"id":38852,"date":"2023-10-05T06:43:58","date_gmt":"2023-10-05T06:43:58","guid":{"rendered":"https:\/\/www.meteo.cat\/wpweb\/?page_id=38852"},"modified":"2026-01-27T08:30:29","modified_gmt":"2026-01-27T08:30:29","slug":"atles-climatic","status":"publish","type":"page","link":"https:\/\/www.meteo.cat\/wpweb\/climatologia\/el-clima\/atles-climatic\/","title":{"rendered":"Atles clim\u00e0tic 1991 &#8211; 2020"},"content":{"rendered":"\n<p>L\u2019Atles Clim\u00e0tic 1991\u20132020 ofereix una visi\u00f3 completa i actualitzada del clima del territori mitjan\u00e7ant la representaci\u00f3 cartogr\u00e0fica de les variables termopluviom\u00e8triques. Basat en el darrer per\u00edode de refer\u00e8ncia clim\u00e0tica establert internacionalment, l\u2019atles integra tant les <strong>condicions mitjanes <\/strong>com els <strong>fen\u00f2mens extrems<\/strong>, que inclouen episodis de calor o fred intens, freq\u00fc\u00e8ncia de pluges intenses i altres indicadors de risc.<\/p>\n\n\n\n<p>A trav\u00e9s de mapes d\u2019alta resoluci\u00f3 i d\u2019una an\u00e0lisi rigorosa de les dades, aquest recull permet comprendre com es distribueix el clima al llarg del territori i del temps, quins patrons i contrastos hi apareixen i com es manifesten els valors m\u00e9s habituals i els m\u00e9s extrems. L\u2019atles \u00e9s una eina \u00fatil tant per a la recerca i la gesti\u00f3 ambiental com per a la planificaci\u00f3 territorial, l\u2019adaptaci\u00f3 al canvi clim\u00e0tic i la divulgaci\u00f3 cient\u00edfica.<\/p>\n\n\n\n<p>S&#8217;ha realitzat una publicaci\u00f3 que mostra dels mapes i altres materials m\u00e9s representatius de les diferents variables clim\u00e0tiques del nostre pa\u00eds, consulteu el pdf de l&#8217;<a href=\"https:\/\/static-m.meteo.cat\/wordpressweb\/wp-content\/uploads\/2026\/01\/27082851\/SMC-Atles_climatic_de_Catalunya-digital_v2.pdf\">Atles Clim\u00e0tic de Catalunya 1991-2020<\/a> (2,5MB).<\/p>\n\n\n\n<p><\/p>\n","protected":false},"excerpt":{"rendered":"<p>L\u2019Atles Clim\u00e0tic 1991\u20132020 ofereix una visi\u00f3 completa i actualitzada del clima del territori mitjan\u00e7ant la representaci\u00f3 cartogr\u00e0fica de les variables termopluviom\u00e8triques. Basat en el darrer per\u00edode de refer\u00e8ncia clim\u00e0tica establert internacionalment, l\u2019atles integra tant les condicions mitjanes com els fen\u00f2mens extrems, que inclouen episodis de calor o fred intens, freq\u00fc\u00e8ncia de pluges intenses i altres [&hellip;]<\/p>\n","protected":false},"author":5,"featured_media":0,"parent":35826,"menu_order":2,"comment_status":"closed","ping_status":"closed","template":"","meta":{"_mi_skip_tracking":false,"_monsterinsights_sitenote_active":false,"_monsterinsights_sitenote_note":"","_monsterinsights_sitenote_category":0},"_links":{"self":[{"href":"https:\/\/www.meteo.cat\/wpweb\/wp-json\/wp\/v2\/pages\/38852"}],"collection":[{"href":"https:\/\/www.meteo.cat\/wpweb\/wp-json\/wp\/v2\/pages"}],"about":[{"href":"https:\/\/www.meteo.cat\/wpweb\/wp-json\/wp\/v2\/types\/page"}],"author":[{"embeddable":true,"href":"https:\/\/www.meteo.cat\/wpweb\/wp-json\/wp\/v2\/users\/5"}],"replies":[{"embeddable":true,"href":"https:\/\/www.meteo.cat\/wpweb\/wp-json\/wp\/v2\/comments?post=38852"}],"version-history":[{"count":23,"href":"https:\/\/www.meteo.cat\/wpweb\/wp-json\/wp\/v2\/pages\/38852\/revisions"}],"predecessor-version":[{"id":44907,"href":"https:\/\/www.meteo.cat\/wpweb\/wp-json\/wp\/v2\/pages\/38852\/revisions\/44907"}],"up":[{"embeddable":true,"href":"https:\/\/www.meteo.cat\/wpweb\/wp-json\/wp\/v2\/pages\/35826"}],"wp:attachment":[{"href":"https:\/\/www.meteo.cat\/wpweb\/wp-json\/wp\/v2\/media?parent=38852"}],"curies":[{"name":"wp","href":"https:\/\/api.w.org\/{rel}","templated":true}]}}