{"id":36946,"date":"2023-01-18T14:26:47","date_gmt":"2023-01-18T14:26:47","guid":{"rendered":"https:\/\/www.meteo.cat\/wpweb\/?page_id=36946"},"modified":"2023-01-18T15:12:24","modified_gmt":"2023-01-18T15:12:24","slug":"1898-01-12_125-anys-aiguat-sant-antoni-1887125-anys-de-laiguat-de-sant-antoni-de-gener-de-1898","status":"publish","type":"page","link":"https:\/\/www.meteo.cat\/wpweb\/divulgacio\/publicacions\/efemerides\/1898-01-12_125-anys-aiguat-sant-antoni-1887125-anys-de-laiguat-de-sant-antoni-de-gener-de-1898\/","title":{"rendered":"125 anys de l\u2019Aiguat de Sant Antoni de gener de 1898"},"content":{"rendered":"\n<p><strong>PUBLICADA EL 16\/01\/2023<\/strong><\/p>\n\n\n\n<p>(descarrega\u2019l en format\u00a0<a href=\"https:\/\/static-m.meteo.cat\/wordpressweb\/wp-content\/uploads\/2023\/01\/16132458\/1898-01-12-17_aigu_gral.pdf\">PDF<\/a>)<\/p>\n\n\n\n<p>Entre el 12 i 17 de gener de 1898 va tenir lloc un important temporal de pluja, conegut amb el nom popular d\u2019Aiguat, Temporal o Riuada de Sant Antoni, que va provocar pluja molt abundant i continuada aix\u00ed com inundacions molt greus en desbordar-se tots els rius del litoral i prelitoral de Catalunya, des de l&#8217;Ebre (Baix Ebre) fins a l&#8217;Agl\u00ed (Rossell\u00f3).<\/p>\n\n\n\n<p>Es van acumular m\u00e9s de 350 mm en sis dies a punts del quadrant nord-est del pa\u00eds, i probablement quantitats superiors al Montseny, la serralada Transversal, l\u2019Albera, les Salines i el Canig\u00f3. Les inundacions van provocar 3 v\u00edctimes mortals a la conca del Llobregat i nombrosos danys materials en hortes, murs, cases aix\u00ed com en les infraestructures vi\u00e0ries i ferrovi\u00e0ries.<\/p>\n\n\n\n<p>El 17 de gener \u00e9s la Diada de Sant Antoni Abat, d\u2019aqu\u00ed el nom popular d\u2019aquest important temporal de pluja.<\/p>\n\n\n\n<div class=\"wp-block-image\"><figure class=\"aligncenter size-large\"><a href=\"https:\/\/static-m.meteo.cat\/wordpressweb\/wp-content\/uploads\/2023\/01\/12161515\/Foto-pont_de_St_Boi-Llobregat-destrossat-GEN1898-La_Hormiga_de_Oro-anyXV-n4-31GEN1898.jpg\"><img loading=\"lazy\" width=\"588\" height=\"418\" src=\"https:\/\/static-m.meteo.cat\/wordpressweb\/wp-content\/uploads\/2023\/01\/12161515\/Foto-pont_de_St_Boi-Llobregat-destrossat-GEN1898-La_Hormiga_de_Oro-anyXV-n4-31GEN1898.jpg\" alt=\"Pont de Sant Boi del Llobregat destrossat per la for\u00e7a de les aig\u00fces durant l'Aiguat de Sant Antoni de 1898.\" class=\"wp-image-36900\"\/><\/a><figcaption>Pont de Sant Boi de Llobregat destrossat per la for\u00e7a de les aig\u00fces del Llobregat durant l\u2019Aiguat de Sant Antoni de gener de 1898. Fotografia de la revista \u201cLa Hormiga de Oro\u201d, any XV, n\u00fam. 4 de 31 de gener de 1898 (Font: BNE &#8211; Biblioteca Nacional d\u2019Espanya).<\/figcaption><\/figure><\/div>\n\n\n\n<div class=\"wp-block-image\"><figure class=\"aligncenter size-large\"><a href=\"https:\/\/static-m.meteo.cat\/wordpressweb\/wp-content\/uploads\/2023\/01\/12161514\/Foto-AS_Xatart-pont_tramvia_a_BDN-destrossat-St_Adria_de_Besos-La_Ilustracion_Artisitica-n840-31GEN1898.jpg\"><img loading=\"lazy\" width=\"887\" height=\"356\" src=\"https:\/\/static-m.meteo.cat\/wordpressweb\/wp-content\/uploads\/2023\/01\/12161514\/Foto-AS_Xatart-pont_tramvia_a_BDN-destrossat-St_Adria_de_Besos-La_Ilustracion_Artisitica-n840-31GEN1898.jpg\" alt=\"Pont de Sant Adri\u00e0 de Bes\u00f2s destrossat per la for\u00e7a de les aig\u00fces del Bes\u00f2s durant l'Aiguat de Sant Antoni de gener de 1898.\" class=\"wp-image-36898\"\/><\/a><figcaption>Pont de la carretera de Matar\u00f3 i del tramvia a Badalona, a Sant Adri\u00e0 de Bes\u00f2s (Barcelon\u00e8s), destrossat per la for\u00e7a de les aig\u00fces del Bes\u00f2s durant l\u2019Aiguat de Sant Antoni de gener de 1898. Fotografia d\u2019A.S. Xatart, de la revista \u201cLa Ilustraci\u00f3n Art\u00edstica\u201d, any XVII, n\u00fam. 840 de 31 de gener de 1898 (Font: BNE &#8211; Biblioteca Nacional d\u2019Espanya).<\/figcaption><\/figure><\/div>\n\n\n\n<div class=\"wp-block-image\"><figure class=\"aligncenter size-large\"><a href=\"https:\/\/static-m.meteo.cat\/wordpressweb\/wp-content\/uploads\/2023\/01\/12161514\/Foto-AS_Xatart-Can_Canalies-destrossada-St_Joan_Despi-La_Ilustracion_Artisitica-n840-31GEN1898.jpg\"><img loading=\"lazy\" width=\"389\" height=\"414\" src=\"https:\/\/static-m.meteo.cat\/wordpressweb\/wp-content\/uploads\/2023\/01\/12161514\/Foto-AS_Xatart-Can_Canalies-destrossada-St_Joan_Despi-La_Ilustracion_Artisitica-n840-31GEN1898.jpg\" alt=\"Can Canalies a Sant Joan Desp\u00ed malm\u00e8s per la for\u00e7a de les aig\u00fces del Llobregat durant l'Aiguat de Sant Antoni de gener de 1898.\" class=\"wp-image-36899\"\/><\/a><figcaption>Part de Can Canalies, a Sant Joan Desp\u00ed (Baix Llobergat), destrossada per la for\u00e7a de les aig\u00fces del Llobregat durant l\u2019Aiguat de Sant Antoni de gener de 1898. Fotografia d\u2019A.S. Xatart, de la revista \u201cLa Ilustraci\u00f3n Art\u00edstica\u201d, any XVII, n\u00fam. 840 de 31 de gener de 1898 (Font: BNE &#8211; Biblioteca Nacional d\u2019Espanya).<\/figcaption><\/figure><\/div>\n\n\n\n<h2>Descripci\u00f3 general<\/h2>\n\n\n\n<p>L\u2019estiu i la tardor de 1897 havien estat plujosos o molt plujosos a gran part de Catalunya, per\u00f2 sobretot al quadrant nord-est. L\u2019agost i el setembre van presentar for\u00e7a activitat tempestuosa i la resta de mesos van ser plujosos o molt plujosos. Durant els mesos previs, d\u2019octubre a desembre, van tenir lloc quatre temporals de pluja destacables:<\/p>\n\n\n\n<ol><li>Del 30 de setembre al 2 d\u2019octubre de 1897, amb valors m\u00e0xims superiors als 100 mm aix\u00ed com diverses inundacions a les conques del Llobregat i el Bes\u00f2s i el desbordament de les rieres del pla de Barcelona i del Maresme.Del 30 de setembre al 2 d\u2019octubre de 1897, amb valors m\u00e0xims superiors als 100 mm aix\u00ed com diverses inundacions a les conques del Llobregat i el Bes\u00f2s i el desbordament de les rieres del pla de Barcelona i del Maresme.<\/li><li>Del 1r al 4 de novembre de 1897, amb valors m\u00e0xims superiors als 200 mm aix\u00ed com nombroses inundacions a la conca de la Tordera i el desbordament dels barrancs del Baix Ebre i les rieres del Maresme.<\/li><li>De l\u201911 al 14 de novembre de 1897, amb valors m\u00e0xims superiors als 150 mm aix\u00ed com un nombre important d\u2019inundacions a les conques del Fluvi\u00e0 i la Muga i el desbordament de les rieres del Maresme i del Cap de Creus.<\/li><li>Del 17 al 20 de desembre de 1897, amb valors m\u00e0xims superiors als 125 mm aix\u00ed com algunes inundacions a la conca de l\u2019Anoia i el Ter.<\/li><\/ol>\n\n\n\n<p>L\u2019Aiguat de Sant Antoni es va produir despr\u00e9s d\u2019un temporal de pluja previ, <strong>del 7 al 9 de gener de 1898<\/strong>, no tan intens, per\u00f2 que va deixar el terreny saturat i valors m\u00e0xims acumulats superiors als <strong>150 mm<\/strong> al sector nord-est del pa\u00eds. Per tant, la precipitaci\u00f3 caiguda durant el temporal de Sant Antoni va anar a parar als cursos fluvials incrementant notablement els cabals, que ja eren for\u00e7a elevats.<\/p>\n\n\n\n<p>Del 12 al 17 de gener de 1898 va tenir lloc un important temporal de llevant que va afectar principalment la meitat oriental del pa\u00eds, amb pluja molt abundant els dies 12, 13, 15 i 16; i pluja m\u00e9s continuada i moderada els dies 14 i 17.<\/p>\n\n\n\n<p>A l\u2019any 1898 hi havia molt poques estacions manuals disponibles a Catalunya (29, en total), per\u00f2 tot i aix\u00ed, com que es trobaven distribu\u00efdes de manera for\u00e7a homog\u00e8nia per la meitat est del pa\u00eds, es pot extreure una bona idea general de com es va comportar aquest temporal de llevant. El valors de precipitaci\u00f3 van superar els 350 mm del 12 al 17 de gener de 1898 a punts del quadrant nord-est de Catalunya i probablement quantitats superiors al Montseny, la serralada Transversal, l\u2019Albera, les Salines i el Canig\u00f3.<\/p>\n\n\n\n<p>En detall, la distribuci\u00f3 de la precipitaci\u00f3 di\u00e0ria durant el temporal de pluja va ser la seg\u00fcent:<\/p>\n\n\n\n<ul><li>El dia 12, la pluja va comen\u00e7ar a caure de manera feble a gran part del pa\u00eds, tret d\u2019alguns punts del litoral i del prelitoral on van superar-se els 40 mm: 76,0 mm a Sant Hilari Sacalm (Selva), 43,0 mm a Vilanova i la Geltr\u00fa (Garraf) i 42,8 mm a Roses (Alt Empord\u00e0).<\/li><li>El dia 13, va ploure de manera general a tota la meitat oriental del pa\u00eds, amb valors m\u00e0xims de precipitaci\u00f3 superiors als 80 mm a la Selva i el Giron\u00e8s: 86,0 mm a Sant Hilari Sacalm i 83,5 mm a Girona.<\/li><li>El dia 14, la precipitaci\u00f3 es va mantenir al quadrant nord-est, on va ploure de forma continuada i amb intensitat moderada. Es van registrar valors superiors als 50 mm al Rossell\u00f3: 57,5 mm a Perpiny\u00e0 i 34,0 mm a Sant Hilari Sacalm (Selva). En canvi, va haver-hi poca pluja o res de la Tordera cap al sud.<\/li><li>El dia 15, va tornar a intensificar-se la precipitaci\u00f3 a tota la meitat est del pa\u00eds, amb valors acumulats importants a la Selva, el Vall\u00e8s i el Maresme: 76,0 mm a Sant Hilari Sacalm i 57,8 mm a Terrassa (Vall\u00e8s Occidental).<\/li><li>El dia 16, la precipitaci\u00f3 va ser for\u00e7a general i d\u2019intensitat elevada, amb valors m\u00e0xims superiors als 80 mm a la Selva i el Vall\u00e8s: 93,0 mm a Sant Hilari Sacalm i 80,0 mm a Terrassa.<\/li><li>El dia 17, la precipitaci\u00f3 va anar a la baixa, tant en intensitat com en valors acumulats, per\u00f2 va continuar sent for\u00e7a general a gran part del pa\u00eds. Tot i aix\u00ed, es van acumular valors superiors als 50 mm en zones litorals i de l\u2019interior: 58 mm a Vilanova i la Geltr\u00fa, 55,3 mm a Roses i 53,8 mm a Granyena de Segarra (Segarra).<\/li><\/ul>\n\n\n\n<p>A la seg\u00fcent taula es mostra un llistat amb els valors de precipitaci\u00f3 acumulada superiors als 100 mm des de les 08 UTC del 12\/01\/1898 fins a les 08 UTC del 18\/01\/1898 en totes les estacions meteorol\u00f2giques manuals que es trobaven en funcionament aleshores amb dades coherents (27, en total). Com a valors m\u00e0xims cal destacar els 384,0 mm a Sant Hilari de Sacalm (Selva) i 351,2 mm a Prada (Conflent).<\/p>\n\n\n\n<figure class=\"wp-block-table aligncenter is-style-regular\"><table><thead><tr><th>Estaci\u00f3<\/th><th>Comarca<\/th><th>Precipitaci\u00f3 en mm 12-17 gener 1898<\/th><\/tr><\/thead><tbody><tr><td>Sant Hilari Sacalm<\/td><td>Selva<\/td><td>384,0<\/td><\/tr><tr><td>Prada<\/td><td>Conflent<\/td><td>351,2<\/td><\/tr><tr><td>Girona \u2013 Antic Institut<\/td><td>Giron\u00e8s<\/td><td>246,0<\/td><\/tr><tr><td>Terrassa \u2013 Escoles Pies<\/td><td>Vall\u00e8s Occidental<\/td><td>235,3<\/td><\/tr><tr><td>Roses<\/td><td>Alt Empord\u00e0<\/td><td>219,2<\/td><\/tr><tr><td>Granyena de Segarra<\/td><td>Segarra<\/td><td>216,5<\/td><\/tr><tr><td>Sabadell \u2013 Escoles Pies<\/td><td>Vall\u00e8s Occidental<\/td><td>193,5<\/td><\/tr><tr><td>Barcelona \u2013 pla\u00e7a de la Universitat<\/td><td>Barcelon\u00e8s<\/td><td>179,2<\/td><\/tr><tr><td>Caldes de Montbu\u00ed<\/td><td>Vall\u00e8s Oriental<\/td><td>178,3<\/td><\/tr><tr><td>Vernet<\/td><td>Conflent<\/td><td>166,2<\/td><\/tr><tr><td>Vilanova i la Geltr\u00fa<\/td><td>Garraf<\/td><td>161,3<\/td><\/tr><tr><td>Montllu\u00eds<\/td><td>Conflent<\/td><td>159,0<\/td><\/tr><tr><td>Perpiny\u00e0 \u2013 Observatori<\/td><td>Rossell\u00f3<\/td><td>157,1<\/td><\/tr><tr><td>Matar\u00f3 \u2013 Escoles Pies<\/td><td>Maresme<\/td><td>152,9<\/td><\/tr><tr><td>Canet de Mar<\/td><td>Maresme<\/td><td>130,0<\/td><\/tr><tr><td>Far de Sant Sebasti\u00e0<\/td><td>Baix Empord\u00e0<\/td><td>126,3<\/td><\/tr><tr><td>Barcelona \u2013 Granja Experimental<\/td><td>Barcelon\u00e8s<\/td><td>126,1<\/td><\/tr><tr><td>Cardedeu \u2013 Casa Balvey<\/td><td>Vall\u00e8s Oriental<\/td><td>121,0<\/td><\/tr><tr><td>Manresa &#8211; Col\u00b7legi Sant Ignasi<\/td><td>Bages<\/td><td>120,4<\/td><\/tr><tr><td>Sant Feliu de Llobregat<\/td><td>Baix Llobregat<\/td><td>116,2<\/td><\/tr><tr><td>Palafrugell<\/td><td>Baix Empord\u00e0<\/td><td>100,7<\/td><\/tr><\/tbody><\/table><figcaption>Taula 1: Valors de precipitaci\u00f3 acumulada superiors als 100 mm (dades de 8 a 8 UTC).<\/figcaption><\/figure>\n\n\n\n<div style=\"height:20px\" aria-hidden=\"true\" class=\"wp-block-spacer\"><\/div>\n\n\n\n<h2>An\u00e0lisi meteorol\u00f2gica<\/h2>\n\n\n\n<p>La situaci\u00f3 meteorol\u00f2gica durant l\u2019Aiguat de Sant Antoni va venir caracteritzada per un embossament d\u2019aire fred en altura (amb valors de temperatura al voltant de \u201332 \u00baC a uns 5.500 m d\u2019altitud), el qual s\u2019havia a\u00efllat de la circulaci\u00f3 general de l\u2019oest els dies previs (9-10 de gener) sobre la pen\u00ednsula Ib\u00e8rica. Aquesta bossa freda en altura va facilitar la formaci\u00f3 d\u2019una baixa al nord d\u2019\u00c0frica en superf\u00edcie, amb valors de pressi\u00f3 atmosf\u00e8rica inferiors a 1011 hPa (10 de gener). Ambd\u00f3s centres d\u2019acci\u00f3 van anar canviant la seva posici\u00f3 els dies posteriors, entre l\u201911 i 18 de gener. L\u2019embossament d\u2019aire fred es va estar movent pels voltants del sud de la Pen\u00ednsula acabant al mar d\u2019Alboran i escalfant-se amb els pas dels dies, arribant a una temperatura d\u2019uns \u201327 \u00baC a 500 hPa (uns 5.500 m d\u2019altitud) cap al final de l\u2019episodi. Per una altra banda, la baixa en superf\u00edcie va situar-se entre el nord d\u2019\u00c0frica i el sud peninsular, tot i que desdibuixant-se amb els pas dels dies i perdent la seva intensitat: 1015 hPa, el 12 de gener; 1019 hPa, el 13 de gener; 1022 hPa, el 16 de gener i fins a desapar\u00e8ixer el 17 de gener, en quedar absorbida per una altra baixa nord-africana situada m\u00e9s al sud.<\/p>\n\n\n\n<p>Paral\u00b7lelament, a l\u2019oest de la pen\u00ednsula Ib\u00e8rica, un anticicl\u00f3 amb valors de pressi\u00f3 superiors als 1033 hPa al seu centre, va anar despla\u00e7ant-se cap a l\u2019Europa central i enfortint-se en el seu cam\u00ed. Aquesta alta va assolir valors de pressi\u00f3 superiors als 1041 hPa, ja el 12 de gener, i va arribar a un m\u00e0xim de fins a 1043 hPa, el 14 de gener. Posteriorment, l\u2019anticicl\u00f3 va anar debilitant-se poc a poc, amb valors m\u00e0xims de pressi\u00f3 lleugerament superiors als 1036 hPa cap al final de l\u2019episodi.<\/p>\n\n\n\n<p>Entre l\u2019anticicl\u00f3 de l\u2019Europa central i la baixa nord-africana, es va establir un important flux superficial de l\u2019est sobre Catalunya, amb l\u2019advecci\u00f3 d\u2019una massa d\u2019aire temperat i molt humit, potencialment molt inestable, que va afavorir la formaci\u00f3 d\u2019aiguats forts durant aquest temporal. A m\u00e9s, aquest flux d\u2019aire temperat va provocar que la precipitaci\u00f3 nom\u00e9s fos en forma de neu a les cotes altes del Pirineu, i per tant, que la crescuda de cabals dels principals rius del pa\u00eds fos encara m\u00e9s important.<\/p>\n\n\n\n<p>Un altre factor important a tenir en compte durant aquest temporal, el qual sol ser present en els episodis d\u2019aiguats forts a Catalunya, \u00e9s la pres\u00e8ncia de cisallament vertical en el vent (canvi de la direcci\u00f3 del vent amb l\u2019altitud). En aquest cas, es tenia un flux de llevant (est) en superf\u00edcie, del sud-est a 850 hPa (uns 1.500 m d\u2019altitud) i del sud a 500 hPa (uns 5.500 m d\u2019altitud). Aquests fluxos van comportar una entrada d\u2019aire humit a tots els nivells de la troposfera. Tot aix\u00f2 afavoreix la convecci\u00f3 i, per tant, l\u2019ocurr\u00e8ncia d\u2019aiguats forts, sempre i quan les condicions d\u2019inestabilitat siguin les apropiades com en el cas que ens ocupa.<\/p>\n\n\n\n<div class=\"wp-block-image\"><figure class=\"aligncenter size-large\"><a href=\"https:\/\/static-m.meteo.cat\/wordpressweb\/wp-content\/uploads\/2023\/01\/13110627\/Reanalisis-Aiguat_15GEN1898_12Z-16GEN1898_18Z_FINAL.jpg\"><img loading=\"lazy\" width=\"724\" height=\"1024\" src=\"https:\/\/static-m.meteo.cat\/wordpressweb\/wp-content\/uploads\/2023\/01\/13110627\/Reanalisis-Aiguat_15GEN1898_12Z-16GEN1898_18Z_FINAL-724x1024.jpg\" alt=\"Mapes de la situaci\u00f3 meteorol\u00f2gica a 500 hPa, 950 hPa i superf\u00edcie.\" class=\"wp-image-36904\"\/><\/a><\/figure><\/div>\n\n\n\n<p>A la p\u00e0gina anterior es presenten els mapes de les <a href=\"http:\/\/www.esrl.noaa.gov\/psd\/data\/20thC_Rean\/\">rean\u00e0lisis del 20CRP<\/a> (NOAA-ESRL, EUA) per als camps de temperatura, altura geopotencial i vent a 500 i 850 hPa (mapes superiors i centrals). Tamb\u00e9 es mostren els camps en superf\u00edcie de temperatura a 2 m, pressi\u00f3 al nivell del mar i vent a 10 m (mapes inferiors) per a les 12 UTC del 15\/01\/1898 (mapes de l\u2019esquerra) i les 18 UTC del 16\/01\/1898 (mapes de la dreta). En tots ells es poden identificar els trets meteorol\u00f2gics generals de l\u2019episodi comentats anteriorment.<\/p>\n\n\n\n<h2>Danys produ\u00efts<\/h2>\n\n\n\n<p>Durant l\u2019Aiguat de Sant Antoni, van desbordar-se gaireb\u00e9 tots els rius del litoral i prelitoral de Catalunya, des de l&#8217;Ebre (Baix Ebre) fins a l&#8217;Agl\u00ed (Rossell\u00f3). En detall, es van desbordar l\u2019Ebre i nombrosos barrancs del Baix Ebre, el Francol\u00ed, el Gai\u00e0, el Llobregat, l\u2019Anoia, el Cardener, les rieres del pla de Barcelona, el Bes\u00f2s, el Ripoll, el Congost, el Mogent, el Tenes, les rieres del Maresme, la Tordera, el Dar\u00f3, el Ter, l\u2019Onyar, el Galligans, el G\u00fcell, el Brugent, el Fluvi\u00e0, la Muga, el Manol, el Llobregat d\u2018Empord\u00e0, el Tec, la Tet, la Bassa i l\u2019Agl\u00ed. Malgrat tot, les tres \u00faniques v\u00edctimes mortals van produir-se a la conca del Llobregat.<\/p>\n\n\n\n<p>Aquests desbordaments van provocar molts danys en hortes, murs, marges, camins, carreteres i vies del ferrocarril. A m\u00e9s, la for\u00e7a de l\u2019aigua va endur-se diversos ponts com el de Sant Boi de Llobregat i el del ferrocarril del Prat de Llobregat (Baix Llobregat) sobre el Llobregat, el de la carretera de Matar\u00f3 sobre el Bes\u00f2s a Sant Adri\u00e0 de Bes\u00f2s (Barcelon\u00e8s), el de la riera de Sant Climent a Viladecans (Baix Llobregat), el del ferrocarril a Canovelles (Vall\u00e8s Oriental) sobre el torrent del Fangar i el de Llers (Alt Empord\u00e0) en el torrent d\u2019en Xibeques.<\/p>\n\n\n\n<p>L\u2019Ebre va desbordar-se puntualment a Tortosa (Baix Ebre) i van inundar-se les hortes de la part baixa del municipi. Es va negar d\u2019aigua sobretot el delta de l\u2019Ebre, en especial la Cava (Baix Ebre), per l\u2019impediment de desgu\u00e0s del gran cabal del riu al mar. El barrancs de la zona tamb\u00e9 van desbordar-se i van inundar-se hortes, carrers i baixos de les cases.<\/p>\n\n\n\n<p>El desbordament del Llobregat va inundar tot el seu delta des de Castelldefels (Baix Llobregat) fins a la muntanya de Montju\u00efc (Barcelon\u00e8s) i des de Molins de Rei (Baix Llobregat) fins al mar, quedant inundats tots els camps i municipis. A Sant Boi de Llobregat, el nivell de les aig\u00fces va assolir valors propers als 2 m en alguns carrers.<\/p>\n\n\n\n<p>Al pla de Barcelona, van sortir de mare totes les rieres que baixen de la serra de Collserola, aix\u00ed que molts carrers i baixos de la ciutat van quedar negats d\u2019aigua i amb danys materials.<\/p>\n\n\n\n<p>La vall del Bes\u00f2s va quedar tota inundada en desbordar-se el riu i les seves aig\u00fces unir-se amb les provinents del desbordament de la riera d\u2019Horta, des de Sant Andreu del Palomar al mar.<\/p>\n\n\n\n<p>Al Maresme, la riera de Sobirans a Arenys a Mar va trencar la carretera a Arenys de Munt i Sant Celoni en tres punts, i la riera de Vallalta va provocar moltes destrosses a Sant Pol de Mar.<\/p>\n\n\n\n<p>La Tordera en desbordar-se va provocar molts danys a les hortes i les infraestructures en el seu curs baix, des de Sant Esteve de Palautordera (Vall\u00e8s Oriental) fins al mar.<\/p>\n\n\n\n<p>El desbordament del Tec va provocar inundacions greus al Vol\u00f3 i Arles (Vallespir), aix\u00ed com una esllavissada grossa que va tallar durant molts dies la carretera entre Prats de Moll\u00f3 i el Tec (Vallespir).<\/p>\n\n\n\n<p>La inundaci\u00f3 provocada per la Tet en la seva vall va provocar molts danys materials, sobretot a Perpiny\u00e0 (Rossell\u00f3), on el riu va assolir una altura de fins a 3,5 m en el pont de Pedra durant la mitjanit del 14 de gener i un cabal de 1.260 m3\/s.<\/p>\n\n\n\n<p>Finalment, l\u2019Agl\u00ed va desbordar-se inundant una \u00e0mplia zona des de Ribesaltes (Rossell\u00f3) fins a la seva desembocadura al mar.<\/p>\n\n\n\n<p>Els importants danys causats van fer que aquest temporal sigui un dels m\u00e9s recordats, especialment a la conca del Llobregat, tot i la seva llunyania en el temps (125 anys).<\/p>\n\n\n\n<h2>Refer\u00e8ncies i enlla\u00e7os d\u2019inter\u00e8s<\/h2>\n\n\n\n<ul><li> Compo, G.P., J.S. Whitaker, P.D. Sardeshmukh, N. Matsui, R.J. Allan, X. Yin, B.E. Gleason Jr., R.S. Vose, G. Rutledge, P. Bessemoulin, S. Br\u00f6nnimann, M. Brunet, R.I. Crouthamel, A.N. Grant, P.Y. Groisman, P.D. Jones, M.C. Kruk, A.C. Kruger, G.J. Marshall, M. Maugeri, H.Y. Mok, \u00d8. Nordli, T.F. Ross, R.M. Trigo, X.L. Wang, S.D. Woodruff i S.J. Worley <strong>(2011)<\/strong>: \u201c<a href=\"http:\/\/onlinelibrary.wiley.com\/doi\/10.1002\/qj.776\/pdf\">The Twentieth Century Reanalysis Project<\/a>\u201d. <em>Q. J. R. Meteorol. Soc.<\/em>, 137, pp. 1-28, doi:10.1002\/qj.776.<\/li><li>Badosa, Joan <strong>(1958)<\/strong>: \u201cLa riuada de Sant Antoni de 1898\u201d. <em>Vida Samboyana<\/em> n\u00fam. 28. Disponible al Blog d\u2019Internet <em>Sant Boi de Llobregat: Hist\u00f2ria i Patrimoni<\/em>: <a href=\"http:\/\/museusantboi.blogspot.com\/2013\/01\/la-riuada-de-sant-antoni-de-1898.html\">http:\/\/museusantboi.blogspot.com\/2013\/01\/la-riuada-de-sant-antoni-de-1898.html<\/a><\/li><li>Giese, BS., H.F. Seidel, G.P. Compo i P.D. Sardeshmukh <strong>(2016)<\/strong>: \u201c<a href=\"https:\/\/agupubs.onlinelibrary.wiley.com\/doi\/10.1002\/2016JC012079\">An ensemble of ocean reanalyses for 1815-2013 with sparse observational input<\/a>\u201d. <em>J. Geophys. Res. Oceans<\/em>, 121, pp. 6891-6910, doi:10.1002\/2016JC012079.<\/li><li>Serra, Quim <strong>(2012)<\/strong>: \u201cGener de 1898. La riuada de Sant Antoni. Els danys\u201d. Article del Blog <em>Barcelona: Hist\u00f2ries del Temps<\/em>. Disponible a: <a href=\"http:\/\/historiadeltemps.blogspot.com\/2012\/06\/gener-de-1898-la-riuada-de-sant-antoni.html\">http:\/\/historiadeltemps.blogspot.com\/2012\/06\/gener-de-1898-la-riuada-de-sant-antoni.html<\/a><\/li><li>Serra, Quim <strong>(2012)<\/strong>: \u201cGener de 1898. La riuada de Sant Antoni. La cr\u00f2nica\u201d. Article del Blog <em>Barcelona: Hist\u00f2ries del Temps<\/em>. Disponible a: <a href=\"http:\/\/historiadeltemps.blogspot.com\/2012\/06\/gener-de-1898-la-riuada-de-sant-antoni_20.html\">http:\/\/historiadeltemps.blogspot.com\/2012\/06\/gener-de-1898-la-riuada-de-sant-antoni_20.html<\/a><\/li><li>Serra, Quim (2012): \u201cGener de 1898. La riuada de Sant Antoni. L\u2019an\u00e0lisi\u201d. Article del Blog d\u2019Internet <em>Barcelona: Hist\u00f2ries del Temps<\/em>. Disponible a <a href=\"http:\/\/historiadeltemps.blogspot.com\/2012\/06\/gener-de-1898-la-gran-inundacio.html\">http:\/\/historiadeltemps.blogspot.com\/2012\/06\/gener-de-1898-la-gran-inundacio.html<\/a><\/li><li>Slivinski, L.C., G.P. Compo, J.S. Whitaker, P.D. Sardeshmukh, B.S. Giese, C. McColl,&nbsp; R. Allan, X. Yin, R. Vose, H. Titchner, J. Kennedy, L.J. Spencer, L. Ashcroft, S. Br\u00f6nnimann, M. Brunet, D. Camuffo, R. Cornes, T.A. Cram, R. Crouthamel, F. Dom\u00ednguez-Castro, J.E. Freeman, J. Gergis, E. Hawkins, P.D. Jones, S. Jourdain, A. Kaplan, H. Kubota, F. Le Blancq, T.-C. Lee, A. Lorrey, J. Luterbacher, M. Maugeri, C.J. Mock, G.W. Kent Moore, R. Przybylak, C. Pudmenzky, C. Reason, V.C. Slonosky, C.A. Smith, B. Tinz,&nbsp; B. Trewin, M.A. Valente, X.L. Wang, C. Wilkinson, K. Wood i P. Wyszy\u0144ski <strong>(2019)<\/strong>: \u201c<a href=\"https:\/\/doi.org\/10.1002\/qj.3598\">Towards a more reliable historical reanalysis: Improvements for version 3 of the Twentieth Century Reanalysis system<\/a>\u201d.<em> Q. J. R. Meteorol. Soc<\/em>., 145, pp. 2876-2908, doi:10.1002\/qj.3598.<\/li><\/ul>\n","protected":false},"excerpt":{"rendered":"<p>PUBLICADA EL 16\/01\/2023 (descarrega\u2019l en format\u00a0PDF) Entre el 12 i 17 de gener de 1898 va tenir lloc un important temporal de pluja, conegut amb el nom popular d\u2019Aiguat, Temporal o Riuada de Sant Antoni, que va provocar pluja molt abundant i continuada aix\u00ed com inundacions molt greus en desbordar-se tots els rius del litoral [&hellip;]<\/p>\n","protected":false},"author":5,"featured_media":0,"parent":18384,"menu_order":0,"comment_status":"closed","ping_status":"closed","template":"","meta":{"_mi_skip_tracking":false,"_monsterinsights_sitenote_active":false,"_monsterinsights_sitenote_note":"","_monsterinsights_sitenote_category":0},"_links":{"self":[{"href":"https:\/\/www.meteo.cat\/wpweb\/wp-json\/wp\/v2\/pages\/36946"}],"collection":[{"href":"https:\/\/www.meteo.cat\/wpweb\/wp-json\/wp\/v2\/pages"}],"about":[{"href":"https:\/\/www.meteo.cat\/wpweb\/wp-json\/wp\/v2\/types\/page"}],"author":[{"embeddable":true,"href":"https:\/\/www.meteo.cat\/wpweb\/wp-json\/wp\/v2\/users\/5"}],"replies":[{"embeddable":true,"href":"https:\/\/www.meteo.cat\/wpweb\/wp-json\/wp\/v2\/comments?post=36946"}],"version-history":[{"count":6,"href":"https:\/\/www.meteo.cat\/wpweb\/wp-json\/wp\/v2\/pages\/36946\/revisions"}],"predecessor-version":[{"id":36968,"href":"https:\/\/www.meteo.cat\/wpweb\/wp-json\/wp\/v2\/pages\/36946\/revisions\/36968"}],"up":[{"embeddable":true,"href":"https:\/\/www.meteo.cat\/wpweb\/wp-json\/wp\/v2\/pages\/18384"}],"wp:attachment":[{"href":"https:\/\/www.meteo.cat\/wpweb\/wp-json\/wp\/v2\/media?parent=36946"}],"curies":[{"name":"wp","href":"https:\/\/api.w.org\/{rel}","templated":true}]}}