{"id":36039,"date":"2022-11-18T12:12:11","date_gmt":"2022-11-18T12:12:11","guid":{"rendered":"https:\/\/www.meteo.cat\/wpweb\/?page_id=36039"},"modified":"2025-06-20T11:40:30","modified_gmt":"2025-06-20T11:40:30","slug":"estacions-meteorologiques","status":"publish","type":"page","link":"https:\/\/www.meteo.cat\/wpweb\/climatologia\/dades-i-productes-climatics\/anuari-de-dades\/estacions-meteorologiques\/","title":{"rendered":"Estacions Meteorol\u00f2giques (XEMA i XOM)"},"content":{"rendered":"\n<p>La Xarxa d&#8217;Estacions Meteorol\u00f2giques Autom\u00e0tiques (XEMA) es va crear l&#8217;any 1996 i integra totes les estacions meteorol\u00f2giques autom\u00e0tiques (EMA) que gestiona el Servei Meteorol\u00f2gic de Catalunya. Des de llavors anualment s&#8217;emeten els anuaris de dades, un recull exhaustiu de les diferents variables que es mesuren a cada EMA. La Xarxa d\u2019Observadors Meteorol\u00f2gics (XOM) es va crear l\u2019any 2009 per tal d\u2019ampliar les dades de la XEMA, i a partir del 2018 es presenten les seves dades de precipitaci\u00f3.<\/p>\n\n\n\n<div style=\"height:50px\" aria-hidden=\"true\" class=\"wp-block-spacer\"><\/div>\n\n\n\n<h2 id=\"anuarispdf\"><strong>Acc\u00e9s als anuaris en format pdf<\/strong><\/h2>\n\n\n\n<p>Per cada any teniu disponibles tres arxius:<\/p>\n\n\n\n<ul><li>Dades de la XEMA i de la XOM: introducci\u00f3, llistat i mapa de localitzaci\u00f3 de les estacions<\/li><li>Taula de dades mensuals amb les seg\u00fcents variables:<ul><li> Temperatura: mitjana, m\u00e0xima\/m\u00ednima mitjana i m\u00e0xima\/m\u00ednima absoluta<\/li><li>Amplitud t\u00e8rmica mitjana\/m\u00e0xima (a partir de l\u2019any 2010)<\/li><li>Nombre de dies de gla\u00e7ada<\/li><li>Precipitaci\u00f3:<ul><li>XEMA: acumulada i m\u00e0xima en 24 hores\/30 min\/1 h (a partir de l&#8217;any 2007)\/1 min (a partir de l\u2019any 2010)<\/li><li>XOM: acumulada i m\u00e0xima en 24 hores (dia pluviom\u00e8tric) a partir de l&#8217;any 2018<\/li><\/ul><\/li><li>Nombre de dies de precipitaci\u00f3 (PPT \u2265 0,1 mm)\/(PPT &gt; 0,2 mm) (a partir de l\u2019any 2010)<\/li><li>Velocitat mitjana del vent<\/li><li>Direcci\u00f3 dominant del vent<\/li><li>Mitjana de la ratxa m\u00e0xima di\u00e0ria del vent (a partir de l&#8217;any 1999)<\/li><li>Ratxa m\u00e0xima absoluta del vent (a partir de l&#8217;any 1999)<\/li><li>Humitat relativa mitjana<\/li><li>Mitjana de la humitat relativa m\u00e0xima di\u00e0ria (a partir de l\u2019any 2010)\/m\u00ednima di\u00e0ria<\/li><li>Mitjana de la irradiaci\u00f3 solar global di\u00e0ria<\/li><li>Pressi\u00f3 atmosf\u00e8rica mitjana\/m\u00e0xima absoluta (a partir de l\u2019any 2010)\/m\u00ednima absoluta (a partir de l\u2019any 2010)<\/li><\/ul><\/li><li>Resums anuals de cada estaci\u00f3 meteorol\u00f2gica autom\u00e0tica (EMA)<\/li><\/ul>\n\n\n\n<form class=\"smc-combobox\"><label for=\"optone\">Any: <\/label>\n<select id=\"optone\" name=\"optone\">\n<option selected=\"selected\" value=\"init\">Seleccioneu any<\/option>\n<option value=\"0\">2024<\/option>\n<option value=\"1\">2023<\/option>\n<option value=\"2\">2022<\/option>\n<option value=\"3\">2021<\/option>\n<option value=\"4\">2020<\/option>\n<option value=\"5\">2019<\/option>\n<option value=\"6\">2018<\/option>\n<option value=\"7\">2017<\/option>\n<option value=\"8\">2016<\/option>\n<option value=\"9\">2015<\/option>\n<option value=\"10\">2014<\/option>\n<option value=\"11\">2013<\/option>\n<option value=\"12\">2012<\/option>\n<option value=\"13\">2011<\/option>\n<option value=\"14\">2010<\/option>\n<option value=\"15\">2009<\/option>\n<option value=\"16\">2008<\/option>\n<option value=\"17\">2007<\/option>\n<option value=\"18\">2006<\/option>\n<option value=\"19\">2005<\/option>\n<option value=\"20\">2004<\/option>\n<option value=\"21\">2003<\/option>\n<option value=\"22\">2002<\/option>\n<option value=\"23\">2001<\/option>\n<option value=\"24\">2000<\/option>\n<option value=\"25\">1999<\/option>\n<option value=\"26\">1998<\/option>\n<option value=\"27\">1997<\/option>\n<\/select>\n<label for=\"opttwo\">Tipus de contingut: <\/label>\n<select id=\"opttwo\" disabled=\"disabled\" name=\"opttwo\">\n<option selected=\"selected\" value=\"init\">Seleccioneu tipus d&#8217;informe<\/option>\n<\/select>\n<button id=\"go\" type=\"button\">Cerca<\/button><\/form>\n\n\n\n<p><\/p>\n\n\n\n<div style=\"height:50px\" aria-hidden=\"true\" class=\"wp-block-spacer\"><\/div>\n\n\n\n<p><\/p>\n","protected":false},"excerpt":{"rendered":"<p>La Xarxa d&#8217;Estacions Meteorol\u00f2giques Autom\u00e0tiques (XEMA) es va crear l&#8217;any 1996 i integra totes les estacions meteorol\u00f2giques autom\u00e0tiques (EMA) que gestiona el Servei Meteorol\u00f2gic de Catalunya. Des de llavors anualment s&#8217;emeten els anuaris de dades, un recull exhaustiu de les diferents variables que es mesuren a cada EMA. La Xarxa d\u2019Observadors Meteorol\u00f2gics (XOM) es va [&hellip;]<\/p>\n","protected":false},"author":7,"featured_media":0,"parent":36034,"menu_order":0,"comment_status":"closed","ping_status":"closed","template":"","meta":{"_mi_skip_tracking":false,"_monsterinsights_sitenote_active":false,"_monsterinsights_sitenote_note":"","_monsterinsights_sitenote_category":0},"_links":{"self":[{"href":"https:\/\/www.meteo.cat\/wpweb\/wp-json\/wp\/v2\/pages\/36039"}],"collection":[{"href":"https:\/\/www.meteo.cat\/wpweb\/wp-json\/wp\/v2\/pages"}],"about":[{"href":"https:\/\/www.meteo.cat\/wpweb\/wp-json\/wp\/v2\/types\/page"}],"author":[{"embeddable":true,"href":"https:\/\/www.meteo.cat\/wpweb\/wp-json\/wp\/v2\/users\/7"}],"replies":[{"embeddable":true,"href":"https:\/\/www.meteo.cat\/wpweb\/wp-json\/wp\/v2\/comments?post=36039"}],"version-history":[{"count":25,"href":"https:\/\/www.meteo.cat\/wpweb\/wp-json\/wp\/v2\/pages\/36039\/revisions"}],"predecessor-version":[{"id":43951,"href":"https:\/\/www.meteo.cat\/wpweb\/wp-json\/wp\/v2\/pages\/36039\/revisions\/43951"}],"up":[{"embeddable":true,"href":"https:\/\/www.meteo.cat\/wpweb\/wp-json\/wp\/v2\/pages\/36034"}],"wp:attachment":[{"href":"https:\/\/www.meteo.cat\/wpweb\/wp-json\/wp\/v2\/media?parent=36039"}],"curies":[{"name":"wp","href":"https:\/\/api.w.org\/{rel}","templated":true}]}}