{"id":36034,"date":"2022-11-18T12:07:57","date_gmt":"2022-11-18T12:07:57","guid":{"rendered":"https:\/\/www.meteo.cat\/wpweb\/?page_id=36034"},"modified":"2022-11-30T07:36:54","modified_gmt":"2022-11-30T07:36:54","slug":"anuari-de-dades","status":"publish","type":"page","link":"https:\/\/www.meteo.cat\/wpweb\/climatologia\/dades-i-productes-climatics\/anuari-de-dades\/","title":{"rendered":"Anuari de dades"},"content":{"rendered":"\n<p>Els anuaris de dades meteorol\u00f2giques es van iniciar l&#8217;any 1997 amb la intenci\u00f3 de disposar d&#8217;un resum de les dades enregistrades a cada estaci\u00f3 meteorol\u00f2gica autom\u00e0tica. Les taules i els gr\u00e0fics que el configuren mostren el comportament de les variables meteorol\u00f2giques al llarg de l&#8217;any en aquell indret en concret.<\/p>\n\n\n\n<p>Des del 2007 tamb\u00e9 s&#8217;ofereixen les dades enregistrades per la xarxa de desc\u00e0rregues el\u00e8ctriques.<\/p>\n","protected":false},"excerpt":{"rendered":"<p>Els anuaris de dades meteorol\u00f2giques es van iniciar l&#8217;any 1997 amb la intenci\u00f3 de disposar d&#8217;un resum de les dades enregistrades a cada estaci\u00f3 meteorol\u00f2gica autom\u00e0tica. Les taules i els gr\u00e0fics que el configuren mostren el comportament de les variables meteorol\u00f2giques al llarg de l&#8217;any en aquell indret en concret. Des del 2007 tamb\u00e9 s&#8217;ofereixen [&hellip;]<\/p>\n","protected":false},"author":1,"featured_media":0,"parent":36014,"menu_order":3,"comment_status":"closed","ping_status":"closed","template":"","meta":{"_mi_skip_tracking":false,"_monsterinsights_sitenote_active":false,"_monsterinsights_sitenote_note":"","_monsterinsights_sitenote_category":0},"_links":{"self":[{"href":"https:\/\/www.meteo.cat\/wpweb\/wp-json\/wp\/v2\/pages\/36034"}],"collection":[{"href":"https:\/\/www.meteo.cat\/wpweb\/wp-json\/wp\/v2\/pages"}],"about":[{"href":"https:\/\/www.meteo.cat\/wpweb\/wp-json\/wp\/v2\/types\/page"}],"author":[{"embeddable":true,"href":"https:\/\/www.meteo.cat\/wpweb\/wp-json\/wp\/v2\/users\/1"}],"replies":[{"embeddable":true,"href":"https:\/\/www.meteo.cat\/wpweb\/wp-json\/wp\/v2\/comments?post=36034"}],"version-history":[{"count":3,"href":"https:\/\/www.meteo.cat\/wpweb\/wp-json\/wp\/v2\/pages\/36034\/revisions"}],"predecessor-version":[{"id":36037,"href":"https:\/\/www.meteo.cat\/wpweb\/wp-json\/wp\/v2\/pages\/36034\/revisions\/36037"}],"up":[{"embeddable":true,"href":"https:\/\/www.meteo.cat\/wpweb\/wp-json\/wp\/v2\/pages\/36014"}],"wp:attachment":[{"href":"https:\/\/www.meteo.cat\/wpweb\/wp-json\/wp\/v2\/media?parent=36034"}],"curies":[{"name":"wp","href":"https:\/\/api.w.org\/{rel}","templated":true}]}}