{"id":35966,"date":"2022-11-17T16:09:14","date_gmt":"2022-11-17T16:09:14","guid":{"rendered":"https:\/\/www.meteo.cat\/wpweb\/?page_id=35966"},"modified":"2025-06-05T10:09:00","modified_gmt":"2025-06-05T10:09:00","slug":"evolucio-observada-dels-indexs-climatics","status":"publish","type":"page","link":"https:\/\/www.meteo.cat\/wpweb\/climatologia\/evolucio-observada-del-clima\/evolucio-observada-dels-indexs-climatics\/","title":{"rendered":"Evoluci\u00f3 observada dels \u00edndexs clim\u00e0tics"},"content":{"rendered":"\n<p>El Grup d\u2019Experts en \u00cdndexs per a la Detecci\u00f3 del Canvi Clim\u00e0tic (<a href=\"http:\/\/etccdi.pacificclimate.org\/\" target=\"_blank\" rel=\"noopener noreferrer\">Expert Team on Climate Change Detection and Indices, ETCCDI<\/a>), amb el suport de l\u2019Organitzaci\u00f3 Meteorol\u00f2gica Mundial (OMM) promou el c\u00e0lcul d\u2019\u00edndexs clim\u00e0tics com a una eina \u00fatil per a la caracteritzaci\u00f3 del clima extrem. Aquests \u00edndexs s\u00f3n est\u00e0ndards i permeten la comparaci\u00f3 de les tend\u00e8ncies per a diferents climes del m\u00f3n.<\/p>\n\n\n\n<p>Pel cas de Catalunya s&#8217;han elaborat a partir de 28 s\u00e8ries di\u00e0ries de temperatura m\u00e0xima i temperatura m\u00ednima i 73 de precipitaci\u00f3 des de 1950, que pr\u00e8viament han estat sotmeses a un control de qualitat i homogene\u00eftat.<\/p>\n\n\n\n<div style=\"height:40px\" aria-hidden=\"true\" class=\"wp-block-spacer\"><\/div>\n\n\n\n<h2>\u00cdndexs de temperatura de l&#8217;aire. 1950-2024<\/h2>\n\n\n\n<p>S&#8217;han obtingut 23 \u00edndexs de temperatura de l&#8217;aire per a un conjunt de 28 s\u00e8ries di\u00e0ries. L\u2019\u00e0rea dels triangles \u00e9s proporcional al valor de la tend\u00e8ncia decennal. El triangle s\u00f2lid indica que la tend\u00e8ncia \u00e9s estad\u00edsticament significativa, segons el test de Mann-Kendall (p&lt;0,05).<\/p>\n\n\n\n<form class=\"smc-combobox line\" name=\"jump2\" onsubmit=\"jsDropDown('itful','2025',this)\">\n<label for=\"var1\">Variable:<\/label>\n<select name=\"2025\" id=\"var1\">\n<option selected=\"selected\" value=\"06\/05094707\/AI_Dies_de_glacada_def\">Dies de gla\u00e7ada (dies\/decenni)<\/option> \n<option value=\"06\/05094652\/AI_Dies_destiu_def\">Dies d&#8217;estiu (dies\/decenni)<\/option> \n<option value=\"06\/05094739\/AI_Dies_de_calor_def\">Dies de calor (dies\/decenni)<\/option> \n<option value=\"06\/05094620\/AI_Dies_glacats_def\">Dies gla\u00e7ats (dies\/decenni)<\/option> \n<option value=\"06\/05094723\/AI_Dies_de_fred_def\">Dies de fred (dies\/decenni)<\/option> \n<option value=\"06\/05094342\/AI_Nits_tropicals_def\">Nits tropicals (dies\/decenni)<\/option>\n<option value=\"06\/05094358\/AI_Nits_torrides_def\">Nits t\u00f2rrides (dies\/decenni)<\/option>  \n<option value=\"06\/05094810\/AI_DEC_def\">Durada de l&#8217;estaci\u00f3 de creixement (dies\/decenni)<\/option> \n<option value=\"06\/05093944\/AI_TXx_def\">Temperatura m\u00e0xima absoluta anual (\u00baC\/decenni)<\/option> \n<option value=\"06\/05094016\/AI_TNx_def\">Temperatura m\u00ednima m\u00e9s alta (\u00baC\/decenni)<\/option> \n<option value=\"06\/05093959\/AI_TXn_def\">Temperatura m\u00e0xima m\u00e9s baixa (\u00baC\/decenni)<\/option> \n<option value=\"06\/05094032\/AI_TNn_def\">Temperatura m\u00ednima absoluta anual (\u00baC\/decenni)<\/option> \n<option value=\"06\/05094414\/AI_Nits_fredes_def\">Nits fredes (%\/decenni)<\/option> \n<option value=\"06\/05094636\/AI_Dies_freds_def\">Dies freds (%\/decenni)<\/option> \n<option value=\"06\/05094432\/AI_Nits_calides_def\">Nits c\u00e0lides (%\/decenni)<\/option> \n<option value=\"06\/05094754\/AI_Dies_calids_def\">Dies c\u00e0lids (%\/decenni)<\/option> \n<option value=\"06\/05094535\/AI_IDRC_def\">Durada de la ratxa c\u00e0lida (dies\/decenni)<\/option>\n<option value=\"06\/05094503\/AI_IEC_def\">Nombre d&#8217;episodis de calor (episodis\/decenni)<\/option>\n<option value=\"06\/05094519\/AI_IDRF_def\">Durada de la ratxa freda (dies\/decenni)<\/option>\n<option value=\"06\/05094447\/AI_IEF_def\">Nombre d&#8217;episodis de fred (episodis\/decenni)<\/option> \n<option value=\"06\/05094826\/AI_ATA_def\">Amplitud t\u00e8rmica anual (\u00baC\/decenni)<\/option>\n<option value=\"06\/05094605\/AI_GDC15_def\">Graus-dia de calefacci\u00f3 (\u00baC-dia\/decenni)<\/option>\n<option value=\"06\/05094550\/AI_GDR21_def\">Graus-dia de refrigeraci\u00f3 (\u00baC-dia\/decenni)<\/option><\/select>\n<input type=\"submit\" value=\"Mostra imatge\" class=\"go\">\n<\/form>\n\n\n\n<img loading=\"lazy\" id=\"itful\" src=\"https:\/\/static-m.meteo.cat\/wordpressweb\/wp-content\/uploads\/2025\/06\/05094707\/AI_Dies_de_glacada_def.png\" alt=\"Imatge seleccionada\" width=\"700\" height=\"650\">\n\n\n\n<div style=\"height:40px\" aria-hidden=\"true\" class=\"wp-block-spacer\"><\/div>\n\n\n\n<h2>\u00cdndexs de precipitaci\u00f3. 1950-2024<\/h2>\n\n\n\n<p>S&#8217;han obtingut 11 \u00edndexs de precipitaci\u00f3 per a un conjunt de 73 s\u00e8ries di\u00e0ries. L\u2019\u00e0rea dels triangles \u00e9s proporcional al valor de la tend\u00e8ncia decennal. El triangle s\u00f2lid indica que la tend\u00e8ncia \u00e9s estad\u00edsticament significativa, segons el test de Mann-Kendall (p&lt;0,05).<\/p>\n\n\n\n<form class=\"smc-combobox line\" name=\"jump2\" onsubmit=\"jsDropDown('ipful','2025',this)\">\n<label for=\"var2\">Variable:<\/label>\n<select name=\"2025\" id=\"var2\">\n<option selected=\"selected\" value=\"06\/05094327\/AIPPT_DP10_def\">Dies de precipitaci\u00f3 \u2265 10 mm l&#8217;any (dies\/decenni)<\/option> \n<option value=\"06\/05094310\/AIPPT_DP20_def\">Dies de precipitaci\u00f3 \u2265 20 mm l&#8217;any (dies\/decenni)<\/option> \n<option value=\"06\/05094254\/AIPPT_DP50_def\">Dies de precipitaci\u00f3 \u2265 50 mm l&#8217;any (dies\/decenni)<\/option> \n<option value=\"06\/05094104\/AIPPT_PX1dia_def\">Valor m\u00e0xim anual de precipitaci\u00f3 di\u00e0ria (mm\/decenni)<\/option> \n<option value=\"06\/05094048\/AIPPT_PX5dia_def\">Valor m\u00e0xim anual de precipitaci\u00f3 en 5 dies (mm\/decenni)<\/option> \n<option value=\"06\/05094121\/AIPPT_PTOT_def\">Precipitaci\u00f3 total els dies plujosos (PPT \u2265 1 mm) (mm\/decenni)<\/option>\n<option value=\"06\/05094151\/AIPPT_P95pTOT_def\">Precipitaci\u00f3 total els dies molt plujosos (PPT &gt; percentil 95) (mm\/decenni)<\/option> \n<option value=\"06\/05094135\/AIPPT_P99pTOT_def\">Precipitaci\u00f3 total els dies extremament plujosos (PPT &gt; percentil 99) (mm\/decenni)<\/option>  \n<option value=\"06\/05094238\/AIPPT_ISID_def\">\u00cdndex Simple d&#8217;Intensitat Di\u00e0ria (mm\/dia)<\/option> \n<option value=\"06\/05094222\/AIPPT_LMRH_def\">Longitud m\u00e0xima de la ratxa plujosa (dies\/decenni)<\/option> \n<option value=\"06\/05094206\/AIPPT_LMRS_def\">Longitud m\u00e0xima de la ratxa seca (dies\/decenni)<\/option> <\/select>\n<input type=\"submit\" value=\"Mostra imatge\" class=\"go\">\n<\/form>\n\n\n\n<img loading=\"lazy\" id=\"ipful\" src=\"https:\/\/static-m.meteo.cat\/wordpressweb\/wp-content\/uploads\/2025\/06\/05094327\/AIPPT_DP10_def.png\" alt=\"Imatge seleccionada\" width=\"700\" height=\"650\">\n\n\n\n<div style=\"height:14px\" aria-hidden=\"true\" class=\"wp-block-spacer\"><\/div>\n\n\n\n<h2>M\u00e9s informaci\u00f3<\/h2>\n\n\n\n<p>El monitoratge del clima a Catalunya s\u2019avalua a trav\u00e9s del <a href=\"\/wpweb\/climatologia\/butlletins-i-episodis-meteorologics\/butlleti-anual-dindicadors-climatics\/\">Butllet\u00ed Anual d\u2019Indicadors Clim\u00e0tics (BAIC)<\/a>.<\/p>\n\n\n\n<p><\/p>\n","protected":false},"excerpt":{"rendered":"<p>El Grup d\u2019Experts en \u00cdndexs per a la Detecci\u00f3 del Canvi Clim\u00e0tic (Expert Team on Climate Change Detection and Indices, ETCCDI), amb el suport de l\u2019Organitzaci\u00f3 Meteorol\u00f2gica Mundial (OMM) promou el c\u00e0lcul d\u2019\u00edndexs clim\u00e0tics com a una eina \u00fatil per a la caracteritzaci\u00f3 del clima extrem. Aquests \u00edndexs s\u00f3n est\u00e0ndards i permeten la comparaci\u00f3 de [&hellip;]<\/p>\n","protected":false},"author":7,"featured_media":0,"parent":35932,"menu_order":6,"comment_status":"closed","ping_status":"closed","template":"template-sidebar.php","meta":{"_mi_skip_tracking":false,"_monsterinsights_sitenote_active":false,"_monsterinsights_sitenote_note":"","_monsterinsights_sitenote_category":0},"_links":{"self":[{"href":"https:\/\/www.meteo.cat\/wpweb\/wp-json\/wp\/v2\/pages\/35966"}],"collection":[{"href":"https:\/\/www.meteo.cat\/wpweb\/wp-json\/wp\/v2\/pages"}],"about":[{"href":"https:\/\/www.meteo.cat\/wpweb\/wp-json\/wp\/v2\/types\/page"}],"author":[{"embeddable":true,"href":"https:\/\/www.meteo.cat\/wpweb\/wp-json\/wp\/v2\/users\/7"}],"replies":[{"embeddable":true,"href":"https:\/\/www.meteo.cat\/wpweb\/wp-json\/wp\/v2\/comments?post=35966"}],"version-history":[{"count":13,"href":"https:\/\/www.meteo.cat\/wpweb\/wp-json\/wp\/v2\/pages\/35966\/revisions"}],"predecessor-version":[{"id":43793,"href":"https:\/\/www.meteo.cat\/wpweb\/wp-json\/wp\/v2\/pages\/35966\/revisions\/43793"}],"up":[{"embeddable":true,"href":"https:\/\/www.meteo.cat\/wpweb\/wp-json\/wp\/v2\/pages\/35932"}],"wp:attachment":[{"href":"https:\/\/www.meteo.cat\/wpweb\/wp-json\/wp\/v2\/media?parent=35966"}],"curies":[{"name":"wp","href":"https:\/\/api.w.org\/{rel}","templated":true}]}}