{"id":35954,"date":"2022-11-17T16:01:06","date_gmt":"2022-11-17T16:01:06","guid":{"rendered":"https:\/\/www.meteo.cat\/wpweb\/?page_id=35954"},"modified":"2026-01-20T17:10:01","modified_gmt":"2026-01-20T17:10:01","slug":"evolucio-observada-de-la-precipitacio","status":"publish","type":"page","link":"https:\/\/www.meteo.cat\/wpweb\/climatologia\/evolucio-observada-del-clima\/evolucio-observada-de-la-precipitacio\/","title":{"rendered":"Evoluci\u00f3 observada de la precipitaci\u00f3"},"content":{"rendered":"\n<p>Tot seguit es mostra l\u2019evoluci\u00f3 de la precipitaci\u00f3 a quatre \u00e0mbits o punts del territori: al conjunt de Catalunya, a l\u2019observatori de l\u2019Ebre, a l\u2019observatori Fabra (de la Reial Acad\u00e8mia de Ci\u00e8ncies i Arts de Barcelona), i a la s\u00e8rie hist\u00f2rica de la ciutat de Barcelona. Tamb\u00e9 s\u2019ofereix una an\u00e0lisi de la tend\u00e8ncia observada a un conjunt de s\u00e8ries clim\u00e0tiques des del 1950.<\/p>\n\n\n\n<nav class=\"ancores\" id=\"inici\">\n<a href=\"#preccat\">Catalunya<\/a>\n<a href=\"#precebre\">Observatori de l&#8217;Ebre (Roquetes)<\/a>\n<a href=\"#precfabra\">Observatori Fabra (Barcelona)<\/a>\n<a href=\"#precBCN\">Barcelona (des del 1786)<\/a>\n<a href=\"#precseries\">Tend\u00e8ncia (des del 1950) <\/a>\n<\/nav>\n\n\n\n<div style=\"height:50px\" aria-hidden=\"true\" class=\"wp-block-spacer\"><\/div>\n\n\n\n<h2 id=\"preccat\">La precipitaci\u00f3 al conjunt de Catalunya<\/h2>\n\n\n\n<p>Seguidament s&#8217;ofereix l\u2019evoluci\u00f3 de la precipitaci\u00f3 acumulada al conjunt de Catalunya des del 1950. La s\u00e8rie clim\u00e0tica s\u2019ha generat a partir de 73 s\u00e8ries distribu\u00efdes pel territori (<a rel=\"noreferrer noopener\" href=\"https:\/\/static-m.meteo.cat\/wordpressweb\/wp-content\/uploads\/2022\/06\/21210457\/01_BAIC-2021_intro.pdf\" target=\"_blank\">veure la seva distribuci\u00f3 espacial<\/a>). Els valors es mostren com a anomalia anual o estacional (en %) respecte la mitjana del per\u00edode de refer\u00e8ncia 1961-1990 (per\u00edode recomanat per l\u2019Organitzaci\u00f3 Meteorol\u00f2gica Mundial per copsar canvis a llarg termini).<\/p>\n\n\n\n<p>Per a m\u00e9s informaci\u00f3 sobre la tend\u00e8ncia de la precipitaci\u00f3 a Catalunya consulteu el cap\u00edtol corresponent del&nbsp;<a href=\"https:\/\/www.meteo.cat\/wpweb\/climatologia\/butlletins-i-episodis-meteorologics\/butlleti-anual-dindicadors-climatics\/\" target=\"_blank\" rel=\"noreferrer noopener\">Butllet\u00ed Anual d\u2019Indicadors Clim\u00e0tics<\/a>.<\/p>\n\n\n\n<form class=\"smc-combobox line\" name=\"graph1\" onsubmit=\"jsDropDown('ipful', this)\">\n<label for=\"var1\">Variable:<\/label>\n<select name=\"var1\" id=\"var1\">\n<option selected=\"selected\" value=\"2025\/06\/05171306\/catalunyapptany\">Precipitaci\u00f3 acumulada &#8211; Any (%)<\/option>\n<option value=\"2025\/06\/05171303\/catalunyappthiv\">Precipitaci\u00f3 acumulada &#8211; Hivern (%)<\/option> \n<option value=\"2025\/06\/05171301\/catalunyapptpri\">Precipitaci\u00f3 acumulada &#8211; Primavera (%)<\/option> \n<option value=\"2025\/06\/05171254\/catalunyapptest\">Precipitaci\u00f3 acumulada &#8211; Estiu (%)<\/option> \n<option value=\"2025\/06\/05171258\/catalunyappttar\">Precipitaci\u00f3 acumulada &#8211; Tardor (%)<\/option>\n<\/select>\n<input type=\"submit\" value=\"Mostra imatge\" class=\"go\">\n<\/form>\n\n\n\n<figure class=\"wp-block-image is-resized\"><img loading=\"lazy\" id=\"ipful\" src=\"https:\/\/static-m.meteo.cat\/wordpressweb\/wp-content\/uploads\/2025\/06\/05171306\/catalunyapptany.png\" alt=\"Imatge seleccionada\" width=\"850\" height=\"600\"><\/figure>\n\n\n\n<div style=\"height:50px\" aria-hidden=\"true\" class=\"wp-block-spacer\"><\/div>\n\n\n\n<h2 id=\"precebre\">La precipitaci\u00f3 a l&#8217;Observatori de l&#8217;Ebre (Roquetes)<\/h2>\n\n\n\n<p>Aqu\u00ed es mostra l\u2019evoluci\u00f3 de la precipitaci\u00f3 acumulada a l\u2019Observatori de l\u2019Ebre, que disposa de registres clim\u00e0tics des del 1905. Els valors es mostren com a anomalia anual o estacional (en %) respecte la mitjana del per\u00edode de refer\u00e8ncia 1961-1990 (per\u00edode recomanat per l\u2019Organitzaci\u00f3 Meteorol\u00f2gica Mundial per copsar canvis a llarg termini). Per a m\u00e9s informaci\u00f3 sobre la tend\u00e8ncia de la precipitaci\u00f3 a l&#8217;Observatori de l&#8217;Ebre, consulteu el cap\u00edtol corresponent del&nbsp;<a rel=\"noreferrer noopener\" href=\"https:\/\/www.meteo.cat\/wpweb\/climatologia\/butlletins-i-episodis-meteorologics\/butlleti-anual-dindicadors-climatics\/\" target=\"_blank\">Butllet\u00ed Anual d\u2019Indicadors Clim\u00e0tics<\/a>.<\/p>\n\n\n\n<form class=\"smc-combobox line\" name=\"graph2\" onsubmit=\"jsDropDown('eful', this)\">\n<label for=\"var2\">Variable:<\/label> \n<select name=\"var2\" id=\"var2\">\n<option selected=\"selected\" value=\"2026\/01\/20170318\/ebrepptany_2025\">Anomalia de la precipitaci\u00f3 &#8211; Any (%)<\/option> \n<option value=\"2025\/03\/05164853\/ebreppthiv\">Anomalia de la precipitaci\u00f3 &#8211; Hivern (%)<\/option> \n<option value=\"2026\/01\/20170321\/ebrepptpri_2025\">Anomalia de la precipitaci\u00f3 &#8211; Primavera (%)<\/option> \n<option value=\"2026\/01\/20170326\/ebrepptest_2025\">Anomalia de la precipitaci\u00f3 &#8211; Estiu (%)<\/option> \n<option value=\"2026\/01\/20170330\/ebreppttar_2025\">Anomalia de la precipitaci\u00f3 &#8211; Tardor (%)<\/option> \n<\/select>\n<input type=\"submit\" value=\"Mostra imatge\" class=\"go\">\n<\/form>\n\n\n\n<figure class=\"wp-block-image is-resized\"><img loading=\"lazy\" src=\"https:\/\/static-m.meteo.cat\/wordpressweb\/wp-content\/uploads\/2026\/01\/20170318\/ebrepptany_2025.png\" id=\"eful\" alt=\"Imatge seleccionada\" width=\"850\" height=\"600\"><\/figure>\n\n\n\n<div style=\"height:50px\" aria-hidden=\"true\" class=\"wp-block-spacer\"><\/div>\n\n\n\n<h2 id=\"precfabra\">La precipitaci\u00f3 a l&#8217;Observatori Fabra (Barcelona)<\/h2>\n\n\n\n<p>Tot seguit, es mostra l\u2019evoluci\u00f3 de la precipitaci\u00f3 acumulada a l\u2019Observatori Fabra, que disposa d\u2019una s\u00e8rie clim\u00e0tica centen\u00e0ria, referent a la ciutat de Barcelona. Els valors es mostren com a anomalia anual o estacional (en %) respecte la mitjana del per\u00edode de refer\u00e8ncia 1961-1990 (per\u00edode recomanat per l\u2019Organitzaci\u00f3 Meteorol\u00f2gica Mundial per copsar canvis a llarg termini). Per a m\u00e9s informaci\u00f3 sobre la tend\u00e8ncia de la precipitaci\u00f3 a l&#8217;Observatori Fabra, consulteu el cap\u00edtol corresponent del&nbsp;<a rel=\"noreferrer noopener\" href=\"https:\/\/www.meteo.cat\/wpweb\/climatologia\/butlletins-i-episodis-meteorologics\/butlleti-anual-dindicadors-climatics\/\" target=\"_blank\">Butllet\u00ed Anual d\u2019Indicadors Clim\u00e0tics<\/a>.<\/p>\n\n\n\n<form class=\"smc-combobox line\" name=\"graph3\" onsubmit=\"jsDropDown('fful', this)\">\n<label for=\"var3\">Variable:<\/label> \n<select name=\"var3\" id=\"var3\">\n<option selected=\"selected\" value=\"2026\/01\/20170349\/fabrapptany_2025\">Anomalia de la precipitaci\u00f3 &#8211; Any (%)<\/option>\n<option value=\"2025\/03\/05163209\/fabrappthiv\">Anomalia de la precipitaci\u00f3 &#8211; Hivern (%)<\/option>\n<option value=\"2026\/01\/20170353\/fabrapptpri_2025\">Anomalia de la precipitaci\u00f3 &#8211; Primavera (%)<\/option>\n<option value=\"2026\/01\/20170356\/fabrapptest_2025\">Anomalia de la precipitaci\u00f3 &#8211; Estiu (%)<\/option>\n<option value=\"2026\/01\/20170359\/fabrappttar_2025\">Anomalia de la precipitaci\u00f3 &#8211; Tardor (%)<\/option>\n<\/select>\n<input type=\"submit\" value=\"Mostra imatge\" class=\"go\">\n<\/form>\n\n\n\n<figure class=\"wp-block-image is-resized\"><img loading=\"lazy\" src=\"https:\/\/static-m.meteo.cat\/wordpressweb\/wp-content\/uploads\/2026\/01\/20170349\/fabrapptany_2025.png\" id=\"fful\" alt=\"Imatge seleccionada\" width=\"850\" height=\"600\"><\/figure>\n\n\n\n<div style=\"height:50px\" aria-hidden=\"true\" class=\"wp-block-spacer\"><\/div>\n\n\n\n<h2 id=\"precBCN\">La precipitaci\u00f3 a Barcelona des del 1786<\/h2>\n\n\n\n<p>La ciutat de Barcelona disposa de registres clim\u00e0tics instrumentals que es remunten a l\u2019any 1780. Gr\u00e0cies a una tasca exhaustiva de digitalitzaci\u00f3 dels documents originals, i una posterior an\u00e0lisi de qualitat i d\u2019homogene\u00eftat de les dades, s\u2019ha pogut reconstruir la s\u00e8rie pluviom\u00e8trica de la ciutat des del 1786 (veure&nbsp;<a rel=\"noreferrer noopener\" href=\"https:\/\/static-m.meteo.cat\/wordpressweb\/wp-content\/uploads\/2015\/11\/11084210\/Prohom-et-al-2015-PPT-BCN.pdf\" target=\"_blank\">Prohom et al. 2015<\/a>, per a m\u00e9s detalls). Tot seguit es mostren els valors la precipitaci\u00f3 acumulada, expressat com a anomalia anual o estacional (en %) respecte del per\u00edode de refer\u00e8ncia 1851-1900, tamb\u00e9 conegut com a per\u00edode preindustrial. <\/p>\n\n\n\n<form class=\"smc-combobox line\" name=\"graph3\" onsubmit=\"jsDropDown('gful', this)\">\n<label for=\"var5\">Variable:<\/label> \n<select name=\"var5\" id=\"var5\">\n<option selected=\"selected\" value=\"2026\/01\/20170433\/barcelonapptany_2025\">Anomalia de la precipitaci\u00f3 &#8211; Any (%)<\/option>\n<option value=\"2025\/03\/05161203\/barcelonappthiv\">Anomalia de la precipitaci\u00f3 &#8211; Hivern (%)<\/option>\n<option value=\"2026\/01\/20170429\/barcelonapptpri_2025\">Anomalia de la precipitaci\u00f3 &#8211; Primavera (%)<\/option>\n<option value=\"2026\/01\/20170425\/barcelonapptest_2025\">Anomalia de la precipitaci\u00f3 &#8211; Estiu (%)<\/option>\n<option value=\"2026\/01\/20170421\/barcelonappttar_2025\">Anomalia de la precipitaci\u00f3 &#8211; Tardor (%)<\/option>\n<\/select>\n<input type=\"submit\" value=\"Mostra imatge\" class=\"go\">\n<\/form>\n\n\n\n<figure class=\"wp-block-image is-resized\"><img loading=\"lazy\" src=\"https:\/\/static-m.meteo.cat\/wordpressweb\/wp-content\/uploads\/2026\/01\/20170433\/barcelonapptany_2025.png\" id=\"gful\" alt=\"Imatge seleccionada\" width=\"850\" height=\"600\"><\/figure>\n\n\n\n<div style=\"height:50px\" aria-hidden=\"true\" class=\"wp-block-spacer\"><\/div>\n\n\n\n<h2 id=\"precseries\">An\u00e0lisi de la tend\u00e8ncia de la precipitaci\u00f3 des del 1950<\/h2>\n\n\n\n<p>Aqu\u00ed es mostra la tend\u00e8ncia de la precipitaci\u00f3 acumulada per a diferents resolucions temporals (anual i estacional), i per a un conjunt de 73 s\u00e8ries clim\u00e0tiques repartides pel territori. La mida dels triangles \u00e9s proporcional al valor de la tend\u00e8ncia decennal (en %\/decenni), i el color indica el signe (blau=augment, taronja=descens). Els triangles omplerts indiquen que la tend\u00e8ncia es estad\u00edsticament, significativa segons el test de Mann-Kendall (p&lt;0,05).<\/p>\n\n\n\n<form class=\"smc-combobox line\" name=\"graph4\" onsubmit=\"jsDropDown('pful',this)\">\n<label for=\"var4\">Variable:<\/label>\n<select name=\"var4\" id=\"var4\">\n<option selected=\"selected\" value=\"2025\/06\/05171554\/PPT_anual_def\">Tend\u00e8ncia de la precipitaci\u00f3 acumulada &#8211; Anual (%\/decenni)<\/option> \n<option value=\"2025\/06\/05171644\/PPT_hivern_def\">Tend\u00e8ncia de la precipitaci\u00f3 acumulada &#8211; Hivern (%\/decenni)<\/option> \n<option value=\"2025\/06\/05171710\/PPT_primavera_def\">Tend\u00e8ncia de la precipitaci\u00f3 acumulada &#8211; Primavera (%\/decenni)<\/option> \n<option value=\"2025\/06\/05171618\/PPT_estiu_def\">Tend\u00e8ncia de la precipitaci\u00f3 acumulada &#8211; Estiu (%\/decenni)<\/option> \n<option value=\"2025\/06\/05171736\/PPT_tardor_def\">Tend\u00e8ncia de la precipitaci\u00f3 acumulada &#8211; Tardor (%\/decenni)<\/option> \n<\/select>\n<input type=\"submit\" value=\"Mostra imatge\" class=\"go\">\n<\/form>\n\n\n\n<figure class=\"wp-block-image is-resized\"><img loading=\"lazy\" id=\"pful\" src=\"https:\/\/static-m.meteo.cat\/wordpressweb\/wp-content\/uploads\/2025\/06\/05171554\/PPT_anual_def.png\" alt=\"Imatge seleccionada\" width=\"670\" height=\"670\"><\/figure>\n\n\n\n<div style=\"height:50px\" aria-hidden=\"true\" class=\"wp-block-spacer\"><\/div>\n\n\n\n<h2>M\u00e9s informaci\u00f3<\/h2>\n\n\n\n<p>El monitoratge del clima a Catalunya s\u2019avalua a trav\u00e9s del&nbsp;<a href=\"https:\/\/www.meteo.cat\/wpweb\/climatologia\/butlletins-i-episodis-meteorologics\/butlleti-anual-dindicadors-climatics\/\">Butllet\u00ed Anual d\u2019Indicadors Clim\u00e0tics (BAIC)<\/a>. Aqu\u00ed hi trobareu informaci\u00f3 m\u00e9s detallada i actualitzada sobre la tend\u00e8ncia de la precipitaci\u00f3 a Catalunya.<\/p>\n","protected":false},"excerpt":{"rendered":"<p>Tot seguit es mostra l\u2019evoluci\u00f3 de la precipitaci\u00f3 a quatre \u00e0mbits o punts del territori: al conjunt de Catalunya, a l\u2019observatori de l\u2019Ebre, a l\u2019observatori Fabra (de la Reial Acad\u00e8mia de Ci\u00e8ncies i Arts de Barcelona), i a la s\u00e8rie hist\u00f2rica de la ciutat de Barcelona. Tamb\u00e9 s\u2019ofereix una an\u00e0lisi de la tend\u00e8ncia observada a [&hellip;]<\/p>\n","protected":false},"author":7,"featured_media":0,"parent":35932,"menu_order":4,"comment_status":"closed","ping_status":"closed","template":"template-sidebar.php","meta":{"_mi_skip_tracking":false,"_monsterinsights_sitenote_active":false,"_monsterinsights_sitenote_note":"","_monsterinsights_sitenote_category":0},"_links":{"self":[{"href":"https:\/\/www.meteo.cat\/wpweb\/wp-json\/wp\/v2\/pages\/35954"}],"collection":[{"href":"https:\/\/www.meteo.cat\/wpweb\/wp-json\/wp\/v2\/pages"}],"about":[{"href":"https:\/\/www.meteo.cat\/wpweb\/wp-json\/wp\/v2\/types\/page"}],"author":[{"embeddable":true,"href":"https:\/\/www.meteo.cat\/wpweb\/wp-json\/wp\/v2\/users\/7"}],"replies":[{"embeddable":true,"href":"https:\/\/www.meteo.cat\/wpweb\/wp-json\/wp\/v2\/comments?post=35954"}],"version-history":[{"count":55,"href":"https:\/\/www.meteo.cat\/wpweb\/wp-json\/wp\/v2\/pages\/35954\/revisions"}],"predecessor-version":[{"id":44863,"href":"https:\/\/www.meteo.cat\/wpweb\/wp-json\/wp\/v2\/pages\/35954\/revisions\/44863"}],"up":[{"embeddable":true,"href":"https:\/\/www.meteo.cat\/wpweb\/wp-json\/wp\/v2\/pages\/35932"}],"wp:attachment":[{"href":"https:\/\/www.meteo.cat\/wpweb\/wp-json\/wp\/v2\/media?parent=35954"}],"curies":[{"name":"wp","href":"https:\/\/api.w.org\/{rel}","templated":true}]}}