{"id":35916,"date":"2022-11-14T12:12:51","date_gmt":"2022-11-14T12:12:51","guid":{"rendered":"https:\/\/www.meteo.cat\/wpweb\/?page_id=35916"},"modified":"2026-03-10T09:23:22","modified_gmt":"2026-03-10T09:23:22","slug":"episodis-meteorologics","status":"publish","type":"page","link":"https:\/\/www.meteo.cat\/wpweb\/climatologia\/butlletins-i-episodis-meteorologics\/episodis-meteorologics\/","title":{"rendered":"Episodis meteorol\u00f2gics"},"content":{"rendered":"\n<p>Els episodis meteorol\u00f2gics singulars com ara nevades, ventades, calorades, fredorades o precipitacions intenses s\u00f3n elements t\u00edpics del clima de Catalunya. Aquesta p\u00e0gina permet consultar els episodis m\u00e9s destacats que han afectat el pa\u00eds en els darrers anys, i que han estat recollits en notes de premsa pel Servei Meteorol\u00f2gic de Catalunya.<\/p>\n\n\n\n<p>Tamb\u00e9 es d\u00f3na acc\u00e9s a un conjunt d&#8217;episodis hist\u00f2rics, com ara la fredorada de 1956, els aiguats de setembre de 1962 o l&#8217;aiguat de Santa Tecla de 1874, entre molts d&#8217;altres. Aquests han estat recopilats i publicats a la secci\u00f3 <a href=\"https:\/\/www.meteo.cat\/wpweb\/divulgacio\/publicacions\/efemerides\/\" target=\"_blank\" rel=\"noopener noreferrer\">d&#8217;efem\u00e8rides<\/a> del web del Servei Meteorol\u00f2gic de Catalunya (apartat divulgaci\u00f3).<\/p>\n\n\n\n<div style=\"height:20px\" aria-hidden=\"true\" class=\"wp-block-spacer\"><\/div>\n\n\n\n<h2>Acc\u00e9s als episodis<\/h2>\n\n\n\n<p>Escolliu primer l&#8217;any o segle i seguidament la data de l&#8217;episodi, organitzat cronol\u00f2gicament i per tipologia (la data correspon a la d&#8217;emissi\u00f3 de la nota de premsa). Fent clic a &#8220;cerca&#8221; accedireu a la seva descripci\u00f3.<\/p>\n\n\n\n<form class=\"smc-combobox\">\n<label for=\"optone\">Per\u00edode (any\/segle): <\/label>\n<select id=\"optone\" name=\"optone\">\n<option selected=\"selected\" value=\"init\">Seleccioneu per\u00edode<\/option>\n<optgroup label=\"Episodis recents\">\n<option value=\"0\">2025<\/option>\n<option value=\"1\">2024<\/option>\n<option value=\"2\">2023<\/option>\n<option value=\"3\">2022<\/option>\n<option value=\"4\">2021<\/option>\n<option value=\"5\">2020<\/option>\n<option value=\"6\">2019<\/option>\n<option value=\"7\">2018<\/option>\n<option value=\"8\">2017<\/option>\n<option value=\"9\">2016<\/option>\n<option value=\"10\">2015<\/option>\n<option value=\"11\">2014<\/option>\n<option value=\"12\">2013<\/option>\n<option value=\"13\">2012<\/option>\n<option value=\"14\">2011<\/option>\n<option value=\"15\">2010<\/option>\n<\/optgroup>\n<optgroup label=\"Episodis hist\u00f2rics\">\n<option value=\"16\">Segle XXI (previ a 2009)<\/option>\n<option value=\"17\">Segle XX<\/option>\n<option value=\"18\">Segle XIX<\/option>\n<option value=\"19\">Segle XVIII<\/option>\n<\/optgroup>\n<\/select>\n<label for=\"opttwo\">Subper\u00edode &#8211; Tipologia: <\/label><br><select id=\"opttwo\" disabled=\"disabled\" name=\"opttwo\">\n<option selected=\"selected\" value=\"init\">Seleccioneu el mes\/dia &#8211; tipus episodi<\/option>\n<\/select>\n<button id=\"go\" type=\"button\">Cerca<\/button>\n<\/form>\n\n\n\n<div class=\"wp-block-image\"><figure class=\"aligncenter is-resized\"><a href=\"https:\/\/static-m.meteo.cat\/wordpressweb\/wp-content\/uploads\/2017\/12\/14122103\/Extrems.png\"><img src=\"https:\/\/static-m.meteo.cat\/wordpressweb\/wp-content\/uploads\/2017\/12\/14122103\/Extrems.png\" alt=\"4 fotos d'episodis hist\u00f2rics (obre imatge gran)\" class=\"wp-image-17054\" width=\"860\"\/><\/a><\/figure><\/div>\n\n\n\n<p><\/p>\n","protected":false},"excerpt":{"rendered":"<p>Els episodis meteorol\u00f2gics singulars com ara nevades, ventades, calorades, fredorades o precipitacions intenses s\u00f3n elements t\u00edpics del clima de Catalunya. Aquesta p\u00e0gina permet consultar els episodis m\u00e9s destacats que han afectat el pa\u00eds en els darrers anys, i que han estat recollits en notes de premsa pel Servei Meteorol\u00f2gic de Catalunya. Tamb\u00e9 es d\u00f3na acc\u00e9s [&hellip;]<\/p>\n","protected":false},"author":7,"featured_media":0,"parent":35871,"menu_order":7,"comment_status":"closed","ping_status":"closed","template":"template-sidebar.php","meta":{"_mi_skip_tracking":false,"_monsterinsights_sitenote_active":false,"_monsterinsights_sitenote_note":"","_monsterinsights_sitenote_category":0},"_links":{"self":[{"href":"https:\/\/www.meteo.cat\/wpweb\/wp-json\/wp\/v2\/pages\/35916"}],"collection":[{"href":"https:\/\/www.meteo.cat\/wpweb\/wp-json\/wp\/v2\/pages"}],"about":[{"href":"https:\/\/www.meteo.cat\/wpweb\/wp-json\/wp\/v2\/types\/page"}],"author":[{"embeddable":true,"href":"https:\/\/www.meteo.cat\/wpweb\/wp-json\/wp\/v2\/users\/7"}],"replies":[{"embeddable":true,"href":"https:\/\/www.meteo.cat\/wpweb\/wp-json\/wp\/v2\/comments?post=35916"}],"version-history":[{"count":123,"href":"https:\/\/www.meteo.cat\/wpweb\/wp-json\/wp\/v2\/pages\/35916\/revisions"}],"predecessor-version":[{"id":45235,"href":"https:\/\/www.meteo.cat\/wpweb\/wp-json\/wp\/v2\/pages\/35916\/revisions\/45235"}],"up":[{"embeddable":true,"href":"https:\/\/www.meteo.cat\/wpweb\/wp-json\/wp\/v2\/pages\/35871"}],"wp:attachment":[{"href":"https:\/\/www.meteo.cat\/wpweb\/wp-json\/wp\/v2\/media?parent=35916"}],"curies":[{"name":"wp","href":"https:\/\/api.w.org\/{rel}","templated":true}]}}