{"id":30689,"date":"2021-02-24T12:43:08","date_gmt":"2021-02-24T12:43:08","guid":{"rendered":"https:\/\/www.meteo.cat\/wpweb\/?page_id=30689"},"modified":"2022-12-27T09:04:54","modified_gmt":"2022-12-27T09:04:54","slug":"informacio-sobre-el-tractament-de-dades-personals-pels-processos-de-seleccio-de-personal-de-lsmc","status":"publish","type":"page","link":"https:\/\/www.meteo.cat\/wpweb\/politica-de-privacitat\/informacio-sobre-el-tractament-de-dades-personals-pels-processos-de-seleccio-de-personal-de-lsmc\/","title":{"rendered":"Informaci\u00f3 sobre el tractament de dades personals pels processos de selecci\u00f3 de personal de l\u2019SMC"},"content":{"rendered":"\n<h2 id=\"block-c6223fbf-3d3b-4461-a343-8491d38d5841\">1.- Responsable del tractament<\/h2>\n\n\n\n<p>Servei&nbsp;Meteorol\u00f2gic&nbsp;de Catalunya (SMC)&nbsp;<\/p>\n\n\n\n<p>NIF&nbsp;Q-0801167-H&nbsp;<\/p>\n\n\n\n<p>C\/ Berl\u00edn, 38-46, 4\u00aa planta, 08029 Barcelona&nbsp;<\/p>\n\n\n\n<p>Tel. 93 567 60 90&nbsp;<\/p>\n\n\n\n<p>Adre\u00e7a electr\u00f2nica:&nbsp;<a href=\"&#x6d;a&#x69;&#108;&#x74;&#111;:&#x73;&#109;&#x63;&#46;m&#x65;&#116;&#x65;&#111;c&#x61;t&#x40;&#103;&#x65;&#x6e;c&#x61;&#116;&#x2e;&#99;a&#x74;\" target=\"_blank\" rel=\"noreferrer noopener\">&#115;m&#x63;&#46;&#x6d;e&#x74;&#101;&#x6f;&#99;&#x61;&#116;&#64;&#x67;e&#x6e;c&#x61;&#116;&#x2e;&#99;&#x61;&#116;<\/a>&nbsp;<\/p>\n\n\n\n<p>Web:&nbsp;&nbsp;<a href=\"http:\/\/www.meteo.cat\/\">http:\/\/www.meteo.cat<\/a>&nbsp;<\/p>\n\n\n\n<div style=\"height:50px\" aria-hidden=\"true\" class=\"wp-block-spacer\"><\/div>\n\n\n\n<h2 id=\"responsable\">2.- Delegat de protecci\u00f3 de dades<\/h2>\n\n\n\n<p><a rel=\"noreferrer noopener\" href=\"mail&#116;&#111;&#58;&#112;&#114;&#x6f;&#x74;&#x65;&#x63;&#x63;&#x69;&#x6f;dade&#115;&#46;&#109;&#101;&#116;&#x65;&#x6f;&#x63;&#x61;&#x74;&#x40;&#x67;&#x65;ncat&#46;&#99;&#97;&#116;\" target=\"_blank\">&#112;&#x72;&#111;&#x74;e&#x63;c&#105;&#x6f;&#100;&#x61;d&#x65;s&#46;&#x6d;&#101;&#x74;e&#x6f;c&#97;&#x74;&#64;&#x67;e&#x6e;c&#97;&#x74;&#46;&#x63;a&#x74;<\/a>&nbsp;<\/p>\n\n\n\n<div style=\"height:50px\" aria-hidden=\"true\" class=\"wp-block-spacer\"><\/div>\n\n\n\n<h2 id=\"finalitat\">3.- <strong>Finalitat&nbsp;del&nbsp;tractament<\/strong><\/h2>\n\n\n\n<p>Tramitar i gestionar&nbsp;els&nbsp;processos&nbsp;de&nbsp;selecci\u00f3&nbsp;de personal del SMC.&nbsp;<\/p>\n\n\n\n<div style=\"height:50px\" aria-hidden=\"true\" class=\"wp-block-spacer\"><\/div>\n\n\n\n<h2 id=\"recollida\">4.- <strong>Base jur\u00eddica<\/strong>&nbsp;&nbsp;&nbsp;<\/h2>\n\n\n\n<p>Aplicaci\u00f3&nbsp;de mesures&nbsp;precontractuals&nbsp;a&nbsp;petici\u00f3&nbsp;dels&nbsp;interessats&nbsp;(Art. 6.1.b. RGPD)&nbsp;<\/p>\n\n\n\n<p>Les&nbsp;dades&nbsp;personals&nbsp;sol\u00b7licitades&nbsp;ser\u00e1n&nbsp;tractades&nbsp;per a la&nbsp;realitzaci\u00f3&nbsp;de les&nbsp;actuacions&nbsp;pr\u00e8vies&nbsp;a la&nbsp;relaci\u00f3&nbsp;laboral.&nbsp;<\/p>\n\n\n\n<div style=\"height:50px\" aria-hidden=\"true\" class=\"wp-block-spacer\"><\/div>\n\n\n\n<h2 id=\"conservacio\">5.- <strong>Destinataris<\/strong><\/h2>\n\n\n\n<p>No es&nbsp;preveu&nbsp;comunicar&nbsp;dades&nbsp;a&nbsp;tercers,&nbsp;excepte&nbsp;si&nbsp;hagu\u00e9s&nbsp;una&nbsp;obligaci\u00f3&nbsp;legal.<\/p>\n\n\n\n<div style=\"height:50px\" aria-hidden=\"true\" class=\"wp-block-spacer\"><\/div>\n\n\n\n<h2 id=\"comunicacio\">6.- <strong>Drets&nbsp;de les persones<\/strong>&nbsp;<\/h2>\n\n\n\n<p>Podeu&nbsp;accedir&nbsp;a les&nbsp;vostres&nbsp;dades,&nbsp;sol\u00b7licitar-ne&nbsp;la&nbsp;rectificaci\u00f3&nbsp;o&nbsp;supressi\u00f3,&nbsp;oposar-vos al&nbsp;tractament&nbsp;de&nbsp;decisions&nbsp;individuals&nbsp;automatitzades&nbsp; i&nbsp;elaboraci\u00f3&nbsp;de&nbsp;perfils&nbsp;i&nbsp;sol\u00b7licitar-ne&nbsp;la&nbsp;limitaci\u00f3,&nbsp;enviant&nbsp;la&nbsp;vostra&nbsp;sol\u00b7licitud&nbsp;a trav\u00e9s&nbsp;d\u2019un&nbsp;&nbsp;correu&nbsp;electr\u00f2nic,&nbsp;indicant&nbsp;el&nbsp;vostre&nbsp;NIF o&nbsp;document&nbsp;identificatiu&nbsp;equivalent&nbsp;a&nbsp;<a rel=\"noreferrer noopener\" href=\"&#x6d;&#x61;&#x69;&#108;&#116;&#111;:p&#x72;&#x6f;&#x74;&#x65;&#99;&#99;io&#x64;&#x61;&#x64;&#x65;&#115;&#46;me&#x74;&#x65;&#x6f;&#x63;&#97;&#116;&#64;ge&#x6e;&#x63;&#x61;&#x74;&#46;&#99;at\" target=\"_blank\">&#x70;&#x72;&#111;&#116;e&#x63;&#x63;&#x69;&#111;da&#x64;&#x65;&#115;&#46;m&#x65;&#x74;&#x65;&#111;ca&#x74;&#x40;&#103;&#101;n&#x63;&#x61;&#x74;&#46;ca&#x74;<\/a>&nbsp;<\/p>\n\n\n\n<div style=\"height:50px\" aria-hidden=\"true\" class=\"wp-block-spacer\"><\/div>\n\n\n\n<h2 id=\"proteccio\">7.- <strong>Termini de&nbsp;conservaci\u00f3&nbsp;de les&nbsp;dades<\/strong>&nbsp;<\/h2>\n\n\n\n<p>Les dades personals proporcionades pels interessats que han participat en el proc\u00e9s per\u00f2 no han estat seleccionades,&nbsp;es conservaran durant 1 any des de la data de finalitzaci\u00f3 del procediment. Altrament, es conservaran el temps necessari&nbsp;per a la formulaci\u00f3, exercici o defensa de reclamacions o quan els tribunals actu\u00efn en exercici de la seva funci\u00f3 judicial.&nbsp;<\/p>\n\n\n\n<div style=\"height:50px\" aria-hidden=\"true\" class=\"wp-block-spacer\"><\/div>\n\n\n\n<h2 id=\"drets\">8.- <strong>Reclamaci\u00f3<\/strong>&nbsp;<\/h2>\n\n\n\n<p>Si considereu que els vostres drets no s\u2019han at\u00e8s adequadament, teniu dret a\u00a0presentar una\u00a0reclamaci\u00f3\u00a0adre\u00e7ada\u00a0a\u00a0l&#8217;APDCAT,\u00a0 mitjan\u00e7ant\u00a0la\u00a0seu\u00a0electr\u00f2nica\u00a0de\u00a0l&#8217;Autoritat\u00a0(<a href=\"https:\/\/apdcat.gencat.cat\/\">https:\/\/apdcat.gencat.cat\/<\/a>) o per\u00a0mitjans\u00a0no\u00a0electr\u00f2nics.\u00a0<\/p>\n\n\n\n<a href=\"#taula_continguts\" title=\"Puja\" class=\"go-top\">Puja<\/a>\n","protected":false},"excerpt":{"rendered":"<p>1.- Responsable del tractament Servei&nbsp;Meteorol\u00f2gic&nbsp;de Catalunya (SMC)&nbsp; NIF&nbsp;Q-0801167-H&nbsp; C\/ Berl\u00edn, 38-46, 4\u00aa planta, 08029 Barcelona&nbsp; Tel. 93 567 60 90&nbsp; Adre\u00e7a electr\u00f2nica:&nbsp;&#115;&#x6d;&#99;&#x2e;&#109;&#x65;&#116;&#x65;&#111;&#x63;&#97;&#x74;&#64;&#x67;e&#x6e;c&#x61;t&#x2e;c&#x61;t&nbsp; Web:&nbsp;&nbsp;http:\/\/www.meteo.cat&nbsp; 2.- Delegat de protecci\u00f3 de dades prot&#101;&#99;&#99;&#105;&#111;&#100;&#97;&#x64;&#x65;&#x73;&#x2e;&#x6d;&#x65;&#x74;&#x65;&#x6f;cat&#64;&#103;&#101;&#110;&#99;&#97;&#116;&#46;&#x63;&#x61;&#x74;&nbsp; 3.- Finalitat&nbsp;del&nbsp;tractament Tramitar i gestionar&nbsp;els&nbsp;processos&nbsp;de&nbsp;selecci\u00f3&nbsp;de personal del SMC.&nbsp; 4.- Base jur\u00eddica&nbsp;&nbsp;&nbsp; Aplicaci\u00f3&nbsp;de mesures&nbsp;precontractuals&nbsp;a&nbsp;petici\u00f3&nbsp;dels&nbsp;interessats&nbsp;(Art. 6.1.b. RGPD)&nbsp; Les&nbsp;dades&nbsp;personals&nbsp;sol\u00b7licitades&nbsp;ser\u00e1n&nbsp;tractades&nbsp;per a la&nbsp;realitzaci\u00f3&nbsp;de les&nbsp;actuacions&nbsp;pr\u00e8vies&nbsp;a la&nbsp;relaci\u00f3&nbsp;laboral.&nbsp; 5.- Destinataris No es&nbsp;preveu&nbsp;comunicar&nbsp;dades&nbsp;a&nbsp;tercers,&nbsp;excepte&nbsp;si&nbsp;hagu\u00e9s&nbsp;una&nbsp;obligaci\u00f3&nbsp;legal. 6.- [&hellip;]<\/p>\n","protected":false},"author":5,"featured_media":0,"parent":541,"menu_order":1,"comment_status":"closed","ping_status":"closed","template":"template-sidebar.php","meta":{"_mi_skip_tracking":false,"_monsterinsights_sitenote_active":false,"_monsterinsights_sitenote_note":"","_monsterinsights_sitenote_category":0},"_links":{"self":[{"href":"https:\/\/www.meteo.cat\/wpweb\/wp-json\/wp\/v2\/pages\/30689"}],"collection":[{"href":"https:\/\/www.meteo.cat\/wpweb\/wp-json\/wp\/v2\/pages"}],"about":[{"href":"https:\/\/www.meteo.cat\/wpweb\/wp-json\/wp\/v2\/types\/page"}],"author":[{"embeddable":true,"href":"https:\/\/www.meteo.cat\/wpweb\/wp-json\/wp\/v2\/users\/5"}],"replies":[{"embeddable":true,"href":"https:\/\/www.meteo.cat\/wpweb\/wp-json\/wp\/v2\/comments?post=30689"}],"version-history":[{"count":3,"href":"https:\/\/www.meteo.cat\/wpweb\/wp-json\/wp\/v2\/pages\/30689\/revisions"}],"predecessor-version":[{"id":36655,"href":"https:\/\/www.meteo.cat\/wpweb\/wp-json\/wp\/v2\/pages\/30689\/revisions\/36655"}],"up":[{"embeddable":true,"href":"https:\/\/www.meteo.cat\/wpweb\/wp-json\/wp\/v2\/pages\/541"}],"wp:attachment":[{"href":"https:\/\/www.meteo.cat\/wpweb\/wp-json\/wp\/v2\/media?parent=30689"}],"curies":[{"name":"wp","href":"https:\/\/api.w.org\/{rel}","templated":true}]}}

Informació sobre el tractament de dades personals pels processos de selecció de personal de l’SMC

<h2 id="block-c6223fbf-3d3b-4461-a343-8491d38d5841">1.- Responsable del tractament</h2>



<p>Servei&nbsp;Meteorològic&nbsp;de Catalunya (SMC)&nbsp;</p>



<p>NIF&nbsp;Q-0801167-H&nbsp;</p>



<p>C/ Berlín, 38-46, 4ª planta, 08029 Barcelona&nbsp;</p>



<p>Tel. 93 567 60 90&nbsp;</p>



<p>Adreça electrònica:&nbsp;<a href="&#x6d;a&#x69;&#108;&#x74;&#111;:&#x73;&#109;&#x63;&#46;m&#x65;&#116;&#x65;&#111;c&#x61;t&#x40;&#103;&#x65;&#x6e;c&#x61;&#116;&#x2e;&#99;a&#x74;" target="_blank" rel="noreferrer noopener">&#115;m&#x63;&#46;&#x6d;e&#x74;&#101;&#x6f;&#99;&#x61;&#116;&#64;&#x67;e&#x6e;c&#x61;&#116;&#x2e;&#99;&#x61;&#116;</a>&nbsp;</p>



<p>Web:&nbsp;&nbsp;<a href="http://www.meteo.cat/">http://www.meteo.cat</a>&nbsp;</p>



<div style="height:50px" aria-hidden="true" class="wp-block-spacer"></div>



<h2 id="responsable">2.- Delegat de protecció de dades</h2>



<p><a rel="noreferrer noopener" href="mail&#116;&#111;&#58;&#112;&#114;&#x6f;&#x74;&#x65;&#x63;&#x63;&#x69;&#x6f;dade&#115;&#46;&#109;&#101;&#116;&#x65;&#x6f;&#x63;&#x61;&#x74;&#x40;&#x67;&#x65;ncat&#46;&#99;&#97;&#116;" target="_blank">&#112;&#x72;&#111;&#x74;e&#x63;c&#105;&#x6f;&#100;&#x61;d&#x65;s&#46;&#x6d;&#101;&#x74;e&#x6f;c&#97;&#x74;&#64;&#x67;e&#x6e;c&#97;&#x74;&#46;&#x63;a&#x74;</a>&nbsp;</p>



<div style="height:50px" aria-hidden="true" class="wp-block-spacer"></div>



<h2 id="finalitat">3.- <strong>Finalitat&nbsp;del&nbsp;tractament</strong></h2>



<p>Tramitar i gestionar&nbsp;els&nbsp;processos&nbsp;de&nbsp;selecció&nbsp;de personal del SMC.&nbsp;</p>



<div style="height:50px" aria-hidden="true" class="wp-block-spacer"></div>



<h2 id="recollida">4.- <strong>Base jurídica</strong>&nbsp;&nbsp;&nbsp;</h2>



<p>Aplicació&nbsp;de mesures&nbsp;precontractuals&nbsp;a&nbsp;petició&nbsp;dels&nbsp;interessats&nbsp;(Art. 6.1.b. RGPD)&nbsp;</p>



<p>Les&nbsp;dades&nbsp;personals&nbsp;sol·licitades&nbsp;serán&nbsp;tractades&nbsp;per a la&nbsp;realització&nbsp;de les&nbsp;actuacions&nbsp;prèvies&nbsp;a la&nbsp;relació&nbsp;laboral.&nbsp;</p>



<div style="height:50px" aria-hidden="true" class="wp-block-spacer"></div>



<h2 id="conservacio">5.- <strong>Destinataris</strong></h2>



<p>No es&nbsp;preveu&nbsp;comunicar&nbsp;dades&nbsp;a&nbsp;tercers,&nbsp;excepte&nbsp;si&nbsp;hagués&nbsp;una&nbsp;obligació&nbsp;legal.</p>



<div style="height:50px" aria-hidden="true" class="wp-block-spacer"></div>



<h2 id="comunicacio">6.- <strong>Drets&nbsp;de les persones</strong>&nbsp;</h2>



<p>Podeu&nbsp;accedir&nbsp;a les&nbsp;vostres&nbsp;dades,&nbsp;sol·licitar-ne&nbsp;la&nbsp;rectificació&nbsp;o&nbsp;supressió,&nbsp;oposar-vos al&nbsp;tractament&nbsp;de&nbsp;decisions&nbsp;individuals&nbsp;automatitzades&nbsp; i&nbsp;elaboració&nbsp;de&nbsp;perfils&nbsp;i&nbsp;sol·licitar-ne&nbsp;la&nbsp;limitació,&nbsp;enviant&nbsp;la&nbsp;vostra&nbsp;sol·licitud&nbsp;a través&nbsp;d’un&nbsp;&nbsp;correu&nbsp;electrònic,&nbsp;indicant&nbsp;el&nbsp;vostre&nbsp;NIF o&nbsp;document&nbsp;identificatiu&nbsp;equivalent&nbsp;a&nbsp;<a rel="noreferrer noopener" href="&#x6d;&#x61;&#x69;&#108;&#116;&#111;:p&#x72;&#x6f;&#x74;&#x65;&#99;&#99;io&#x64;&#x61;&#x64;&#x65;&#115;&#46;me&#x74;&#x65;&#x6f;&#x63;&#97;&#116;&#64;ge&#x6e;&#x63;&#x61;&#x74;&#46;&#99;at" target="_blank">&#x70;&#x72;&#111;&#116;e&#x63;&#x63;&#x69;&#111;da&#x64;&#x65;&#115;&#46;m&#x65;&#x74;&#x65;&#111;ca&#x74;&#x40;&#103;&#101;n&#x63;&#x61;&#x74;&#46;ca&#x74;</a>&nbsp;</p>



<div style="height:50px" aria-hidden="true" class="wp-block-spacer"></div>



<h2 id="proteccio">7.- <strong>Termini de&nbsp;conservació&nbsp;de les&nbsp;dades</strong>&nbsp;</h2>



<p>Les dades personals proporcionades pels interessats que han participat en el procés però no han estat seleccionades,&nbsp;es conservaran durant 1 any des de la data de finalització del procediment. Altrament, es conservaran el temps necessari&nbsp;per a la formulació, exercici o defensa de reclamacions o quan els tribunals actuïn en exercici de la seva funció judicial.&nbsp;</p>



<div style="height:50px" aria-hidden="true" class="wp-block-spacer"></div>



<h2 id="drets">8.- <strong>Reclamació</strong>&nbsp;</h2>



<p>Si considereu que els vostres drets no s’han atès adequadament, teniu dret a presentar una reclamació adreçada a l&#8217;APDCAT,  mitjançant la seu electrònica de l&#8217;Autoritat (<a href="https://apdcat.gencat.cat/">https://apdcat.gencat.cat/</a>) o per mitjans no electrònics. </p>



<a href="#taula_continguts" title="Puja" class="go-top">Puja</a>

<p>1.- Responsable del tractament Servei&nbsp;Meteorològic&nbsp;de Catalunya (SMC)&nbsp; NIF&nbsp;Q-0801167-H&nbsp; C/ Berlín, 38-46, 4ª planta, 08029 Barcelona&nbsp; Tel. 93 567 60 90&nbsp; Adreça electrònica:&nbsp;&#115;&#x6d;&#99;&#x2e;&#109;&#x65;&#116;&#x65;&#111;&#x63;&#97;&#x74;&#64;&#x67;e&#x6e;c&#x61;t&#x2e;c&#x61;t&nbsp; Web:&nbsp;&nbsp;http://www.meteo.cat&nbsp; 2.- Delegat de protecció de dades prot&#101;&#99;&#99;&#105;&#111;&#100;&#97;&#x64;&#x65;&#x73;&#x2e;&#x6d;&#x65;&#x74;&#x65;&#x6f;cat&#64;&#103;&#101;&#110;&#99;&#97;&#116;&#46;&#x63;&#x61;&#x74;&nbsp; 3.- Finalitat&nbsp;del&nbsp;tractament Tramitar i gestionar&nbsp;els&nbsp;processos&nbsp;de&nbsp;selecció&nbsp;de personal del SMC.&nbsp; 4.- Base jurídica&nbsp;&nbsp;&nbsp; Aplicació&nbsp;de mesures&nbsp;precontractuals&nbsp;a&nbsp;petició&nbsp;dels&nbsp;interessats&nbsp;(Art. 6.1.b. RGPD)&nbsp; Les&nbsp;dades&nbsp;personals&nbsp;sol·licitades&nbsp;serán&nbsp;tractades&nbsp;per a la&nbsp;realització&nbsp;de les&nbsp;actuacions&nbsp;prèvies&nbsp;a la&nbsp;relació&nbsp;laboral.&nbsp; 5.- Destinataris No es&nbsp;preveu&nbsp;comunicar&nbsp;dades&nbsp;a&nbsp;tercers,&nbsp;excepte&nbsp;si&nbsp;hagués&nbsp;una&nbsp;obligació&nbsp;legal. 6.- [&hellip;]</p>
