{"id":291,"date":"2014-12-14T11:24:54","date_gmt":"2014-12-14T11:24:54","guid":{"rendered":"http:\/\/\/wpweb\/?page_id=291"},"modified":"2019-10-08T07:51:41","modified_gmt":"2019-10-08T07:51:41","slug":"la-terra","status":"publish","type":"page","link":"https:\/\/www.meteo.cat\/wpweb\/divulgacio\/conceptes-generals\/la-terra\/","title":{"rendered":"La Terra"},"content":{"rendered":"<p>El model anterior no \u00e9s cert perqu\u00e8 la Terra no nom\u00e9s gira al voltant del Sol (aquest moviment origina les estacions), sin\u00f3 que tamb\u00e9 gira sobre s\u00ed mateixa un cop cada dia, i aix\u00f2 \u00e9s important\u00edssim per entendre qu\u00e8 li passa a l&#8217;atmosfera i com s&#8217;organitza. Tamb\u00e9 \u00e9s important perqu\u00e8 tinguem dia i nit, si no, quan dormir\u00edem?<\/p>\n<p>Com que la Terra gira, els corrents d&#8217;aire es deriven i no s\u00f3n rectilinis. Imagineu que l&#8217;aire que \u00e9s al pol nord i que est\u00e0 quiet (la Terra, als pols nom\u00e9s gira per\u00f2 no es despla\u00e7a) comen\u00e7a a viatjar cap el sud, on la Terra s\u00ed que t\u00e9 un moviment, cada cop m\u00e9s r\u00e0pid, d&#8217;oest cap a est. A l&#8217;aire, que estava parat, li costa encomanar-se del moviment de la Terra i es retarda respecte d&#8217;ell. L&#8217;aire t\u00e9 realment un moviment rectilini, per\u00f2 per alg\u00fa que s&#8217;ho mira des de la Terra, l&#8217;aire es desvia cap a la dreta de la seva traject\u00f2ria.<\/p>\n<p>Aix\u00f2 \u00e9s el que s&#8217;anomena la desviaci\u00f3 de Coriolis, &nbsp;i \u00e9s important\u00edssima, ja que desvia tots els corrents d&#8217;aire i fa que la circulaci\u00f3 atmosf\u00e8rica es compliqui molt i neixin nous cinturons d&#8217;anticiclons i depressions, que l&#8217;aire giri al voltant d&#8217;ells, que apareguin els vents de llevant a les zones temperades i els alisis, tamb\u00e9 de llevant, a les zones tropicals. \u00c9s la complicad\u00edssima circulaci\u00f3 general atmosf\u00e8rica. La desviaci\u00f3 deguda a la for\u00e7a de Coriolis no l&#8217;experimenta nom\u00e9s l&#8217;aire, sin\u00f3 qualsevol cosa que es mogui sense estar perfectament lligada a la Terra.<\/p>\n<p>Per exemple, la bala d&#8217;un can\u00f3 que dispara molt lluny. Si no es tingu\u00e9s en compte aquesta desviaci\u00f3 la bala no encertaria mai l&#8217;objectiu.<\/p>\n<p>O el curs d&#8217;un riu llarg que vagi de nord a sud o de sud a nord, com el Mississipi, on es pot observar que s&#8217;erosiona m\u00e9s la riba dreta que l&#8217;esquerra.<\/p>\n<p>O les vies d&#8217;un tren que circula segons un meridi\u00e0: el rail dret es desgasta m\u00e9s que l&#8217;esquerra!<\/p>\n","protected":false},"excerpt":{"rendered":"<p>El model anterior no \u00e9s cert perqu\u00e8 la Terra no nom\u00e9s gira al voltant del Sol (aquest moviment origina les estacions), sin\u00f3 que tamb\u00e9 gira sobre s\u00ed mateixa un cop cada dia, i aix\u00f2 \u00e9s important\u00edssim per entendre qu\u00e8 li passa a l&#8217;atmosfera i com s&#8217;organitza. Tamb\u00e9 \u00e9s important perqu\u00e8 tinguem dia i nit, si [&hellip;]<\/p>\n","protected":false},"author":2,"featured_media":0,"parent":126,"menu_order":0,"comment_status":"closed","ping_status":"closed","template":"template-sidebar.php","meta":{"_mi_skip_tracking":false,"_monsterinsights_sitenote_active":false,"_monsterinsights_sitenote_note":"","_monsterinsights_sitenote_category":0},"_links":{"self":[{"href":"https:\/\/www.meteo.cat\/wpweb\/wp-json\/wp\/v2\/pages\/291"}],"collection":[{"href":"https:\/\/www.meteo.cat\/wpweb\/wp-json\/wp\/v2\/pages"}],"about":[{"href":"https:\/\/www.meteo.cat\/wpweb\/wp-json\/wp\/v2\/types\/page"}],"author":[{"embeddable":true,"href":"https:\/\/www.meteo.cat\/wpweb\/wp-json\/wp\/v2\/users\/2"}],"replies":[{"embeddable":true,"href":"https:\/\/www.meteo.cat\/wpweb\/wp-json\/wp\/v2\/comments?post=291"}],"version-history":[{"count":4,"href":"https:\/\/www.meteo.cat\/wpweb\/wp-json\/wp\/v2\/pages\/291\/revisions"}],"predecessor-version":[{"id":24249,"href":"https:\/\/www.meteo.cat\/wpweb\/wp-json\/wp\/v2\/pages\/291\/revisions\/24249"}],"up":[{"embeddable":true,"href":"https:\/\/www.meteo.cat\/wpweb\/wp-json\/wp\/v2\/pages\/126"}],"wp:attachment":[{"href":"https:\/\/www.meteo.cat\/wpweb\/wp-json\/wp\/v2\/media?parent=291"}],"curies":[{"name":"wp","href":"https:\/\/api.w.org\/{rel}","templated":true}]}}