{"id":283,"date":"2014-12-14T11:20:52","date_gmt":"2014-12-14T11:20:52","guid":{"rendered":"http:\/\/\/wpweb\/?page_id=283"},"modified":"2019-10-08T07:48:19","modified_gmt":"2019-10-08T07:48:19","slug":"la-pluja-i-la-neu","status":"publish","type":"page","link":"https:\/\/www.meteo.cat\/wpweb\/divulgacio\/conceptes-generals\/la-pluja-i-la-neu\/","title":{"rendered":"La pluja i la neu"},"content":{"rendered":"<p>Ara ja sabem que per formar un n\u00favol necessitem humitat i, generalment, un ascens de l\u2019aire. Per\u00f2 encara necessitem una altra cosa: l\u2019aire ha de contenir impureses. El vapor d\u2019aigua no es condensar\u00e0 per formar aigua l\u00edquida si no t\u00e9 un suport on fer-ho. Prop de terra el vapor es condensa, per exemple, a les fulles de les plantes o sobre els cotxes i forma la rosada durant les nits fredes i humides. Per\u00f2 a l\u2019aire calen petits nuclis sobre els quals s\u2019inici\u00ef la condensaci\u00f3. Aquests nuclis, microsc\u00f2pics, poden ser part\u00edcules de sal procedents dels mars, pols aixecada de terra en dies de vent, etc.<\/p>\n<p>Si disposem d\u2019humitat, si l\u2019aire puja i hi ha aquestes impuresesa l\u2019aire formarem un n\u00favol. Per\u00f2 les gotes seran molt petites i si abandonen el n\u00favol s\u2019evaporaran abans d\u2019arribar a terra. Cal quecreixin prou per fer-ho. Si les m\u00e9s grans comencen a caure a l\u2019interior del n\u00favol i durant la caiguda xoquen amb altres m\u00e9s petites poden cr\u00e9ixer cada vegada m\u00e9s i tenir possibilitat d\u2019arribar a terra sense evaporar-se: ja plou!<\/p>\n<p>I si quan la humitat \u00e9s prou alta per iniciar la condensaci\u00f3 la temperatura est\u00e0 per sota dels zero graus? Aleshores es formen cristalls de gel i quan xoquen entre s\u00ed es formen flocs de neu.<\/p>\n","protected":false},"excerpt":{"rendered":"<p>Ara ja sabem que per formar un n\u00favol necessitem humitat i, generalment, un ascens de l\u2019aire. Per\u00f2 encara necessitem una altra cosa: l\u2019aire ha de contenir impureses. El vapor d\u2019aigua no es condensar\u00e0 per formar aigua l\u00edquida si no t\u00e9 un suport on fer-ho. Prop de terra el vapor es condensa, per exemple, a les [&hellip;]<\/p>\n","protected":false},"author":2,"featured_media":0,"parent":126,"menu_order":0,"comment_status":"closed","ping_status":"closed","template":"template-sidebar.php","meta":{"_mi_skip_tracking":false,"_monsterinsights_sitenote_active":false,"_monsterinsights_sitenote_note":"","_monsterinsights_sitenote_category":0},"_links":{"self":[{"href":"https:\/\/www.meteo.cat\/wpweb\/wp-json\/wp\/v2\/pages\/283"}],"collection":[{"href":"https:\/\/www.meteo.cat\/wpweb\/wp-json\/wp\/v2\/pages"}],"about":[{"href":"https:\/\/www.meteo.cat\/wpweb\/wp-json\/wp\/v2\/types\/page"}],"author":[{"embeddable":true,"href":"https:\/\/www.meteo.cat\/wpweb\/wp-json\/wp\/v2\/users\/2"}],"replies":[{"embeddable":true,"href":"https:\/\/www.meteo.cat\/wpweb\/wp-json\/wp\/v2\/comments?post=283"}],"version-history":[{"count":5,"href":"https:\/\/www.meteo.cat\/wpweb\/wp-json\/wp\/v2\/pages\/283\/revisions"}],"predecessor-version":[{"id":24237,"href":"https:\/\/www.meteo.cat\/wpweb\/wp-json\/wp\/v2\/pages\/283\/revisions\/24237"}],"up":[{"embeddable":true,"href":"https:\/\/www.meteo.cat\/wpweb\/wp-json\/wp\/v2\/pages\/126"}],"wp:attachment":[{"href":"https:\/\/www.meteo.cat\/wpweb\/wp-json\/wp\/v2\/media?parent=283"}],"curies":[{"name":"wp","href":"https:\/\/api.w.org\/{rel}","templated":true}]}}