{"id":25729,"date":"2020-02-24T09:06:31","date_gmt":"2020-02-24T09:06:31","guid":{"rendered":"https:\/\/www.meteo.cat\/wpweb\/?page_id=25729"},"modified":"2025-05-06T09:27:28","modified_gmt":"2025-05-06T09:27:28","slug":"prediccio-mensual","status":"publish","type":"page","link":"https:\/\/www.meteo.cat\/wpweb\/prediccio\/prediccio-mensual\/","title":{"rendered":"Predicci\u00f3 mensual"},"content":{"rendered":"\n<div class=\"wp-block-columns has-2-columns\">\n<div class=\"wp-block-column\">\n<p class=\"has-text-align-center has-medium-font-size\"><strong>Anomalia de temperatura<\/strong><\/p>\n\n\n\n<figure class=\"wp-block-image size-large size-medium\"><a href=\"https:\/\/static-m.meteo.cat\/content\/modelitzacio\/images\/prediccioMensual\/2ta_1.gif\"><img src=\"https:\/\/static-m.meteo.cat\/content\/modelitzacio\/images\/prediccioMensual\/2ta_1.gif\" alt=\"Mapa d'anomalia de temperatura del mes actual \"\/><\/a><\/figure>\n\n\n\n<figure class=\"wp-block-image size-large size-medium\"><a href=\"https:\/\/static-m.meteo.cat\/content\/modelitzacio\/images\/prediccioMensual\/2ta_2.gif\"><img src=\"https:\/\/static-m.meteo.cat\/content\/modelitzacio\/images\/prediccioMensual\/2ta_2.gif\" alt=\"Mapa d'anomalia de temperatura del proper mes (mes actual +1)\"\/><\/a><\/figure>\n\n\n\n<div style=\"height:20px\" aria-hidden=\"true\" class=\"wp-block-spacer\"><\/div>\n\n\n\n<figure class=\"wp-block-image size-large size-medium\"><a href=\"https:\/\/static-m.meteo.cat\/content\/modelitzacio\/images\/prediccioMensual\/2ta_3.gif\"><img src=\"https:\/\/static-m.meteo.cat\/content\/modelitzacio\/images\/prediccioMensual\/2ta_3.gif\" alt=\"Mapa d'anomalia de temperatura del mes actual +2\"\/><\/a><\/figure>\n\n\n\n<div style=\"height:20px\" aria-hidden=\"true\" class=\"wp-block-spacer\"><\/div>\n\n\n\n<figure class=\"wp-block-image size-large size-medium\"><a href=\"https:\/\/static-m.meteo.cat\/content\/modelitzacio\/images\/prediccioMensual\/2ta_4.gif\"><img src=\"https:\/\/static-m.meteo.cat\/content\/modelitzacio\/images\/prediccioMensual\/2ta_4.gif\" alt=\"Mapa d'anomalia de temperatura del mes actual +3\"\/><\/a><\/figure>\n<\/div>\n\n\n\n<div class=\"wp-block-column\">\n<p class=\"has-text-align-center h2 has-medium-font-size\"><strong>Anomalia de precipitaci\u00f3<\/strong><\/p>\n\n\n\n<figure class=\"wp-block-image size-large\"><a href=\"https:\/\/static-m.meteo.cat\/content\/modelitzacio\/images\/prediccioMensual\/tpara_1.gif\"><img src=\"https:\/\/static-m.meteo.cat\/content\/modelitzacio\/images\/prediccioMensual\/tpara_1.gif\" alt=\"Mapa d'anomalia de precipitaci\u00f3 del mes actual\"\/><\/a><\/figure>\n\n\n\n<figure class=\"wp-block-image size-large size-medium\"><a href=\"https:\/\/static-m.meteo.cat\/content\/modelitzacio\/images\/prediccioMensual\/tpara_2.gif\"><img src=\"https:\/\/static-m.meteo.cat\/content\/modelitzacio\/images\/prediccioMensual\/tpara_2.gif\" alt=\"Mapa d'anomalia de precipitaci\u00f3 del proper mes (mes actual +1)\"\/><\/a><\/figure>\n\n\n\n<div style=\"height:20px\" aria-hidden=\"true\" class=\"wp-block-spacer\"><\/div>\n\n\n\n<figure class=\"wp-block-image size-large size-medium\"><a href=\"https:\/\/static-m.meteo.cat\/content\/modelitzacio\/images\/prediccioMensual\/tpara_3.gif\"><img src=\"https:\/\/static-m.meteo.cat\/content\/modelitzacio\/images\/prediccioMensual\/tpara_3.gif\" alt=\"Mapa d'anomalia de precipitaci\u00f3 del mes actual +2\n\"\/><\/a><\/figure>\n\n\n\n<div style=\"height:20px\" aria-hidden=\"true\" class=\"wp-block-spacer\"><\/div>\n\n\n\n<figure class=\"wp-block-image size-large size-medium\"><a href=\"https:\/\/static-m.meteo.cat\/content\/modelitzacio\/images\/prediccioMensual\/tpara_4.gif\"><img src=\"https:\/\/static-m.meteo.cat\/content\/modelitzacio\/images\/prediccioMensual\/tpara_4.gif\" alt=\"Mapa d'anomalia de precipitaci\u00f3 del mes actual +3\n\"\/><\/a><\/figure>\n<\/div>\n<\/div>\n\n\n\n<p class=\"info\">La predicci\u00f3 mensual s\u2019actualitza el dia 5 de cada mes, durant la tarda.&nbsp;<\/p>\n\n\n\n<div style=\"height:50px\" aria-hidden=\"true\" class=\"wp-block-spacer\"><\/div>\n\n\n\n<h2 class=\"solid\">Com interpretar la imatge<\/h2>\n\n\n\n<p>Els mapes de predicci\u00f3 mensual representen la sortida del Sistema de Predicci\u00f3 Estacional del Centre Europeu de Prediccions Meteorol\u00f2giques a Mitj\u00e0 Termini (<a href=\"https:\/\/www.ecmwf.int\/\">ECMWF<\/a>), conegut com a SEAS5.<\/p>\n\n\n\n<p>Aquestes prediccions estan dissenyades per calcular les desviacions o anomalies (respecte a la mitjana clim\u00e0tica) de la temperatura i la precipitaci\u00f3 en un mes determinat. S\u2019actualitzen el dia 5 de cada mes, durant la tarda.<\/p>\n\n\n\n<p>Els<strong> mapes d\u2019anomalia de temperatura<\/strong> mostren les \u00e0rees on el sistema de pron\u00f2stic calcula que la temperatura sigui m\u00e9s baixa (tons blaus, valors negatius) o m\u00e9s alta (tons vermells, valors positius) respecte a la mitjana clim\u00e0tica del model.<\/p>\n\n\n\n<p>Els<strong> mapes d\u2019anomalia de precipitaci\u00f3<\/strong> permeten visualitzar f\u00e0cilment les zones on el sistema de pron\u00f2stic preveu menys precipitaci\u00f3 (tons vermells) o m\u00e9s precipitaci\u00f3 (tons blaus) respecte a la mitjana clim\u00e0tica del model.<\/p>\n\n\n\n<p>A l\u2019hora d\u2019interpretar els mapes de predicci\u00f3 mensual cal tenir molt present que el seu encert \u00e9s t\u00edpicament m\u00e9s alt a les regions tropicals que no pas a les nostres latituds. A m\u00e9s, el grau d\u2019encert en l\u2019anomalia prevista de precipitaci\u00f3, a la zona de la Mediterr\u00e0nia, \u00e9s molt m\u00e9s limitat que no pas en la temperatura.<\/p>\n\n\n\n<p>Trobareu m\u00e9s informaci\u00f3 sobre la predicci\u00f3 mensual a la secci\u00f3 <a href=\"\/wpweb\/divulgacio\/la-prediccio-meteorologica\/prediccio-mensual\/\">divulgaci\u00f3<\/a>.<\/p>\n","protected":false},"excerpt":{"rendered":"<p>Anomalia de temperatura Anomalia de precipitaci\u00f3 La predicci\u00f3 mensual s\u2019actualitza el dia 5 de cada mes, durant la tarda.&nbsp; Com interpretar la imatge Els mapes de predicci\u00f3 mensual representen la sortida del Sistema de Predicci\u00f3 Estacional del Centre Europeu de Prediccions Meteorol\u00f2giques a Mitj\u00e0 Termini (ECMWF), conegut com a SEAS5. Aquestes prediccions estan dissenyades per [&hellip;]<\/p>\n","protected":false},"author":1,"featured_media":0,"parent":448,"menu_order":0,"comment_status":"closed","ping_status":"closed","template":"","meta":{"_mi_skip_tracking":false,"_monsterinsights_sitenote_active":false,"_monsterinsights_sitenote_note":"","_monsterinsights_sitenote_category":0},"_links":{"self":[{"href":"https:\/\/www.meteo.cat\/wpweb\/wp-json\/wp\/v2\/pages\/25729"}],"collection":[{"href":"https:\/\/www.meteo.cat\/wpweb\/wp-json\/wp\/v2\/pages"}],"about":[{"href":"https:\/\/www.meteo.cat\/wpweb\/wp-json\/wp\/v2\/types\/page"}],"author":[{"embeddable":true,"href":"https:\/\/www.meteo.cat\/wpweb\/wp-json\/wp\/v2\/users\/1"}],"replies":[{"embeddable":true,"href":"https:\/\/www.meteo.cat\/wpweb\/wp-json\/wp\/v2\/comments?post=25729"}],"version-history":[{"count":21,"href":"https:\/\/www.meteo.cat\/wpweb\/wp-json\/wp\/v2\/pages\/25729\/revisions"}],"predecessor-version":[{"id":43232,"href":"https:\/\/www.meteo.cat\/wpweb\/wp-json\/wp\/v2\/pages\/25729\/revisions\/43232"}],"up":[{"embeddable":true,"href":"https:\/\/www.meteo.cat\/wpweb\/wp-json\/wp\/v2\/pages\/448"}],"wp:attachment":[{"href":"https:\/\/www.meteo.cat\/wpweb\/wp-json\/wp\/v2\/media?parent=25729"}],"curies":[{"name":"wp","href":"https:\/\/api.w.org\/{rel}","templated":true}]}}