{"id":22753,"date":"2019-05-14T09:45:59","date_gmt":"2019-05-14T09:45:59","guid":{"rendered":"https:\/\/www.meteo.cat\/wpweb\/?page_id=22753"},"modified":"2025-07-25T11:44:38","modified_gmt":"2025-07-25T11:44:38","slug":"dades-obertes","status":"publish","type":"page","link":"https:\/\/www.meteo.cat\/wpweb\/serveis\/cataleg-de-serveis\/serveis-oberts\/dades-obertes\/","title":{"rendered":"Dades obertes"},"content":{"rendered":"\n<p>A trav\u00e9s del portal Dades Obertes de la Generalitat es facilita l\u2019acc\u00e9s a la seg\u00fcent informaci\u00f3:<\/p>\n\n\n\n<div style=\"height:20px\" aria-hidden=\"true\" class=\"wp-block-spacer\"><\/div>\n\n\n\n<h2>Dades de la Xarxa d\u2019Estacions Meteorol\u00f2giques Autom\u00e0tiques (XEMA) <\/h2>\n\n\n\n<p>A trav\u00e9s del portal de <a href=\"https:\/\/administraciodigital.gencat.cat\/ca\/dades\/dades-obertes\/inici\/index.html\">dades obertes de la Generalitat<\/a> pots consultar dades de les estacions meteorol\u00f2giques de la<a href=\"https:\/\/www.meteo.cat\/wpweb\/divulgacio\/equipaments-meteorologics\/estacions-meteorologiques-automatiques\/\"> xarxa XEMA.<\/a> Les estacions de la XEMA enregistren dades cada 30 minuts, les dades mesurades, i es calculen els valors estad\u00edstics (m\u00e0xim, m\u00ednim, mitjans, acumulats) per diferents per\u00edodes, un dia, un mes o un any. <\/p>\n\n\n\n<p>Actualment, tenim disponibles les dades mesurades des de 2009 i les dades di\u00e0ries des de 1988.  Estem treballant per continuar ampliant i millorant les dades publicades.<\/p>\n\n\n\n<p>A la <a href=\"https:\/\/analisi.transparenciacatalunya.cat\/Medi-Ambient\/Metadades-estacions-meteorol-giques-autom-tiques\/yqwd-vj5e\/about_data\">taula de les metadades de les estacions<\/a> per cada estaci\u00f3 s\u2019identifica un codi associat al nom de l&#8217;estaci\u00f3, al municipi, la comarca i a l&#8217;estat de l&#8217;estaci\u00f3 que pot ser operativa o desmantellada. A les estacions operatives s&#8217;identifica la data d&#8217;alta i en les desmantellades la data d&#8217;alta i de baixa. <\/p>\n\n\n\n<p>Les variables meteorol\u00f2giques estan descrites a la <a href=\"https:\/\/analisi.transparenciacatalunya.cat\/Medi-Ambient\/Metadades-variables-meteorol-giques\/4fb2-n3yi\/about_data\">taula de metadades (variables)<\/a> d&#8217;aquestes. A cada variable se li assigna un codi num\u00e8ric i un nom.  <\/p>\n\n\n\n<h3>Dades di\u00e0ries<\/h3>\n\n\n\n<p>A dades di\u00e0ries es poden consultar els valors m\u00e0xims, m\u00ednims, mitjans i acumulats de diferents variables a partir del 1988. Aquestes variables resumeixen les condicions meteorol\u00f2giques del dia a l&#8217;estaci\u00f3. <\/p>\n\n\n\n<p class=\"icon-link-arrow\"><a href=\"https:\/\/analisi.transparenciacatalunya.cat\/Medi-Ambient\/Dades-meteorol-giques-di-ries-de-la-XEMA\/7bvh-jvq2\/about_data\">Dades meteorol\u00f2giques di\u00e0ries de la XEMA<\/a><\/p>\n\n\n\n<p>Cada un dels valors ve identificat pel nom i codi de l&#8217;estaci\u00f3, de la variable, si \u00e9s un extrem (m\u00e0xim o m\u00ednim) s&#8217;informa de l&#8217;hora en qu\u00e8 s&#8217;ha enregistrat i per \u00faltim l&#8217;estat del valor, que pot ser representatiu o no representatiu. A una variable se li assigna l&#8217;estat no representatiu si el c\u00e0lcul estad\u00edstic est\u00e0 realitzat amb dades no valides o invalidades o si el percentatge de dades amb qu\u00e8 s&#8217;ha calculat \u00e9s inferior al 70% i se li assigna l&#8217;estat representatiu quan les dades s\u00f3n v\u00e0lides i els c\u00e0lculs es realitza amb un percentatge superior al 70%. <\/p>\n\n\n\n<h3>Dades mesurades<\/h3>\n\n\n\n<p>Estan publicades les dades meteorol\u00f2giques de la Xarxa d&#8217;Estacions Meteorol\u00f2giques (XEMA) des del mes de gener del 2009 i s&#8217;actualitzen cada 30 minuts. Es poden consultar dades de temperatura, humitat relativa, precipitaci\u00f3, vent i irradi\u00e0ncia.<\/p>\n\n\n\n<p class=\"icon-link-arrow\"><a href=\"https:\/\/analisi.transparenciacatalunya.cat\/Medi-Ambient\/Dades-meteorol-giques-de-la-XEMA\/nzvn-apee\">Dades meteorol\u00f2giques de la XEMA<\/a><\/p>\n\n\n\n<p>Els valors estan associats a una estaci\u00f3, a una variable, i a un dia i hora de lectura. Els extrems tamb\u00e9 identifiquen el dia i hora en qu\u00e8 s&#8217;ha fet la lectura de l&#8217;extrem, m\u00e0xim o m\u00ednim. I tots ells disposen d&#8217;un codi d&#8217;estat, V si el valor \u00e9s v\u00e0lid i T si est\u00e0 pendent de validaci\u00f3.  <\/p>\n\n\n\n<h3>Consulta dades<\/h3>\n\n\n\n<p>Per realitzar les consultes, extraccions o visualitzacions us recomanem que seguiu els seg\u00fcents passos un cop heu accedit a l\u2019anterior de les dades:<\/p>\n\n\n\n<ul><li>Opci\u00f3 per visualitzar dades:<ul><li>En el men\u00fa de l&#8217;esquerra accedeix a dades i es far\u00e0 visible la taula de dades on pots aplicar filtres en cada una de les columnes. <\/li><\/ul><\/li><li>Opci\u00f3 per consultar, crear visualitzacions i exportar<ul><li>En el men\u00fa de m\u00e0 dreta trobareu les diferents accions que permet dades obertes, consultar on es poden aplicar filtres, crear visualitzaci\u00f3, acc\u00e9s a trav\u00e9s d&#8217;una API entre d&#8217;altres aix\u00ed com compartir, exportar. <\/li><\/ul><\/li><\/ul>\n\n\n\n<div style=\"height:50px\" aria-hidden=\"true\" class=\"wp-block-spacer\"><\/div>\n\n\n\n<h2>Prediccions en format xml i json<\/h2>\n\n\n\n<h3 class=\"text-color\"> Predicci\u00f3 meteorol\u00f2gica de Catalunya <\/h3>\n\n\n\n<p>Informaci\u00f3 actualitzada tres vegades al dia, a les 8:00 amb informaci\u00f3 pel dia present i per l&#8217;endem\u00e0, a les 11:30 i a les 19:30 amb informaci\u00f3 per a 3 dies. En la predicci\u00f3 es descriu l&#8217;estat del cel, la precipitaci\u00f3, la temperatura, la visibilitat, el vent i l&#8217;estat de la mar. A m\u00e9s per cada dia de predicci\u00f3 es realitza un mapa de s\u00edmbols.<\/p>\n\n\n\n<p class=\"icon-link-arrow\"><a href=\"https:\/\/analisi.transparenciacatalunya.cat\/Medi-Ambient\/Predicci-meteorol-gica-de-Catalunya\/tbmx-edrm\">Predicci\u00f3 General<\/a><\/p>\n\n\n\n<div style=\"height:30px\" aria-hidden=\"true\" class=\"wp-block-spacer\"><\/div>\n\n\n\n<h3 class=\"text-color\">Predicci\u00f3 meteorol\u00f2gica de les comarques de Catalunya <\/h3>\n\n\n\n<p>S\u2019actualitza cada dia a les 15 hores la predicci\u00f3 comarca a comarca. La informaci\u00f3 cont\u00e9 el s\u00edmbol del temps pel mat\u00ed i per la tarda, la temperatura m\u00e0xima i m\u00ednima, per dem\u00e0 i dem\u00e0 passat per a cada una de les 41 comarques catalanes.<\/p>\n\n\n\n<p class=\"icon-link-arrow\"><a href=\"https:\/\/analisi.transparenciacatalunya.cat\/Medi-Ambient\/Predicci-meteorol-gica-de-les-comarques-de-Catalun\/h3zv-7tki\">Predicci\u00f3 Comarcal<\/a><\/p>\n\n\n\n<div style=\"height:30px\" aria-hidden=\"true\" class=\"wp-block-spacer\"><\/div>\n\n\n\n<h3 class=\"text-color\">Predicci\u00f3 per al Pirineu<\/h3>\n\n\n\n<p>Cada dia a les 14 hores actualitza la predicci\u00f3 al Pirineu. Aquesta informaci\u00f3 est\u00e0 formada per una descripci\u00f3 general a 3 dies i per la Val d&#8217;Aran, pel Pirineu Occidental i Oriental i per Andorra. A m\u00e9s per cada una d&#8217;aquestes zones es descriu el temps cada 3 hores per diverses zones.<\/p>\n\n\n\n<p class=\"icon-link-arrow\"><a href=\"https:\/\/analisi.transparenciacatalunya.cat\/Medi-Ambient\/Predicci-al-Pirineu\/thfu-m56r\">Predicci\u00f3 per al Pirineu <\/a><\/p>\n\n\n\n<div style=\"height:30px\" aria-hidden=\"true\" class=\"wp-block-spacer\"><\/div>\n\n\n\n<h3 class=\"text-color\">Predicci\u00f3 mar\u00edtima a mar obert comarca a comarca <\/h3>\n\n\n\n<p>Predicci\u00f3 de l&#8217;Alt Empord\u00e0 Nord, l&#8217;Alt Empord\u00e0 Sud, Baix Empord\u00e0, Selva, Baix Llobregat, Barcelon\u00e8s, Garraf, Maresme, Baix Camp, Baix Ebre, Baix Pened\u00e8s, Montsi\u00e0 i Tarragon\u00e8s.&nbsp;<\/p>\n\n\n\n<p class=\"icon-link-arrow\"><a href=\"https:\/\/analisi.transparenciacatalunya.cat\/Medi-Ambient\/Predicci-mar-tima-a-mar-obert-comarca-a-comarca\/mcf3-tfw8\">Predicci\u00f3 mar\u00edtima<\/a><\/p>\n","protected":false},"excerpt":{"rendered":"<p>A trav\u00e9s del portal Dades Obertes de la Generalitat es facilita l\u2019acc\u00e9s a la seg\u00fcent informaci\u00f3: Dades de la Xarxa d\u2019Estacions Meteorol\u00f2giques Autom\u00e0tiques (XEMA) A trav\u00e9s del portal de dades obertes de la Generalitat pots consultar dades de les estacions meteorol\u00f2giques de la xarxa XEMA. Les estacions de la XEMA enregistren dades cada 30 minuts, [&hellip;]<\/p>\n","protected":false},"author":1,"featured_media":0,"parent":13480,"menu_order":0,"comment_status":"closed","ping_status":"closed","template":"template-sidebar.php","meta":{"_mi_skip_tracking":false,"_monsterinsights_sitenote_active":false,"_monsterinsights_sitenote_note":"","_monsterinsights_sitenote_category":0},"_links":{"self":[{"href":"https:\/\/www.meteo.cat\/wpweb\/wp-json\/wp\/v2\/pages\/22753"}],"collection":[{"href":"https:\/\/www.meteo.cat\/wpweb\/wp-json\/wp\/v2\/pages"}],"about":[{"href":"https:\/\/www.meteo.cat\/wpweb\/wp-json\/wp\/v2\/types\/page"}],"author":[{"embeddable":true,"href":"https:\/\/www.meteo.cat\/wpweb\/wp-json\/wp\/v2\/users\/1"}],"replies":[{"embeddable":true,"href":"https:\/\/www.meteo.cat\/wpweb\/wp-json\/wp\/v2\/comments?post=22753"}],"version-history":[{"count":11,"href":"https:\/\/www.meteo.cat\/wpweb\/wp-json\/wp\/v2\/pages\/22753\/revisions"}],"predecessor-version":[{"id":44124,"href":"https:\/\/www.meteo.cat\/wpweb\/wp-json\/wp\/v2\/pages\/22753\/revisions\/44124"}],"up":[{"embeddable":true,"href":"https:\/\/www.meteo.cat\/wpweb\/wp-json\/wp\/v2\/pages\/13480"}],"wp:attachment":[{"href":"https:\/\/www.meteo.cat\/wpweb\/wp-json\/wp\/v2\/media?parent=22753"}],"curies":[{"name":"wp","href":"https:\/\/api.w.org\/{rel}","templated":true}]}}