{"id":20024,"date":"2018-07-17T06:36:48","date_gmt":"2018-07-17T06:36:48","guid":{"rendered":"https:\/\/www.meteo.cat\/wpweb\/?page_id=20024"},"modified":"2026-03-27T09:20:00","modified_gmt":"2026-03-27T09:20:00","slug":"dades-meteorologiques","status":"publish","type":"page","link":"https:\/\/www.meteo.cat\/wpweb\/serveis\/cataleg-de-serveis\/dades-meteorologiques\/","title":{"rendered":"Dades meteorol\u00f2giques"},"content":{"rendered":"\n<p>La informaci\u00f3 del Servei Meteorol\u00f2gic de Catalunya est\u00e0 disponible per a particulars, empreses i administracions a trav\u00e9s de diferents canals d&#8217;acc\u00e9s. Els serveis professionals de l&#8217;SMC inclouen funcions avan\u00e7ades en constant evoluci\u00f3 i la possibilitat de desenvolupar productes a mida. <\/p>\n\n\n\n<nav class=\"menu_ancores\" id=\"inici\" aria-label=\"Opcions de p\u00e0gina\">\n<ul>\n<li><a href=\"#xema\"><i class=\"icon-link\" aria-hidden=\"true\"><\/i>Estacions autom\u00e0tiques (XEMA)<\/a><\/li>\n<li><a href=\"#xdde\"><i class=\"icon-link\" aria-hidden=\"true\"><\/i>Desc\u00e0rregues el\u00e8ctriques (XDDE)<\/a><\/li>\n<li><a href=\"#radar\"><i class=\"icon-link\" aria-hidden=\"true\"><\/i>Radars meteorol\u00f2gics (XRAD)<\/a><\/li>\n<li><a href=\"#contracte\"><i class=\"icon-link\" aria-hidden=\"true\"><\/i>Contractaci\u00f3 i tarifes<\/a><\/li>\n<\/ul>\n<\/nav>\n\n\n\n<div style=\"height:50px\" aria-hidden=\"true\" class=\"wp-block-spacer\"><\/div>\n\n\n\n<h2 id=\"xema\">Dades de la Xarxa d&#8217;Estacions Meteorol\u00f2giques Autom\u00e0tiques (XEMA) <\/h2>\n\n\n\n<p>El Servei Meteorol\u00f2gic de Catalunya disposa d&#8217;unes 190 estacions autom\u00e0tiques repartides  per tot el pa\u00eds amb l\u2019objectiu de disposar d\u2019una bona cobertura espacial de dades meteorol\u00f2giques de superf\u00edcie. <\/p>\n\n\n\n<p>Totes les estacions enregistren dades cada 30 minuts, les anomenades dades mesurades de per\u00edode. A partir d&#8217;aquests valors de per\u00edode es calculen els estad\u00edstics diaris, mensuals i anuals, aix\u00ed com c\u00e0lculs d\u2019altres variables, tals com l\u2019evapotranspiraci\u00f3 de refer\u00e8ncia (ETO), utilitzada en l\u2019\u00e0mbit de l\u2019agricultura i per a programaci\u00f3 de regs, o els graus-dia, que permeten avaluar la c\u00e0rrega de calefacci\u00f3 o refrigeraci\u00f3 que cal aportar a un edifici o equipament per garantir unes determinades condicions de confort.<\/p>\n\n\n\n<figure class=\"wp-block-image\"><img src=\"https:\/\/static-m.meteo.cat\/content\/xema\/fotos\/D6.jpg\" alt=\"Foto EMA\n\"\/><\/figure>\n\n\n\n<p class=\"icon-link-arrow\"><a href=\"https:\/\/www.meteo.cat\/observacions\/llistat-xema\">Acc\u00e9s al llistat d\u2019estacions autom\u00e0tiques<\/a><\/p>\n\n\n\n<p class=\"icon-link-arrow\"><a href=\"https:\/\/www.meteo.cat\/wpweb\/divulgacio\/equipaments-meteorologics\/estacions-meteorologiques-automatiques\/\">M\u00e9s informaci\u00f3 de la XEMA<\/a><\/p>\n\n\n\n<div style=\"height:30px\" aria-hidden=\"true\" class=\"wp-block-spacer\"><\/div>\n\n\n\n<h3>Formes d&#8217;acc\u00e9s a les dades <\/h3>\n\n\n\n<h4>1. Web<\/h4>\n\n\n\n<ul><li><a href=\"https:\/\/www.meteo.cat\/observacions\/xema\">Dades en temps real, dades mesurades de per\u00edode i estad\u00edstics diaris des del gener de 2009<\/a><\/li><li><a href=\"https:\/\/www.meteo.cat\/wpweb\/climatologia\/butlletins-i-episodis-meteorologics\/\">Butlletins mensuals, estacionals i anuals<\/a> (a partir de l\u2019any 2004)<\/li><li><a href=\"https:\/\/www.meteo.cat\/wpweb\/climatologia\/dades-i-productes-climatics\/\">Dades i productes clim\u00e0tics<\/a><\/li><li><a href=\"https:\/\/www.meteo.cat\/wpweb\/climatologia\/dades-i-productes-climatics\/graus-dia-de-calefaccio-i-de-refrigeracio\/\">C\u00e0lcul graus-dia de calefacci\u00f3 i de refrigeraci\u00f3<\/a> <\/li><\/ul>\n\n\n\n<div style=\"height:15px\" aria-hidden=\"true\" class=\"wp-block-spacer\"><\/div>\n\n\n\n<h4> 2. Dades obertes<\/h4>\n\n\n\n<ul><li> <a href=\"https:\/\/analisi.transparenciacatalunya.cat\/Medi-Ambient\/Dades-meteorol-giques-de-la-XEMA\/nzvn-apee\">Dades mesurades de per\u00edode actualitzades cada 30 minuts des del gener de 2009<\/a> <\/li><\/ul>\n\n\n\n<div style=\"height:15px\" aria-hidden=\"true\" class=\"wp-block-spacer\"><\/div>\n\n\n\n<h4>3. API<\/h4>\n\n\n\n<p>L&#8217;API del Servei Meteorol\u00f2gic de Catalunya ofereix als desenvolupadors una forma f\u00e0cil i segura d&#8217;accedir a les dades meteorol\u00f2giques que emmagatzema l&#8217;SMC.<br>De la Xarxa d&#8217;Estacions Meteorol\u00f2giques Autom\u00e0tiques (XEMA) est\u00e0 disponible la seg\u00fcent informaci\u00f3: <\/p>\n\n\n\n<ul><li> <a href=\"https:\/\/apidocs.meteocat.gencat.cat\/documentacio\/dades-mesurades\/\">Dades mesurades de per\u00edode <\/a><\/li><li> <a href=\"https:\/\/apidocs.meteocat.gencat.cat\/documentacio\/dades-mesurades\/\">Dades estad\u00edstiques di\u00e0ries, mensuals i anuals<\/a>  <\/li><li><a href=\"https:\/\/apidocs.meteocat.gencat.cat\/documentacio\/calcul-multivariable\/\">C\u00e0lcul evapotranspiraci\u00f3 de refer\u00e8ncia (ETO)<\/a> <\/li><\/ul>\n\n\n\n<p>Per con\u00e8ixer el proc\u00e9s de registre i els diferents plans d&#8217;acc\u00e9s a l&#8217;API us podeu adre\u00e7ar a : <a href=\"https:\/\/apidocs.meteocat.gencat.cat\">https:\/\/apidocs.meteocat.gencat.cat<\/a><\/p>\n\n\n\n<div style=\"height:15px\" aria-hidden=\"true\" class=\"wp-block-spacer\"><\/div>\n\n\n\n<h4> 4. Enviaments peri\u00f2dics i autom\u00e0tics de dades<\/h4>\n\n\n\n<p>\n\nTamb\u00e9 disposem del servei d&#8217;enviaments personalitzats i autom\u00e0tics per correu electr\u00f2nic o per FTP amb dades meteorol\u00f2giques registrades a la XEMA, d&#8217;acord amb els controls de qualitat aplicats en el moment de l&#8217;enviament. Els fitxers s&#8217;envien en format excel\/csv\/xml, podent generar-se di\u00e0riament, setmanalment o mensual. Aquest servei permet incloure variables calculades com la ETO.\n\n<\/p>\n\n\n\n<div style=\"height:15px\" aria-hidden=\"true\" class=\"wp-block-spacer\"><\/div>\n\n\n\n<h4> 5. Informes per episodis concrets i fitxers amb dades meteorol\u00f2giques<\/h4>\n\n\n\n<p>Amb les dades meteorol\u00f2giques procedents de la Xarxa d\u2019Equipaments Meteorol\u00f2gics de la Generalitat de Catalunya (XEMEC) s\u2019elaboren informes i s\u2019extreuen dades per a diferents usuaris (particulars, empreses o administraci\u00f3). Per a determinades variables meteorol\u00f2giques, tamb\u00e9 es faciliten les observacions de la Xarxa d\u2019Observadors Meteorol\u00f2gics (XOM).<\/p>\n\n\n\n<p>A partir de 01-01-2023 estan disponibles els certificats per a un municipi a l&#8217;apartat de Certificat de dades meteorol\u00f2giques.<\/p>\n\n\n\n<p>En cas de no trobar l&#8217;informe es pot demanar als <a href=\"https:\/\/www.meteo.cat\/wpweb\/serveis\/formularis\/peticio-dinformes-i-dades-meteorologiques\/\"> formularis corresponents<\/a>.<\/p>\n\n\n\n<div style=\"height:30px\" aria-hidden=\"true\" class=\"wp-block-spacer\"><\/div>\n\n\n\n<a href=\"#inici\" title=\"Puja\" class=\"go-top\">Puja<\/a>\n\n\n\n<div style=\"height:50px\" aria-hidden=\"true\" class=\"wp-block-spacer\"><\/div>\n\n\n\n<h2 id=\"xdde\">Dades de la Xarxa de Detecci\u00f3 de Desc\u00e0rregues El\u00e8ctriques (XDDE) <\/h2>\n\n\n\n<p>La Xarxa de Detecci\u00f3 de Desc\u00e0rregues El\u00e8ctriques atmosf\u00e8riques (XDDE) permet la detecci\u00f3 en temps real de les tempestes, aix\u00ed com el pron\u00f2stic a molt curt termini de la seva traject\u00f2ria. <\/p>\n\n\n\n<figure class=\"wp-block-image is-resized\"><img loading=\"lazy\" src=\"https:\/\/static-m.meteo.cat\/wordpressweb\/wp-content\/uploads\/2014\/11\/20115929\/detecciotempestes4.jpg\" alt=\"Foto detector XDDE\n\" width=\"413\" height=\"287\"\/><\/figure>\n\n\n\n<p class=\"icon-link-arrow\"><a href=\"#\">M\u00e9s informaci\u00f3 de la XDDE&nbsp;<\/a><\/p>\n\n\n\n<div style=\"height:30px\" aria-hidden=\"true\" class=\"wp-block-spacer\"><\/div>\n\n\n\n<h3> Formes d&#8217;acc\u00e9s a les dades <\/h3>\n\n\n\n<h4> 1. Web <\/h4>\n\n\n\n<p>Cada 10 minuts s\u2019actualitza la <a href=\"https:\/\/www.meteo.cat\/observacions\/llamps\">imatge dels llamps detectats a Catalunya<\/a><\/p>\n\n\n\n<div style=\"height:15px\" aria-hidden=\"true\" class=\"wp-block-spacer\"><\/div>\n\n\n\n<h4> 2. API<\/h4>\n\n\n\n<p>L&#8217;API del Servei Meteorol\u00f2gic de Catalunya ofereix als desenvolupadors una forma f\u00e0cil i segura d&#8217;accedir a les dades meteorol\u00f2giques que emmagatzema l&#8217;SMC.<\/p>\n\n\n\n<p>L&#8217;API ofereix <a href=\"https:\/\/apidocs.meteocat.gencat.cat\/documentacio\/xarxa-de-deteccio-de-descarregues-electriques\/\">acc\u00e9s a les desc\u00e0rregues enregistrades per la XDDE<\/a> aportant informaci\u00f3 de diferents aspectes tals com el moment exacte en el qual han tingut lloc, els par\u00e0metres per a la seva localitzaci\u00f3, el tipus de desc\u00e0rrega, el n\u00famero de sensors que han participat, etc.<\/p>\n\n\n\n<p>Per con\u00e8ixer el proc\u00e9s de registre i els diferents plans d&#8217;acc\u00e9s a l&#8217;API us podeu adre\u00e7ar a : <a href=\"https:\/\/apidocs.meteocat.gencat.cat\">https:\/\/apidocs.meteocat.gencat.cat<\/a><\/p>\n\n\n\n<div style=\"height:30px\" aria-hidden=\"true\" class=\"wp-block-spacer\"><\/div>\n\n\n\n<a href=\"#inici\" title=\"Puja\" class=\"go-top\">Puja<\/a>\n\n\n\n<div style=\"height:50px\" aria-hidden=\"true\" class=\"wp-block-spacer\"><\/div>\n\n\n\n<h2 id=\"radar\">Dades de la Xarxa de Radars Meteorol\u00f2gics (XRAD) <\/h2>\n\n\n\n<p>L&#8217; SMC disposa de quatre radars integrats en la Xarxa de Radars del Servei Meteorol\u00f2gic de Catalunya (XRAD). La XRAD est\u00e0 dissenyada per a proporcionar estimacions quantitatives de pluja de gran inter\u00e8s meteorol\u00f2gic i hidrol\u00f2gic. Aquests radars s\u00f3n de tipus Doppler i operen en banda C. La XRAD est\u00e0 formada pel radar de Vallirana, el radar de Puig d\u2019Arques, el radar de la Panadella i el radar de Tivissa-Llaberia i proporciona informaci\u00f3 cada 6 minuts. <\/p>\n\n\n\n<figure class=\"wp-block-image size-large\"><img loading=\"lazy\" width=\"200\" height=\"250\" src=\"https:\/\/static-m.meteo.cat\/wordpressweb\/wp-content\/uploads\/2014\/11\/20114909\/xarxa-de-radars3.jpg\" alt=\"\" class=\"wp-image-1927\"\/><\/figure>\n\n\n\n<p class=\"icon-link-arrow\"><a href=\"https:\/\/www.meteo.cat\/wpweb\/divulgacio\/equipaments-meteorologics\/radar-meteorologic\/\">M\u00e9s informaci\u00f3 de la XRAD<\/a><\/p>\n\n\n\n<div style=\"height:30px\" aria-hidden=\"true\" class=\"wp-block-spacer\"><\/div>\n\n\n\n<h3>Formes d&#8217;acc\u00e9s a les dades <\/h3>\n\n\n\n<h4>1. Web<\/h4>\n\n\n\n<p>Cada 6 minuts es procedeix a actualitzar la <a href=\"https:\/\/www.meteo.cat\/observacions\/radar\">imatge de la reflectivitat enregistrada per la Xarxa de Radars.<\/a><\/p>\n\n\n\n<div style=\"height:15px\" aria-hidden=\"true\" class=\"wp-block-spacer\"><\/div>\n\n\n\n<h4> 2. Ginys <\/h4>\n\n\n\n<p>Els ginys s\u00f3n<a href=\"https:\/\/static-m.meteo.cat\/ginys\/\"> petites aplicacions que poden ser incrustades a les p\u00e0gines web, per mostrar, en aquest cas, la \u00faltima imatge radar<\/a>. <\/p>\n\n\n\n<div style=\"height:15px\" aria-hidden=\"true\" class=\"wp-block-spacer\"><\/div>\n\n\n\n<h4> 3. Enviaments personalitzats<\/h4>\n\n\n\n<p>El servei permet accedir a diferents productes radar a temps real de la imatge composta i\/o de la imatge individualitzada dels radars de l&#8217;SMC, dels seg\u00fcents productes: <\/p>\n\n\n\n<ul><li>Reflectivitat <\/li><li>Productes derivats: VIL, TOP, CAPPI, PPI i\/o la precipitaci\u00f3 estimada, entre d\u2019altres en el format propi de l\u2019SMC o b\u00e9 com a dades georeferenciades en format GIS <\/li><\/ul>\n\n\n\n<div style=\"height:30px\" aria-hidden=\"true\" class=\"wp-block-spacer\"><\/div>\n\n\n\n<a href=\"#inici\" title=\"Puja\" class=\"go-top\">Puja<\/a>\n\n\n\n<div style=\"height:50px\" aria-hidden=\"true\" class=\"wp-block-spacer\"><\/div>\n\n\n\n<h3 id=\"contracte\">Contractaci\u00f3 i tarifes<\/h3>\n\n\n\n<p>Si voleu contractar o demanar informaci\u00f3 sobre els serveis professionals que ofereix l&#8217;SMC, nom\u00e9s cal que ompliu el <a href=\"https:\/\/www.meteo.cat\/wpweb\/serveis\/formularis\/contractacio-de-serveis-del-cataleg\/\">formulari de contractaci\u00f3 de serveis del cat\u00e0leg<\/a><\/p>\n\n\n\n<p>Alguns dels serveis estan subjectes a tarifes, en el document de <a href=\"https:\/\/static-m.meteo.cat\/wordpressweb\/wp-content\/uploads\/2025\/06\/26160905\/Tarifes-2025.pdf\">Tarifari de productes i serveis per al 2025<\/a> trobar\u00e0s tota la informaci\u00f3.<\/p>\n\n\n\n<p>Per qualsevol consulta et pots adre\u00e7ar a <a href=\"&#109;&#97;&#x69;&#x6c;&#116;&#111;&#x3a;&#x63;&#111;&#109;&#x65;&#x72;&#99;&#105;&#x61;&#x6c;&#46;&#109;&#x65;&#x74;&#101;&#111;&#x63;&#x61;&#116;&#64;&#x67;&#x65;&#110;&#99;&#x61;&#x74;&#46;&#99;&#x61;&#x74;\">&#x63;o&#x6d;e&#x72;&#99;&#x69;&#97;l&#x2e;m&#x65;&#116;&#x65;&#111;&#x63;&#97;t&#x40;g&#x65;&#110;&#x63;&#97;&#x74;&#x2e;c&#x61;t<\/a><\/p>\n\n\n\n<div style=\"height:20px\" aria-hidden=\"true\" class=\"wp-block-spacer\"><\/div>\n\n\n\n<a href=\"#inici\" title=\"Puja\" class=\"go-top\">Puja<\/a>\n\n\n\n<p><\/p>\n","protected":false},"excerpt":{"rendered":"<p>La informaci\u00f3 del Servei Meteorol\u00f2gic de Catalunya est\u00e0 disponible per a particulars, empreses i administracions a trav\u00e9s de diferents canals d&#8217;acc\u00e9s. Els serveis professionals de l&#8217;SMC inclouen funcions avan\u00e7ades en constant evoluci\u00f3 i la possibilitat de desenvolupar productes a mida. Estacions autom\u00e0tiques (XEMA) Desc\u00e0rregues el\u00e8ctriques (XDDE) Radars meteorol\u00f2gics (XRAD) Contractaci\u00f3 i tarifes Dades de la [&hellip;]<\/p>\n","protected":false},"author":1,"featured_media":0,"parent":19937,"menu_order":3,"comment_status":"closed","ping_status":"closed","template":"template-sidebar.php","meta":{"_mi_skip_tracking":false,"_monsterinsights_sitenote_active":false,"_monsterinsights_sitenote_note":"","_monsterinsights_sitenote_category":0},"_links":{"self":[{"href":"https:\/\/www.meteo.cat\/wpweb\/wp-json\/wp\/v2\/pages\/20024"}],"collection":[{"href":"https:\/\/www.meteo.cat\/wpweb\/wp-json\/wp\/v2\/pages"}],"about":[{"href":"https:\/\/www.meteo.cat\/wpweb\/wp-json\/wp\/v2\/types\/page"}],"author":[{"embeddable":true,"href":"https:\/\/www.meteo.cat\/wpweb\/wp-json\/wp\/v2\/users\/1"}],"replies":[{"embeddable":true,"href":"https:\/\/www.meteo.cat\/wpweb\/wp-json\/wp\/v2\/comments?post=20024"}],"version-history":[{"count":48,"href":"https:\/\/www.meteo.cat\/wpweb\/wp-json\/wp\/v2\/pages\/20024\/revisions"}],"predecessor-version":[{"id":45261,"href":"https:\/\/www.meteo.cat\/wpweb\/wp-json\/wp\/v2\/pages\/20024\/revisions\/45261"}],"up":[{"embeddable":true,"href":"https:\/\/www.meteo.cat\/wpweb\/wp-json\/wp\/v2\/pages\/19937"}],"wp:attachment":[{"href":"https:\/\/www.meteo.cat\/wpweb\/wp-json\/wp\/v2\/media?parent=20024"}],"curies":[{"name":"wp","href":"https:\/\/api.w.org\/{rel}","templated":true}]}}