{"id":1812,"date":"2014-11-25T12:43:17","date_gmt":"2014-11-25T12:43:17","guid":{"rendered":"http:\/\/\/wpweb\/?page_id=1812"},"modified":"2022-05-12T09:22:00","modified_gmt":"2022-05-12T09:22:00","slug":"prediccio-per-al-pirineu","status":"publish","type":"page","link":"https:\/\/www.meteo.cat\/wpweb\/divulgacio\/la-prediccio-meteorologica\/prediccio-per-al-pirineu\/","title":{"rendered":"Descripci\u00f3 de la predicci\u00f3 per al Pirineu"},"content":{"rendered":"\n<p>El bullet\u00ed pirinenc de l&#8217;SMC s&#8217;edita des del 1999. El seu objectiu \u00e9s facilitar informaci\u00f3 meteorol\u00f2gica amb una alta resoluci\u00f3 espacial i temporal pel Pirineu que pertany al territori de Catalunya. La informaci\u00f3 meteorol\u00f2gica generada di\u00e0riament presenta dos nivells de resoluci\u00f3 espacial i temporal.<\/p>\n\n\n\n<p>Aix\u00ed, en primer lloc es presenta la predicci\u00f3 elaborada per un t\u00e8cnic de l\u2019Equip de Predicci\u00f3 i Vigil\u00e0ncia basant-se en els diferents models meteorol\u00f2gics existents i en la pr\u00f2pia experi\u00e8ncia. La predicci\u00f3 del Pirineu es caracteritza per a ser una predicci\u00f3 per les cotes superiors als 1500 metres &nbsp;i fins a dos dies vista (D, D+1, D+2). Per tal de facilitar l\u2019acc\u00e9s d\u2019aquesta predicci\u00f3 es presenta &nbsp;la informaci\u00f3 en punts d\u2019inter\u00e8s, &nbsp;ja siguin pics com refugis, i amb una resoluci\u00f3 temporal 6 hor\u00e0ria. En l\u2019actualitat la predicci\u00f3 del Pirineu t\u00e9 un format gr\u00e0fic on la interpretaci\u00f3 dels s\u00edmbols s\u2019obt\u00e9 en passar el cursor sobre ell o accedint al manual d\u2019estil de l\u2019SMC. Es fa previsi\u00f3 de les seg\u00fcents variables meteorol\u00f2giques:<\/p>\n\n\n\n<ul><li>Estat del cel<\/li><li>Visibilitat<\/li><li>Precipitaci\u00f3<\/li><li>Cota de neu<\/li><li>Temperatura<\/li><li>Vent<\/li><\/ul>\n\n\n\n<figure class=\"wp-block-image\"><a href=\"https:\/\/static-m.meteo.cat\/wordpressweb\/wp-content\/uploads\/2014\/11\/25121344\/PrediccioPirineu0.png\"><img loading=\"lazy\" width=\"300\" height=\"156\" src=\"https:\/\/static-m.meteo.cat\/wordpressweb\/wp-content\/uploads\/2014\/11\/25121344\/PrediccioPirineu0-300x156.png\" alt=\"PrediccioPirineu0\" class=\"wp-image-1861\"\/><\/a><\/figure>\n\n\n\n<p>Al segon nivell de la previsi\u00f3 meteorol\u00f2gica, de m\u00e9s resoluci\u00f3 temporal, es presenta la informaci\u00f3 obtinguda a partir del model operatiu de l\u2019SMC (sortida autom\u00e0tica del model). &nbsp;La predicci\u00f3 de les diferents variables corresponen als resultats del model WRF en la seva resoluci\u00f3 de 9 km. Les variables es representen cada 3 hores, i fins a 72 hores vista. Les variables mostrades s\u00f3n les seg\u00fcents:<\/p>\n\n\n\n<ul><li>Altura de la isozero<\/li><li>Altura on es troba -10 \u00baC<\/li><\/ul>\n\n\n\n<figure class=\"wp-block-image\"><a href=\"https:\/\/static-m.meteo.cat\/wordpressweb\/wp-content\/uploads\/2014\/11\/25115800\/PrediccioPirineu3.png\"><img loading=\"lazy\" width=\"300\" height=\"109\" src=\"https:\/\/static-m.meteo.cat\/wordpressweb\/wp-content\/uploads\/2014\/11\/25115800\/PrediccioPirineu3-300x109.png\" alt=\"PrediccioPirineu3\" class=\"wp-image-1846\"\/><\/a><\/figure>\n\n\n\n<p>Per als nivells de 1500, 2000, 2500 i 3000 metres les variables presentades s\u00f3n:<\/p>\n\n\n\n<ul><li>Temperatura<\/li><li>Humitat<\/li><li>Direcci\u00f3 i velocitat del vent<\/li><\/ul>\n\n\n\n<figure class=\"wp-block-image\"><a href=\"https:\/\/static-m.meteo.cat\/wordpressweb\/wp-content\/uploads\/2014\/11\/25110937\/Gr%C3%A0fics-Nivells-Pirineu.png\"><img src=\"https:\/\/static-m.meteo.cat\/wordpressweb\/wp-content\/uploads\/2014\/11\/25110937\/Gr%C3%A0fics-Nivells-Pirineu-300x232.png\" alt=\"Gr\u00e0fics Nivells Pirineu\" class=\"wp-image-1817\"\/><\/a><\/figure>\n\n\n\n<p>A l&#8217;hora d&#8217; interpretar la informaci\u00f3 s&#8217;ha de tenir present que els valors que es faciliten a les gr\u00e0fiques fan refer\u00e8ncia a l&#8217;atmosfera lliure, \u00e9s a dir, els valors mostrats no descriuen correctament l&#8217;evoluci\u00f3 d&#8217;algunes variables a terra, per exemple l&#8217;oscil\u00b7laci\u00f3 t\u00e8rmica o la direcci\u00f3 del vent en algunes valls.<\/p>\n","protected":false},"excerpt":{"rendered":"<p>El bullet\u00ed pirinenc de l&#8217;SMC s&#8217;edita des del 1999. El seu objectiu \u00e9s facilitar informaci\u00f3 meteorol\u00f2gica amb una alta resoluci\u00f3 espacial i temporal pel Pirineu que pertany al territori de Catalunya. La informaci\u00f3 meteorol\u00f2gica generada di\u00e0riament presenta dos nivells de resoluci\u00f3 espacial i temporal. Aix\u00ed, en primer lloc es presenta la predicci\u00f3 elaborada per un [&hellip;]<\/p>\n","protected":false},"author":2,"featured_media":0,"parent":128,"menu_order":6,"comment_status":"closed","ping_status":"open","template":"","meta":{"_mi_skip_tracking":false,"_monsterinsights_sitenote_active":false,"_monsterinsights_sitenote_note":"","_monsterinsights_sitenote_category":0},"_links":{"self":[{"href":"https:\/\/www.meteo.cat\/wpweb\/wp-json\/wp\/v2\/pages\/1812"}],"collection":[{"href":"https:\/\/www.meteo.cat\/wpweb\/wp-json\/wp\/v2\/pages"}],"about":[{"href":"https:\/\/www.meteo.cat\/wpweb\/wp-json\/wp\/v2\/types\/page"}],"author":[{"embeddable":true,"href":"https:\/\/www.meteo.cat\/wpweb\/wp-json\/wp\/v2\/users\/2"}],"replies":[{"embeddable":true,"href":"https:\/\/www.meteo.cat\/wpweb\/wp-json\/wp\/v2\/comments?post=1812"}],"version-history":[{"count":10,"href":"https:\/\/www.meteo.cat\/wpweb\/wp-json\/wp\/v2\/pages\/1812\/revisions"}],"predecessor-version":[{"id":34390,"href":"https:\/\/www.meteo.cat\/wpweb\/wp-json\/wp\/v2\/pages\/1812\/revisions\/34390"}],"up":[{"embeddable":true,"href":"https:\/\/www.meteo.cat\/wpweb\/wp-json\/wp\/v2\/pages\/128"}],"wp:attachment":[{"href":"https:\/\/www.meteo.cat\/wpweb\/wp-json\/wp\/v2\/media?parent=1812"}],"curies":[{"name":"wp","href":"https:\/\/api.w.org\/{rel}","templated":true}]}}