{"id":18112,"date":"2016-06-14T13:18:11","date_gmt":"2016-06-14T12:18:11","guid":{"rendered":"http:\/\/10.116.16.72\/test\/?p=2555"},"modified":"2022-05-05T12:10:33","modified_gmt":"2022-05-05T12:10:33","slug":"restauracio-conservacio-documentacio-meteorologica-turo-lhome","status":"publish","type":"page","link":"https:\/\/www.meteo.cat\/wpweb\/divulgacio\/publicacions\/miscellania\/restauracio-conservacio-documentacio-meteorologica-turo-lhome\/","title":{"rendered":"Restauraci\u00f3 i conservaci\u00f3 de la documentaci\u00f3 meteorol\u00f2gica del Tur\u00f3 de l\u2019Home"},"content":{"rendered":"\n<p class=\"has-text-align-left\"><strong>PUBLICADA EL 14\/06\/2016<\/strong><\/p>\n\n\n\n<p>El 31 de mar\u00e7 de 1921 el Consell Permanent de la Mancomunitat de Catalunya va aprovar el Decret que establia la creaci\u00f3 del Servei Meteorol\u00f2gic de Catalunya (SMC), i Eduard Fontser\u00e8 en va ser anomenat Director. Durant els seus 17 anys d\u2019exist\u00e8ncia, l\u2019antic SMC va donar un impuls extraordinari a la meteorologia de Catalunya i, amb algun dels seus projectes va adquirir un important prestigi internacional. Entre els seus treballs de ress\u00f2 destaquen la creaci\u00f3 de dos observatoris de muntanya, el del Tur\u00f3 de l\u2019Home (Montseny) i el de Sant Jeroni (Montserrat).<\/p>\n\n\n\n<p>El 22 de juny de 2011 el darrer observador del Tur\u00f3 de l\u2019Home, el Sr. Miquel Meseguer, va cedir a l\u2019SMC el fons documental dipositat a les depend\u00e8ncies de l\u2019observatori, i que cobria el per\u00edode 1952 \u2013 1994. El material cedit consistia b\u00e0sicament en registres meteorol\u00f2gic de diferents tipologies: quaderns d\u2019anotacions di\u00e0ries, bandes d\u2019anemocinem\u00f2grafs, bandes de termohigr\u00f2graf, bandes d\u2019heli\u00f2graf&#8230; Es trobaven guardats en dos tipus de suport: arxivadors i caixes.<\/p>\n\n\n\n<p>L\u2019estat de conservaci\u00f3 inicial del fons era, en general, molt prec\u00e0ria: cobert de pols superficial, de teranyines, barreja de materials, concrecions adherides, taques, papers esquin\u00e7ats i amb p\u00e8rdues de suport per atac i efecte directe de la pres\u00e8ncia de gats i altres animals a la zona d\u2019emmagatzematge, arrugues, acumulaci\u00f3 de brut\u00edcia, plecs, acidesa pr\u00f2pia de la fabricaci\u00f3 del paper, grapes oxidades, mostres d\u2019atac d\u2019humitats i altres. Se\u2019n pot veure una mostra a les imatges seg\u00fcents:<\/p>\n\n\n\n<div class=\"wp-block-columns has-2-columns\">\n<div class=\"wp-block-column\">\n<div class=\"wp-block-image\"><figure class=\"aligncenter\"><a href=\"https:\/\/static-m.meteo.cat\/content\/blog\/2016\/06\/Imatge-1.jpg\"><img src=\"https:\/\/static-m.meteo.cat\/content\/blog\/2016\/06\/Imatge-1-225x300.jpg\" alt=\"App5c Zoran\" class=\"wp-image-2557\"\/><\/a><\/figure><\/div>\n\n\n\n<div class=\"wp-block-image\"><figure class=\"aligncenter\"><a href=\"https:\/\/static-m.meteo.cat\/content\/blog\/2016\/06\/Imatge-3.jpg\"><img src=\"https:\/\/static-m.meteo.cat\/content\/blog\/2016\/06\/Imatge-3-300x225.jpg\" alt=\"Imatge 3\" class=\"wp-image-2559\"\/><\/a><\/figure><\/div>\n<\/div>\n\n\n\n<div class=\"wp-block-column\">\n<div class=\"wp-block-image\"><figure class=\"aligncenter\"><a href=\"https:\/\/static-m.meteo.cat\/content\/blog\/2016\/06\/Imatge-2.jpg\"><img src=\"https:\/\/static-m.meteo.cat\/content\/blog\/2016\/06\/Imatge-2-300x225.jpg\" alt=\"Imatge 2\" class=\"wp-image-2558\"\/><\/a><\/figure><\/div>\n\n\n\n<div class=\"wp-block-image\"><figure class=\"aligncenter\"><a href=\"https:\/\/static-m.meteo.cat\/content\/blog\/2016\/06\/Imatge-4.jpg\"><img src=\"https:\/\/static-m.meteo.cat\/content\/blog\/2016\/06\/Imatge-4-300x225.jpg\" alt=\"Imatge 4\" class=\"wp-image-2560\"\/><\/a><\/figure><\/div>\n<\/div>\n<\/div>\n\n\n\n<p>Aquest estat va requerir una actuaci\u00f3 inicial d\u2019urg\u00e8ncia que va consistir en ordenar els documents per tipologia i per anys. Les persones que van intervenir en aquesta primera fase es van protegir per evitar al\u00b7l\u00e8rgies o infeccions amb bates, guants de l\u00e0tex, mascaretes espec\u00edfiques per la pols o per fongs. En cas de trobar fongs es va decidir deixar el material a banda per tal de fer un cultiu quan fos possible i determinar aix\u00ed si estaven actius. Qualsevol infestaci\u00f3 del fons podia reproduir-se i escampar-se per la resta del material.<\/p>\n\n\n\n<p>Des de l\u2019any 2013, gr\u00e0cies a la signatura d\u2019un conveni de col\u00b7laboraci\u00f3 amb l\u2019Escola Superior de Conservaci\u00f3 i Restauraci\u00f3 de B\u00e9ns Culturals de Catalunya (ESCRBMC), es convoca una beca de formaci\u00f3 anual dirigida a l\u2019alumnat de l\u2019escola, amb l\u2019objectiu d\u2019adquirir el coneixement necessari en la neteja, restauraci\u00f3 i conservaci\u00f3 de part del material malm\u00e8s. La intervenci\u00f3 es basa sobretot en fer una neteja mec\u00e0nica, consolidant estrips i talls, reintegrant p\u00e8rdues de suport, aplanant i finalment col\u00b7locant el material dins unes camises i caixes de cartr\u00f3 de conservaci\u00f3. Posteriorment, aquesta documentaci\u00f3 ingressa a l\u2019Arxiu Nacional de Catalunya (ANC) on es preserva i es posa a disposici\u00f3 dels investigadors.<\/p>\n\n\n\n<p>Recentment, l\u2019SMC ha produ\u00eft un breu audiovisual per tal de mostrar el rigor i la t\u00e8cnica que se segueix en la tasca de restauraci\u00f3 i conservaci\u00f3 del material del Tur\u00f3 de l\u2019Home per part dels alumnes de l\u2019ESCRBMC.<\/p>\n\n\n\n<iframe loading=\"lazy\" width=\"560\" height=\"315\" src=\"https:\/\/www.youtube.com\/embed\/ngNMBoBFto8\" frameborder=\"0\" allow=\"accelerometer; autoplay; clipboard-write; encrypted-media; gyroscope; picture-in-picture\" allowfullscreen=\"\" title=\"Tasca de restauraci\u00f3 i conservaci\u00f3 del material del Tur\u00f3 de l'Home\"><\/iframe>\n","protected":false},"excerpt":{"rendered":"<p>PUBLICADA EL 14\/06\/2016 El 31 de mar\u00e7 de 1921 el Consell Permanent de la Mancomunitat de Catalunya va aprovar el Decret que establia la creaci\u00f3 del Servei Meteorol\u00f2gic de Catalunya (SMC), i Eduard Fontser\u00e8 en va ser anomenat Director. Durant els seus 17 anys d\u2019exist\u00e8ncia, l\u2019antic SMC va donar un impuls extraordinari a la meteorologia [&hellip;]<\/p>\n","protected":false},"author":7,"featured_media":0,"parent":18378,"menu_order":0,"comment_status":"closed","ping_status":"open","template":"template-sidebar.php","meta":{"_mi_skip_tracking":false,"_monsterinsights_sitenote_active":false,"_monsterinsights_sitenote_note":"","_monsterinsights_sitenote_category":0},"_links":{"self":[{"href":"https:\/\/www.meteo.cat\/wpweb\/wp-json\/wp\/v2\/pages\/18112"}],"collection":[{"href":"https:\/\/www.meteo.cat\/wpweb\/wp-json\/wp\/v2\/pages"}],"about":[{"href":"https:\/\/www.meteo.cat\/wpweb\/wp-json\/wp\/v2\/types\/page"}],"author":[{"embeddable":true,"href":"https:\/\/www.meteo.cat\/wpweb\/wp-json\/wp\/v2\/users\/7"}],"replies":[{"embeddable":true,"href":"https:\/\/www.meteo.cat\/wpweb\/wp-json\/wp\/v2\/comments?post=18112"}],"version-history":[{"count":8,"href":"https:\/\/www.meteo.cat\/wpweb\/wp-json\/wp\/v2\/pages\/18112\/revisions"}],"predecessor-version":[{"id":34380,"href":"https:\/\/www.meteo.cat\/wpweb\/wp-json\/wp\/v2\/pages\/18112\/revisions\/34380"}],"up":[{"embeddable":true,"href":"https:\/\/www.meteo.cat\/wpweb\/wp-json\/wp\/v2\/pages\/18378"}],"wp:attachment":[{"href":"https:\/\/www.meteo.cat\/wpweb\/wp-json\/wp\/v2\/media?parent=18112"}],"curies":[{"name":"wp","href":"https:\/\/api.w.org\/{rel}","templated":true}]}}