{"id":18093,"date":"2014-09-23T11:04:07","date_gmt":"2014-09-23T10:04:07","guid":{"rendered":"http:\/\/10.116.16.72\/test\/?p=1915"},"modified":"2024-09-25T09:28:53","modified_gmt":"2024-09-25T09:28:53","slug":"1874-09-23_140-anys-de-laiguat-de-santa-tecla","status":"publish","type":"page","link":"https:\/\/www.meteo.cat\/wpweb\/divulgacio\/publicacions\/efemerides\/1874-09-23_140-anys-de-laiguat-de-santa-tecla\/","title":{"rendered":"140 anys de l&#8217;Aiguat de Santa Tecla (1874)"},"content":{"rendered":"\n<p><strong>PUBLICADA EL 23\/09\/2014<\/strong><\/p>\n\n\n\n<p>Avui fa <b>140 anys<\/b> del catastr\u00f2fic aiguat, conegut amb el nom popular de l\u2019<b>Aiguat de Santa Tecla <\/b>o <b>Rovinada de Santa Tecla<\/b>, que va afectar gaireb\u00e9 tot Catalunya provocant el desbordament violent de nombrosos rius i rieres de la meitat sud del pa\u00eds la matinada del <b>23 de setembre de 1874 <\/b>(diada de Santa Tecla). Les zones m\u00e9s afectades van ser les conques del <b>Francol\u00ed, Gai\u00e0, Ondara, Si\u00f3, Corb, Siurana, Montsant i Anoia<\/b>. Les riuades van provocar la mort d\u2019unes <b>575 persones<\/b>, moltes de les quals es trobaven dormint a les seves llars i la destrucci\u00f3 de m\u00e9s de 700 cases.<\/p>\n\n\n\n<div class=\"wp-block-image\"><figure class=\"aligncenter\"><a href=\"https:\/\/farm6.staticflickr.com\/5554\/15329954195_97d93cef65_o.jpg\"><img src=\"https:\/\/farm6.staticflickr.com\/5554\/15329954195_41bd1624e4.jpg\" alt=\"(obre imatge gran)\"\/><\/a><figcaption>Imatge de la marca del nivell que va assolir l&#8217;aigua en l&#8217;Aiguat de Santa Tecla a Conesa (Conca de Barber\u00e0). Font: <a href=\"https:\/\/ca.wikipedia.org\/wiki\/Aiguat_de_Santa_Tecla#\/media\/Fitxer:Font.Conesa.Conca_de_Barbera.Catalonia.jpg\" target=\"_blank\" rel=\"noreferrer noopener\">Viquip\u00e8dia<\/a>.<\/figcaption><\/figure><\/div>\n\n\n\n<h2><strong>Descripci\u00f3 general<\/strong><\/h2>\n\n\n\n<p>El intensos aiguats van caure concentrats en un interval d\u2019aproximadament cinc hores, entre la una i les sis de la matinada del 23 de setembre de 1874. Van ser conseq\u00fc\u00e8ncia d\u2019una destacable activitat tempestuosa acompanyada de forts vents de xaloc i migjorn que va afectar principalment la meitat sud de Catalunya. Malauradament, els registres instrumentals de precipitaci\u00f3 di\u00e0ria d\u2019aquesta \u00e8poca gaireb\u00e9 s\u00f3n inexistents a Catalunya. Nom\u00e9s se sap que a la ciutat de Barcelona van caure 63 mm durant la matinada del 23 de setembre, mesurats pel Dr. Joan Ramon Campaner amb el pluvi\u00f2metre al terrat de la Reial Acad\u00e8mia de Medicina del carrer del Carme 47.<\/p>\n\n\n\n<p>Els m\u00e0xims de precipitaci\u00f3 es van produir a les muntanyes de Prades, les serres de Llaberia i Montsant, i les serres de la Conca de Barber\u00e0 i Alta Segarra, on es troben les cap\u00e7aleres dels principals rius i rieres que van desbordar-se violentament. Segons un&nbsp;estudi de reconstrucci\u00f3 hidrol\u00f2gica de l\u2019episodi (<a title=\"Article de la revista Urtx sobre la Rovinada de Santa Tecla a T\u00e0rrega\" href=\"http:\/\/www.raco.cat\/index.php\/Urtx\/article\/download\/270118\/372341\" target=\"_blank\" rel=\"noopener noreferrer\">Barriendos et al., 2013<\/a>)&nbsp;portat a terme dins del projecte de recerca \u201cReconstrucci\u00f3 i classificaci\u00f3 multivariable dels <i>flash floods<\/i> m\u00e9s destacats al NE d\u2019Espanya en els darrers 500 anys per a la millora de la seva predicci\u00f3\u201d (Ministeri d\u2019Economia i Coneixement, CGL2012-35071), durant aquella matinada s\u2019estima que van caure al voltant de <b>150 mm a T\u00e0rrega<\/b>.<\/p>\n\n\n\n<h2><strong>An\u00e0lisi meteorol\u00f2gica<\/strong><\/h2>\n\n\n\n<p>La pres\u00e8ncia d\u2019una profunda borrasca sobre les Illes Brit\u00e0niques el 22 i 23 de setembre de 1874 impulsava aire c\u00e0lid i humit del sud i sud-est sobre Catalunya. Aquesta entrada d\u2019aire potencialment molt inestable es va veure refor\u00e7ada per la formaci\u00f3 d\u2019una baixa relativa sobre les costes d\u2019Alg\u00e8ria. Aquesta baixa va anar progressant cap al nord fins a la costa catalana, moment en el qual les precipitacions varen minvar a la meitat sud del pa\u00eds, i va acabar diluint-se del tot cap al migdia&nbsp;del dia 24. Per una altra banda, durant el vespre del dia 22 va anar retirant-se cap a l\u2019est una massa d\u2019aire c\u00e0lid a 850 hPa que havia estat impedint des de feia dies el despla\u00e7ament vertical de l\u2019aire c\u00e0lid i humit. Per tant, a partir d\u2019aquell moment l\u2019aire c\u00e0lid, humit i potencialment molt inestable en superf\u00edcie procedent del nord de l\u2019\u00c0frica va poder guanyar altura sense restriccions en xocar contra les serralades litoral i prelitoral de la meitat sud i causar els forts aiguats responsables de les rovinades. A banda, el cisallament del vent en altura &#8211; de component sud-oest a 500 hPa, sud a 850 hPa i sud-est en superf\u00edcie &#8211; va afavorir l\u2019ascens de la massa d\u2019aire c\u00e0lid i humit .<\/p>\n\n\n\n<p>A continuaci\u00f3 es presenten els mapes de les rean\u00e0lisis del&nbsp;<a>20CRP<\/a> del 23\/09\/1874 a les 00 UTC (mapes de l\u2019esquerra) i a les 06 UTC (mapes de la dreta) per als camps de temperatura (\u00baC), altura geopotencial (m) i velocitat del vent (m\/s) a 500 i 850 hPa (mapes superiors i centrals). Tamb\u00e9 es mostren els camps de temperatura (\u00baC), velocitat del vent (m\/s) i pressi\u00f3 al nivell del mar (hPa) en superf\u00edcie (mapes inferiors). En tots ells poden identificar-se els trets meteorol\u00f2gics generals de l\u2019episodi&nbsp; comentats anteriorment.<\/p>\n\n\n\n<div class=\"wp-block-image\"><figure class=\"aligncenter size-large\"><img loading=\"lazy\" width=\"724\" height=\"1024\" src=\"https:\/\/static-m.meteo.cat\/wordpressweb\/wp-content\/uploads\/2024\/09\/19175403\/18740923-Reanalisis-724x1024.jpg\" alt=\"\" class=\"wp-image-41360\"\/><\/figure><\/div>\n\n\n\n<h2><strong>Danys produ\u00efts<\/strong><\/h2>\n\n\n\n<p>A causa de la gran quantitat de precipitaci\u00f3 caiguda en tant poc temps es van desbordar <b>el Francol\u00ed, el Brugent, el Glorieta, l\u2019Anguera, el Gai\u00e0, el Siurana, el Montsant, l\u2019Ondara, el Corb, el Si\u00f3, el Set, la Femosa, el Segre, l\u2019Anoia, el Foix <\/b>i nombroses <b>rieres i barrancs de l\u2019Alt<\/b> i<b> Baix Camp, Conca de Barber\u00e0, Tarragon\u00e8s, Urgell, Garrigues, Segarra, Priorat, Garraf i Baix Pened\u00e8s; <\/b>produint danys importants en molts indrets. A tall d\u2019exemple, la violenta crescuda de l\u2019Ondara a la vila de T\u00e0rrega va arrossegar tot el raval de Sant Agust\u00ed causant 150 v\u00edctimes mortals i l\u2019esfondrament de 250 cases. Per\u00f2 de ben segur que cadascun dels municipis afectats guarda a la seva particular mem\u00f2ria els efectes de l\u2019aiguat de Santa Tecla, que ha anat transmetent-se de pares a fills fins a l\u2019actualitat.<\/p>\n\n\n\n<h2><b>Enlla\u00e7os d\u2019inter\u00e8s<\/b><\/h2>\n\n\n\n<p>Video sobre l\u2019episodi del programa El medi ambient de TV3 del 23\/09\/2013 \u201cT\u00e0rrega: reconstruir l&#8221;aiguat del 1874\u201d: <a>http:\/\/www.tv3.cat\/videos\/4680692\/Tarrega-reconstruir-laiguat-del-1874<\/a><\/p>\n\n\n\n<h2><strong>Refer\u00e8ncies<\/strong><\/h2>\n\n\n\n<p>Barriendos Vallv\u00e9, M., J. Tuset Mestre, J. Maz\u00f3n Bueso, D. Pino Gonz\u00e1lez, J.L. Ruiz-Bellet i J.C. Balasch Solanes (2013): <a href=\"http:\/\/www.raco.cat\/index.php\/Urtx\/article\/download\/270118\/372341\">La rubinada de Santa Tecla a T\u00e0rrega (23 de setembre de 1874)<\/a>. Urtx, Revista Cultural de l&#8217;Urgell, n\u00fam. 27, pp. 9-25.<\/p>\n","protected":false},"excerpt":{"rendered":"<p>PUBLICADA EL 23\/09\/2014 Avui fa 140 anys del catastr\u00f2fic aiguat, conegut amb el nom popular de l\u2019Aiguat de Santa Tecla o Rovinada de Santa Tecla, que va afectar gaireb\u00e9 tot Catalunya provocant el desbordament violent de nombrosos rius i rieres de la meitat sud del pa\u00eds la matinada del 23 de setembre de 1874 (diada [&hellip;]<\/p>\n","protected":false},"author":7,"featured_media":0,"parent":18384,"menu_order":0,"comment_status":"open","ping_status":"closed","template":"template-sidebar.php","meta":{"_mi_skip_tracking":false,"_monsterinsights_sitenote_active":false,"_monsterinsights_sitenote_note":"","_monsterinsights_sitenote_category":0},"_links":{"self":[{"href":"https:\/\/www.meteo.cat\/wpweb\/wp-json\/wp\/v2\/pages\/18093"}],"collection":[{"href":"https:\/\/www.meteo.cat\/wpweb\/wp-json\/wp\/v2\/pages"}],"about":[{"href":"https:\/\/www.meteo.cat\/wpweb\/wp-json\/wp\/v2\/types\/page"}],"author":[{"embeddable":true,"href":"https:\/\/www.meteo.cat\/wpweb\/wp-json\/wp\/v2\/users\/7"}],"replies":[{"embeddable":true,"href":"https:\/\/www.meteo.cat\/wpweb\/wp-json\/wp\/v2\/comments?post=18093"}],"version-history":[{"count":10,"href":"https:\/\/www.meteo.cat\/wpweb\/wp-json\/wp\/v2\/pages\/18093\/revisions"}],"predecessor-version":[{"id":41380,"href":"https:\/\/www.meteo.cat\/wpweb\/wp-json\/wp\/v2\/pages\/18093\/revisions\/41380"}],"up":[{"embeddable":true,"href":"https:\/\/www.meteo.cat\/wpweb\/wp-json\/wp\/v2\/pages\/18384"}],"wp:attachment":[{"href":"https:\/\/www.meteo.cat\/wpweb\/wp-json\/wp\/v2\/media?parent=18093"}],"curies":[{"name":"wp","href":"https:\/\/api.w.org\/{rel}","templated":true}]}}