{"id":18090,"date":"2014-07-21T08:36:35","date_gmt":"2014-07-21T07:36:35","guid":{"rendered":"http:\/\/10.116.16.72\/test\/?p=1889"},"modified":"2020-10-21T06:36:46","modified_gmt":"2020-10-21T06:36:46","slug":"la-premsa-historia-com-eina-de-recopilacio-dinformacio-meteorologica-climatica-el-cas-de-la-ciutat-de-tarragona","status":"publish","type":"page","link":"https:\/\/www.meteo.cat\/wpweb\/divulgacio\/publicacions\/miscellania\/la-premsa-historia-com-eina-de-recopilacio-dinformacio-meteorologica-climatica-el-cas-de-la-ciutat-de-tarragona\/","title":{"rendered":"La premsa hist\u00f2rica com a eina de recopilaci\u00f3 d&#8217;informaci\u00f3 meteorol\u00f2gica i clim\u00e0tica. El cas de la ciutat de Tarragona"},"content":{"rendered":"\n<p><strong>PUBLICADA EL 21\/07\/2014<\/strong><\/p>\n\n\n\n<p>Per a la reconstrucci\u00f3 del clima, &nbsp;s\u2019utilitzen tot tipus de fonts de dades. Entre elles, la premsa hist\u00f2rica sol aportar informaci\u00f3 addicional a les fonts tradicionals, \u00e9s a dir, les procedents dels registres de serveis meteorol\u00f2gics o observatoris privats, i millorar el coneixement de la din\u00e0mica del clima d\u2019un determinat indret.<\/p>\n\n\n\n<p>Des del Servei Meteorol\u00f2gic de Catalunya i per a la ciutat de Tarragona s\u2019han recuperat nombroses variables meteorol\u00f2giques de diferents dies en qu\u00e8 no es disposava de dades. El buidatge de dades dels arxius \u00e9s una feina feixuga, ja que les dades es troben disperses en fons molt variats.<\/p>\n\n\n\n<p>El proc\u00e9s de rescat de dades comen\u00e7a primer amb la localitzaci\u00f3 de les dades dels diferents diaris. Un cop localitzades les dades, es digitalitzen les observacions manualment. D\u2019aquesta manera se n\u2019assegura la preservaci\u00f3 i es facilita l\u2019an\u00e0lisi posterior.<\/p>\n\n\n\n<p>En el cas de Tarragona el rescat de les observacions hist\u00f2riques comen\u00e7a l\u2019any 1809 (Figura 1) fins al 1944 enlla\u00e7ant amb la s\u00e8rie de dades ja existent en l\u2019actualitat.<\/p>\n\n\n\n<div class=\"wp-block-image\"><figure class=\"aligncenter\"><img src=\"https:\/\/farm4.staticflickr.com\/3854\/14519726999_e295e61a8f.jpg\" alt=\"\"\/><figcaption>Figura 1. Observacions meteorol\u00f2giques publicades al Diario de Tarragona l\u2019any 1809.<\/figcaption><\/figure><\/div>\n\n\n\n<p>Segons el per\u00edode, les variables que es mesuraven eren diferents, aix\u00ed per exemple, a principis de segle XIX, es mesuraven al mat\u00ed, migdia i vespre, la temperatura, la pressi\u00f3 atmosf\u00e8rica, la direcci\u00f3 del vent i l\u2019estat del cel (Figura 1).<\/p>\n\n\n\n<p>M\u00e9s endavant es publiquen m\u00e9s variables. A m\u00e9s de les t\u00edpiques com la temperatura m\u00e0xima i m\u00ednima i la precipitaci\u00f3, tamb\u00e9 es publiquen les dades d\u2019humitat relativa, pressi\u00f3 atmosf\u00e8rica, term\u00f2metre humit, term\u00f2metre sec, evaporaci\u00f3, direcci\u00f3 i velocitat del vent, i cobertura de n\u00favols (Figura 2).<\/p>\n\n\n\n<div class=\"wp-block-image\"><figure class=\"aligncenter\"><img src=\"https:\/\/farm6.staticflickr.com\/5559\/14519727099_41c69b8425.jpg\" alt=\"\"\/><figcaption>Figura 2. Observacions meteorol\u00f2giques publicades al Diario de Tarragona l\u2019any 1879.<\/figcaption><\/figure><\/div>\n\n\n\n<p>La premsa hist\u00f2rica \u00e9s una font de dades meteorol\u00f2giques molt important, que d\u00f3na informaci\u00f3 meteorol\u00f2gica hist\u00f2rica en l\u2019\u00e0mbit local. Aix\u00ed doncs, l\u2019extracci\u00f3 de les dades dels diaris antics permet analitzar les variacions clim\u00e0tiques a escalalocal.<\/p>\n\n\n\n<p>Finalment afegir que aquest rescat de dades de Tarragona \u00e9s un primer assaig per alaposterior an\u00e0lisi de les variables meteorol\u00f2giques, que ens permetr\u00e0 realitzar controls de qualitat de dades i homogene\u00eftzar la font original, eliminant valors que ara poden semblar dubtosos.<\/p>\n\n\n\n<p>Per a m\u00e9s informaci\u00f3 sobre la premsa hist\u00f2rica i la meteorologia i climatologia:<\/p>\n\n\n\n<p>Ripoll, R., Prohom, M., Pe\u00f1a, J.C., Martin-Vide, J. (2014): \u201cLa prensahist\u00f3rica como herramienta de recopilaci\u00f3n de informaci\u00f3nmeteorol\u00f3gica y clim\u00e1tica. El caso de la ciudad de Tarragona (Espa\u00f1a)\u201d. En <em>Investigaciones Geogr\u00e1ficas<\/em>. 2014, n\u00ba 61. Alicante, &nbsp;pp. 159-169. <a href=\"http:\/\/rua.ua.es\/dspace\/bitstream\/10045\/38429\/3\/Investigaciones_Geograficas_61_11.pdf\">http:\/\/rua.ua.es\/dspace\/bitstream\/10045\/38429\/3\/Investigaciones_Geograficas_61_11.pdf<\/a><\/p>\n","protected":false},"excerpt":{"rendered":"<p>PUBLICADA EL 21\/07\/2014 Per a la reconstrucci\u00f3 del clima, &nbsp;s\u2019utilitzen tot tipus de fonts de dades. Entre elles, la premsa hist\u00f2rica sol aportar informaci\u00f3 addicional a les fonts tradicionals, \u00e9s a dir, les procedents dels registres de serveis meteorol\u00f2gics o observatoris privats, i millorar el coneixement de la din\u00e0mica del clima d\u2019un determinat indret. Des [&hellip;]<\/p>\n","protected":false},"author":4,"featured_media":0,"parent":18378,"menu_order":0,"comment_status":"open","ping_status":"closed","template":"template-sidebar.php","meta":{"_mi_skip_tracking":false,"_monsterinsights_sitenote_active":false,"_monsterinsights_sitenote_note":"","_monsterinsights_sitenote_category":0},"_links":{"self":[{"href":"https:\/\/www.meteo.cat\/wpweb\/wp-json\/wp\/v2\/pages\/18090"}],"collection":[{"href":"https:\/\/www.meteo.cat\/wpweb\/wp-json\/wp\/v2\/pages"}],"about":[{"href":"https:\/\/www.meteo.cat\/wpweb\/wp-json\/wp\/v2\/types\/page"}],"author":[{"embeddable":true,"href":"https:\/\/www.meteo.cat\/wpweb\/wp-json\/wp\/v2\/users\/4"}],"replies":[{"embeddable":true,"href":"https:\/\/www.meteo.cat\/wpweb\/wp-json\/wp\/v2\/comments?post=18090"}],"version-history":[{"count":4,"href":"https:\/\/www.meteo.cat\/wpweb\/wp-json\/wp\/v2\/pages\/18090\/revisions"}],"predecessor-version":[{"id":29201,"href":"https:\/\/www.meteo.cat\/wpweb\/wp-json\/wp\/v2\/pages\/18090\/revisions\/29201"}],"up":[{"embeddable":true,"href":"https:\/\/www.meteo.cat\/wpweb\/wp-json\/wp\/v2\/pages\/18378"}],"wp:attachment":[{"href":"https:\/\/www.meteo.cat\/wpweb\/wp-json\/wp\/v2\/media?parent=18090"}],"curies":[{"name":"wp","href":"https:\/\/api.w.org\/{rel}","templated":true}]}}