{"id":18084,"date":"2014-04-03T09:00:39","date_gmt":"2014-04-03T09:00:39","guid":{"rendered":"http:\/\/10.116.16.72\/test\/?p=1616"},"modified":"2022-04-12T10:29:20","modified_gmt":"2022-04-12T10:29:20","slug":"5e-informe-de-lipcc-ipcc-ar5-sobre-impactes-adaptacio-vulnerabilitat","status":"publish","type":"page","link":"https:\/\/www.meteo.cat\/wpweb\/divulgacio\/publicacions\/miscellania\/5e-informe-de-lipcc-ipcc-ar5-sobre-impactes-adaptacio-vulnerabilitat\/","title":{"rendered":"5\u00e8 Informe de l\u2019IPCC (IPCC-AR5) sobre Impactes, Adaptaci\u00f3 i Vulnerabilitat"},"content":{"rendered":"\n<p><strong>PUBLICADA EL 03\/04\/2014<\/strong><\/p>\n\n\n\n<p>Dilluns 31 de mar\u00e7 a Yokohama (Jap\u00f3) es va presentar i aprovar el&nbsp;<b>cap\u00edtol d\u2019Impactes, Adaptaci\u00f3 i Vulnerabilitat<\/b>&nbsp;de l\u2019\u00faltim informe del Grup Intergovernamental d\u2019Experts sobre el Canvi Clim\u00e0tic de les Nacions Unides (GIECC o IPCC, en les seves sigles en angl\u00e8s,<i>Integovernmental Panel on Climate Change<\/i>).<\/p>\n\n\n\n<p>L\u2019<strong>IPCC<\/strong>&nbsp;\u00e9s l\u2019organisme encarregat d\u2019analitzar a nivell mundial, de forma exhaustiva, objectiva, oberta i transparent, la informaci\u00f3 cient\u00edfica, t\u00e8cnica i socioecon\u00f2mica rellevant per entendre els elements cient\u00edfics del risc que suposa el canvi clim\u00e0tic provocat per les activitats humanes, les seves possibles repercussions i les possibilitats d\u2019adaptaci\u00f3 i atenuaci\u00f3 del mateix. Les an\u00e0lisis i conclusions d\u2019aquest grup d\u2019experts internacional es redacten en un informe que s\u2019elabora aproximadament cada set anys i que consta de tres parts o grups de treball:<\/p>\n\n\n\n<p><b>1.&nbsp;La Base Cient\u00edfica&nbsp;<\/b>(veure <a href=\"https:\/\/www.meteo.cat\/wpweb\/divulgacio\/publicacions\/miscellania\/5e-informe-de-lipcc-ipcc-ar5\/\" target=\"_blank\" rel=\"noreferrer noopener\">entrada anterior<\/a> en aquest apartat)<\/p>\n\n\n\n<p><b>2.&nbsp;<\/b><b>Impactes, Adaptaci\u00f3 i Vulnerabilitat<\/b><\/p>\n\n\n\n<p><b>3. Mitigaci\u00f3 del Canvi Clim\u00e0tic<\/b><\/p>\n\n\n\n<p>Aquesta&nbsp;<b>segona part de l\u2019IPCC-AR5<\/b>&nbsp;identifica els col\u00b7lectius, sectors i ecosistemes m\u00e9s vulnerables als impactes produ\u00efts pel canvi clim\u00e0tic. Tamb\u00e9 defineix qu\u00e8 poden fer els governs per adaptar-se als impactes previstos i reduir les seves vulnerabilitats. S\u2019estima que el risc degut a un clima canviant prov\u00e9 de dos factors: la vulnerabilitat (manca de preparaci\u00f3 i exposici\u00f3 de persones o b\u00e9ns) i el perill (ocurr\u00e8ncia d\u2019episodis extrems). Cadascun d\u2019aquests dos components ha de ser un objectiu primordial per a desenvolupar accions encaminades a disminuir el risc.<\/p>\n\n\n\n<p>Ja s\u2019han observat impactes deguts al canvi clim\u00e0tic a l\u2019agricultura, la salut humana, els ecosistemes de la terra, els oceans i el subministrament d\u2019aigua. La caracter\u00edstica m\u00e9s destacada dels impactes observats \u00e9s que s\u2019estan produint des dels tr\u00f2pics fins als pols, de les illes petites als grans continents i dels pa\u00efsos m\u00e9s rics als m\u00e9s pobres.<\/p>\n\n\n\n<p>En els propers decennis el canvi clim\u00e0tic tindr\u00e0 repercussions principalment negatives en molts \u00e0mbits: les ciutats, les infraestructures, les migracions, els ecosistemes, les esp\u00e8cies, els cultius, la seguretat aliment\u00e0ria, la salut p\u00fablica i el subministrament d\u2019aigua entre d\u2019altres. A nivell global, serem testimonis d\u2019una major acidificaci\u00f3 de l\u2019oce\u00e0, sequeres m\u00e9s extremes, major freq\u00fc\u00e8ncia d\u2019inundacions i onades de calor.<\/p>\n\n\n\n<p>La seg\u00fcent figura (adaptada de l\u2019informe que s\u2019acaba de presentar) mostra com el&nbsp;<b>nivell addicional de risc degut al canvi clim\u00e0tic augmenta amb l\u2019escalfament projectat de la temperatura global<\/b>&nbsp;(imatge de la dreta). La imatge de l\u2019esquerra mostra el rang &nbsp;projectat d\u2019augment de la temperatura global per al segle XXI segons el escenaris d\u2019emissions emprats a l\u2019IPCC-AR5 (Escenaris RCP).<\/p>\n\n\n\n<div class=\"wp-block-image\"><figure class=\"aligncenter\"><a href=\"https:\/\/farm8.staticflickr.com\/7358\/13597212095_b63ac0834e_o.jpg\"><img src=\"https:\/\/farm8.staticflickr.com\/7358\/13597212095_842c4d9ddc.jpg\" alt=\"Nivell addicional de risc degut al canvi clim\u00e0tic augmenta amb l'escalfament projectat de la temperatura global. I rang  projectat d'augment de la temperatura global per al segle XXI segons el escenaris d\u2019emissions emprats a l\u2019IPCC-AR5. (obre imatge gran)\"\/><\/a><\/figure><\/div>\n\n\n\n<p>Es pot trobar m\u00e9s informaci\u00f3 en el document de s\u00edntesi per als responsables pol\u00edtics (<a href=\"http:\/\/iehost.net\/pdf\/IPCC_WG2AR5_SPM_Approved.pdf\" target=\"_blank\" rel=\"noreferrer noopener\">enlla\u00e7<\/a>, en angl\u00e8s).<\/p>\n","protected":false},"excerpt":{"rendered":"<p>PUBLICADA EL 03\/04\/2014 Dilluns 31 de mar\u00e7 a Yokohama (Jap\u00f3) es va presentar i aprovar el&nbsp;cap\u00edtol d\u2019Impactes, Adaptaci\u00f3 i Vulnerabilitat&nbsp;de l\u2019\u00faltim informe del Grup Intergovernamental d\u2019Experts sobre el Canvi Clim\u00e0tic de les Nacions Unides (GIECC o IPCC, en les seves sigles en angl\u00e8s,Integovernmental Panel on Climate Change). L\u2019IPCC&nbsp;\u00e9s l\u2019organisme encarregat d\u2019analitzar a nivell mundial, de [&hellip;]<\/p>\n","protected":false},"author":7,"featured_media":0,"parent":18378,"menu_order":0,"comment_status":"open","ping_status":"closed","template":"template-sidebar.php","meta":{"_mi_skip_tracking":false,"_monsterinsights_sitenote_active":false,"_monsterinsights_sitenote_note":"","_monsterinsights_sitenote_category":0},"_links":{"self":[{"href":"https:\/\/www.meteo.cat\/wpweb\/wp-json\/wp\/v2\/pages\/18084"}],"collection":[{"href":"https:\/\/www.meteo.cat\/wpweb\/wp-json\/wp\/v2\/pages"}],"about":[{"href":"https:\/\/www.meteo.cat\/wpweb\/wp-json\/wp\/v2\/types\/page"}],"author":[{"embeddable":true,"href":"https:\/\/www.meteo.cat\/wpweb\/wp-json\/wp\/v2\/users\/7"}],"replies":[{"embeddable":true,"href":"https:\/\/www.meteo.cat\/wpweb\/wp-json\/wp\/v2\/comments?post=18084"}],"version-history":[{"count":7,"href":"https:\/\/www.meteo.cat\/wpweb\/wp-json\/wp\/v2\/pages\/18084\/revisions"}],"predecessor-version":[{"id":33889,"href":"https:\/\/www.meteo.cat\/wpweb\/wp-json\/wp\/v2\/pages\/18084\/revisions\/33889"}],"up":[{"embeddable":true,"href":"https:\/\/www.meteo.cat\/wpweb\/wp-json\/wp\/v2\/pages\/18378"}],"wp:attachment":[{"href":"https:\/\/www.meteo.cat\/wpweb\/wp-json\/wp\/v2\/media?parent=18084"}],"curies":[{"name":"wp","href":"https:\/\/api.w.org\/{rel}","templated":true}]}}