{"id":18060,"date":"2013-01-31T11:57:11","date_gmt":"2013-01-31T10:57:11","guid":{"rendered":"http:\/\/10.116.16.72\/test\/?p=576"},"modified":"2020-10-21T06:31:55","modified_gmt":"2020-10-21T06:31:55","slug":"escenaris-climatics-catalunya","status":"publish","type":"page","link":"https:\/\/www.meteo.cat\/wpweb\/divulgacio\/publicacions\/miscellania\/escenaris-climatics-catalunya\/","title":{"rendered":"Escenaris clim\u00e0tics amb alta resoluci\u00f3 a Catalunya"},"content":{"rendered":"\n<p><strong>PUBLICADA EL 31\/01\/2013<\/strong><\/p>\n\n\n\n<p>Durant els anys 2011 i 2012, una col\u00b7laboraci\u00f3 entre el Servei Meteorol\u00f2gic de Catalunya (SMC) i el Barcelona Supercomputing Center \u2013 Centro Nacional de Supercomputaci\u00f3n (BSC-CNS) ha perm\u00e8s&nbsp;desenvolupar el projecte ESCAT <em>(Generaci\u00f3 d&#8221;Escenaris Clim\u00e0tics amb Alta Resoluci\u00f3 per a Catalunya)<\/em>, i els resultats han complert el&nbsp;triple objectiu inicial:<\/p>\n\n\n\n<ul><li>generar projeccions clim\u00e0tiques de diferents variables meteorol\u00f2giques a una resoluci\u00f3 espacial de 10 km per a Catalunya;<\/li><li>avaluar la incertesa d\u2019aquestes projeccions (especialment per a la temperatura i la precipitaci\u00f3);<\/li><li>proporcionar informaci\u00f3 adient a l\u2019Oficina Catalana del Canvi Clim\u00e0tic (OCCC) per a l\u2019elaboraci\u00f3 i seguiment de l\u2019Estrat\u00e8gia Catalana d\u2019Adaptaci\u00f3 al Canvi Clim\u00e0tic 2013-2020.<\/li><\/ul>\n\n\n\n<p>At\u00e8s que en aquests tipus de projectes&nbsp;\u00e9s&nbsp;necessari disposar d\u2019un ampli ventall&nbsp;d\u2019escenaris clim\u00e0tics possibles, \u00e9s indispensable disposar d&#8221;una gran pot\u00e8ncia de c\u00e0lcul per poder fer, en un temps raonable,&nbsp;totes les simulacions a partir de les quals s\u2019obtenen les diferents projeccions clim\u00e0tiques. En el nostre cas,&nbsp;l\u2019\u00fas del superordinador Mare Nostrum (gestionat pel BSC-CNS) ha estat fonamental per obtenir els resultats de totes les simulacions amb un temps suficient per poder analitzar les projeccions i subministrar informaci\u00f3 a l\u2019OCCC. Nom\u00e9s com a curiositat, per generar totes les simulacions del projecte ESCAT s\u2019han utilitzat 1,62 milions d\u2019hores de \u201ccpu\u201d, que si nom\u00e9s s\u2019hagu\u00e9s disposat d\u2019una \u201ccpu\u201d (d\u2019un \u00fanic ordinador) equivaldrien a un temps de 185 anys. En comptes d\u2019aquests 185 anys de processament i c\u00e0lcul inform\u00e0tic, l\u2019\u00fas de 1280 processadors (\u201ccpu\u201d) en paral\u00b7lel del Mare Nostrum ha perm\u00e8s reduir el temps de c\u00e0lcul a menys de tres mesos, generant un volum d\u2019informaci\u00f3 que ocupa uns 15 TB d\u2019espai de disc.<\/p>\n\n\n\n<p>La t\u00e8cnica desenvolupada per obtenir els escenaris clim\u00e0tics de Catalunya a una resoluci\u00f3 de 10 km \u00e9s l\u2019anomenada regionalitzaci\u00f3 din\u00e0mica, en la qual es consideren els resultats proporcionats pels models de clim\u00e0tics globals (amb una resoluci\u00f3 de l\u2019ordre del centenar de km) com a condicions inicials i de contorn per a les simulacions amb els models d\u2019\u00e0rea limitada (que poden treballar a resolucions espacials molt m\u00e9s altes). Al projecte ESCAT s\u2019ha treballat amb dues simulacions del model global ECHAM5-MPIOM (desenvolupat al Max-Planck Institut f\u00fcr Meteorologie d\u2019Hamburg, i avaluat al quart informe de l\u2019IPCC publicat l\u2019any 2007) i amb el model d\u2019\u00e0rea limitada WRF (desenvolupat als Estats Units i emprat arreu del m\u00f3n, tamb\u00e9 a l\u2019SMC per donar suport a la predicci\u00f3 di\u00e0ria del temps). A m\u00e9s, per disposar d\u2019un major ventall de possibles projeccions per al segle XXI, s\u2019han executat les simulacions considerant tres possibles escenaris d\u2019emissions a l\u2019atmosfera de gasos amb efecte d\u2019hivernacle: escenari A2 (sever), escenari A1B (intermedi) i escenari B1 (moderat).<\/p>\n\n\n\n<p>El per\u00edode analitzat amb totes les simulacions \u00e9s 1971-2050, tenint en compte que el per\u00edode 1971-2000 ha servit per verificar la metodologia (comparant els resultats de les simulacions amb les dades registrades a Catalunya) i \u00e9s el per\u00edode de refer\u00e8ncia per donar els resultats projectats per al per\u00edode 2001-2050.<\/p>\n\n\n\n<p>Els principals resultats es poden consultar al document <a title=\"Resum executiu del projecte ESCAT\" href=\"https:\/\/static-m.meteo.cat\/wordpressweb\/wp-content\/uploads\/2018\/02\/20082728\/resum_executiu_ESCAT.pdf\" target=\"_blank\" rel=\"noopener noreferrer\"><strong>Resum executiu del projecte ESCAT<\/strong><\/a>, per\u00f2 tot seguit se n\u2019esmenten alguns dels principals:<\/p>\n\n\n\n<ol><li>Augment significatiu i robust de la temperatura mitjana anual a Catalunya durant el per\u00edode 2001-2050 respecte del valor mitj\u00e0 al per\u00edode de refer\u00e8ncia 1971-2000, amb una tend\u00e8ncia mitjana igual a 1,3\u00b0C en 50 anys.<\/li><li>Aquest augment de la temperatura mitjana anual a Catalunya segueix una relaci\u00f3 directa amb la latitud i l\u2019altitud, de manera que el m\u00e0xim augment s\u2019assoleix al Pirineu Occidental i el m\u00ednim s\u2019obt\u00e9 al litoral sud.<\/li><li>A escala estacional, en general s\u2019assoliria la variaci\u00f3 m\u00e0xima de temperatura a l\u2019estiu, mentre que la variaci\u00f3 m\u00ednima seria a l\u2019hivern.<\/li><li>Durant les properes d\u00e8cades hi hauria un augment de la probabilitat d\u2019ocurr\u00e8ncia dels mesos molt c\u00e0lids i poca variaci\u00f3 de la dels mesos molt freds. A m\u00e9s, per al mateix per\u00edode es projecta un augment del nombre de nits tropicals (dies amb temperatura m\u00ednima superior a 20\u00b0C) i una disminuci\u00f3 del nombre de dies de gla\u00e7ada (dies amb temperatura m\u00ednima igual o inferior a 0\u00b0C).<\/li><li>Les&nbsp;tend\u00e8ncies projectades per a la precipitaci\u00f3 mitjana anual presenten m\u00e9s incerteses, i&nbsp;depenen for\u00e7a de la simulaci\u00f3 considerada i de la zona geogr\u00e0fica. La tend\u00e8ncia mitjana considerant totes les simulacions \u00e9s -7,5% en 50 anys, per\u00f2 el rang de variaci\u00f3 m\u00e9s probable \u00e9s entre -10% i 5% en el mateix per\u00edode temporal.<\/li><li>Malgrat la incertesa comentada, es pot dir que la precipitaci\u00f3 mitjana anual tendeix a disminuir a gran part del territori, especialment al Pirineu Occidental, per\u00f2 a zones del litoral podria arribar a augmentar, sobretot al litoral nord. A m\u00e9s, la variabilitat interanual de la precipitaci\u00f3 durant el per\u00edode 2001-2050 seria m\u00e9s elevada que la registrada durant 1971-2000, especialment a la zona Litoral \u2013 Prelitoral.<\/li><li>Existeixen difer\u00e8ncies a escala estacional segons l\u2019escenari d\u2019emissions considerat, per\u00f2 la majoria de simulacions proporcionen un augment de la precipitaci\u00f3 a l\u2019hivern (sobretot al litoral) i una disminuci\u00f3 a la primavera. L\u2019estiu i la tardor presenten m\u00e9s incertesa.<\/li><li>Comparant els valors extrems de la precipitaci\u00f3 dels per\u00edodes 2011-2050 i 1971-2000, hi hauria un augment de la probabilitat de mesos secs i una disminuci\u00f3 de la de mesos plujosos. Ara b\u00e9, estudiant el comportament de les precipitacions di\u00e0ries m\u00e0ximes, es projecta a Catalunya un augment en la probabilitat d\u2019episodis de precipitaci\u00f3 extrema (superior als 200 mm en 24 hores), malgrat aquesta probabilitat continuaria essent baixa.<\/li><li>L&#8221;an\u00e0lisi dels \u00edndexs clim\u00e0tics relacionats amb la precipitaci\u00f3 no mostra tend\u00e8ncies molt clares, per\u00f2 es pot destacar un augment de la longitud m\u00e0xima de la ratxa seca (LMRS, nombre m\u00e0xim de dies consecutius en un any amb precipitaci\u00f3 inferior a 1,0 mm).<\/li><li>Disminuci\u00f3 lleugera de la velocitat del vent mitjana anual durant el per\u00edode 2001-2050 respecte del valor de 1971-2000. La tend\u00e8ncia mitjana considerant totes les simulacions \u00e9s -2,7% en 50 anys.<\/li><\/ol>\n\n\n\n<p>A partir dels resultats del projecte ESCAT, \u00e9s d&#8221;esperar que es produeixin impactes significatius en diversos \u00e0mbits del pa\u00eds, com una reducci\u00f3 dels recursos h\u00eddrics, de la cobertura de neu a l&#8221;hivern i del potencial de generaci\u00f3 el\u00e8ctrica d&#8221;origen e\u00f2lic, aix\u00ed com un augment del risc d\u2019incendis forestals. Ara b\u00e9, \u00e9s feina de tots entendre aquests possibles impactes i treballar per mitigar les seves conseq\u00fc\u00e8ncies i&nbsp;per adaptar-nos-hi, si s&#8221;escau.<\/p>\n","protected":false},"excerpt":{"rendered":"<p>PUBLICADA EL 31\/01\/2013 Durant els anys 2011 i 2012, una col\u00b7laboraci\u00f3 entre el Servei Meteorol\u00f2gic de Catalunya (SMC) i el Barcelona Supercomputing Center \u2013 Centro Nacional de Supercomputaci\u00f3n (BSC-CNS) ha perm\u00e8s&nbsp;desenvolupar el projecte ESCAT (Generaci\u00f3 d&#8221;Escenaris Clim\u00e0tics amb Alta Resoluci\u00f3 per a Catalunya), i els resultats han complert el&nbsp;triple objectiu inicial: generar projeccions clim\u00e0tiques de [&hellip;]<\/p>\n","protected":false},"author":7,"featured_media":0,"parent":18378,"menu_order":0,"comment_status":"open","ping_status":"open","template":"template-sidebar.php","meta":{"_mi_skip_tracking":false,"_monsterinsights_sitenote_active":false,"_monsterinsights_sitenote_note":"","_monsterinsights_sitenote_category":0},"_links":{"self":[{"href":"https:\/\/www.meteo.cat\/wpweb\/wp-json\/wp\/v2\/pages\/18060"}],"collection":[{"href":"https:\/\/www.meteo.cat\/wpweb\/wp-json\/wp\/v2\/pages"}],"about":[{"href":"https:\/\/www.meteo.cat\/wpweb\/wp-json\/wp\/v2\/types\/page"}],"author":[{"embeddable":true,"href":"https:\/\/www.meteo.cat\/wpweb\/wp-json\/wp\/v2\/users\/7"}],"replies":[{"embeddable":true,"href":"https:\/\/www.meteo.cat\/wpweb\/wp-json\/wp\/v2\/comments?post=18060"}],"version-history":[{"count":5,"href":"https:\/\/www.meteo.cat\/wpweb\/wp-json\/wp\/v2\/pages\/18060\/revisions"}],"predecessor-version":[{"id":29264,"href":"https:\/\/www.meteo.cat\/wpweb\/wp-json\/wp\/v2\/pages\/18060\/revisions\/29264"}],"up":[{"embeddable":true,"href":"https:\/\/www.meteo.cat\/wpweb\/wp-json\/wp\/v2\/pages\/18378"}],"wp:attachment":[{"href":"https:\/\/www.meteo.cat\/wpweb\/wp-json\/wp\/v2\/media?parent=18060"}],"curies":[{"name":"wp","href":"https:\/\/api.w.org\/{rel}","templated":true}]}}