{"id":1793,"date":"2014-11-25T10:45:31","date_gmt":"2014-11-25T10:45:31","guid":{"rendered":"http:\/\/\/wpweb\/?page_id=1793"},"modified":"2020-10-29T09:00:14","modified_gmt":"2020-10-29T09:00:14","slug":"mesura-de-la-temperatura-i-la-humitat","status":"publish","type":"page","link":"https:\/\/www.meteo.cat\/wpweb\/divulgacio\/equipaments-meteorologics\/estacions-meteorologiques-automatiques\/funcionament-ema\/mesura-de-la-temperatura-i-la-humitat\/","title":{"rendered":"Mesura de la temperatura i la humitat"},"content":{"rendered":"\n<h2><span style=\"font-size: 1.2em;font-weight: 600\">Mesura de la temperatura<\/span><\/h2>\n\n\n\n<p>Per a la mesura de la temperatura s&#8217;aprofiten les propietats de certes resist\u00e8ncies, les quals varien el seu valor en funci\u00f3 de la temperatura de manera m\u00e9s o menys lineal. El m\u00e9s habitual \u00e9s utilitzar resist\u00e8ncies de materials conductors (termoresist\u00e8ncies) i semiconductors (termistors).<\/p>\n\n\n\n<p>Per obtenir la temperatura la major part de sensors meteorol\u00f2gics no mesuren directament el valor d&#8217;aquesta resist\u00e8ncia, sin\u00f3 que la calcul\u00b7len de manera indirecta aplicant-hi una petita intensitat (de l&#8217;ordre de mA) per obtenir un valor de voltatge proporcional a la temperatura (0 -1 V de -40\u00b0C a + 60\u00b0C, per exemple) a partir de la Llei d&#8217;Ohm (V = R * I).<\/p>\n\n\n\n<p>Molts dels sensors meteorol\u00f2gics es construeixen amb termoresist\u00e8ncies, i el metall m\u00e9s utilitzat \u00e9s el plat\u00ed, gr\u00e0cies a les seves m\u00faltiples virtuts: estable, prec\u00eds, lineal, f\u00e0cil d&#8217;obtenir de forma pura, d\u00factil, amb un punt de fusi\u00f3 alt i resistent a la corrosi\u00f3. La denominaci\u00f3 de les resist\u00e8ncies de plat\u00ed \u00e9s PtX, on Pt \u00e9s el s\u00edmbol qu\u00edmic del plat\u00ed i X el valor de la resist\u00e8ncia en ohms a 0\u00b0C. Una Pt100, doncs, \u00e9s una resist\u00e8ncia de plat\u00ed amb un valor nominal de 100 ohms a 0\u00b0C.<\/p>\n\n\n\n<div class=\"wp-block-image\"><figure class=\"aligncenter\"><a href=\"https:\/\/static-m.meteo.cat\/wordpressweb\/wp-content\/uploads\/2014\/11\/25104531\/mesures_temperatura_1.jpg\"><img loading=\"lazy\" width=\"565\" height=\"116\" src=\"https:\/\/static-m.meteo.cat\/wordpressweb\/wp-content\/uploads\/2014\/11\/25104531\/mesures_temperatura_1.jpg\" alt=\"Esquema del funcionament d'una termoresist\u00e8ncia\" class=\"wp-image-2196\" \/><\/a><\/figure><\/div>\n\n\n\n<div class=\"wp-block-image\"><figure class=\"aligncenter\"><a href=\"https:\/\/static-m.meteo.cat\/wordpressweb\/wp-content\/uploads\/2014\/11\/25104531\/mesures_temperatura_2.jpg\"><img loading=\"lazy\" width=\"134\" height=\"99\" src=\"https:\/\/static-m.meteo.cat\/wordpressweb\/wp-content\/uploads\/2014\/11\/25104531\/mesures_temperatura_2.jpg\" alt=\"Sonda per mesurar la temperatura\" class=\"wp-image-2197\" \/><\/a><figcaption>Pico Technology<\/figcaption><\/figure><\/div>\n\n\n\n<h2><span style=\"font-size: 1.2em;font-weight: 600\">Mesura de la humitat relativa<\/span><\/h2>\n\n\n\n<div class=\"wp-block-image\"><figure class=\"aligncenter\"><a href=\"https:\/\/static-m.meteo.cat\/wordpressweb\/wp-content\/uploads\/2014\/11\/25104531\/mesures_humitat_relativa_1.jpg\"><img loading=\"lazy\" width=\"66\" height=\"75\" src=\"https:\/\/static-m.meteo.cat\/wordpressweb\/wp-content\/uploads\/2014\/11\/25104531\/mesures_humitat_relativa_1.jpg\" alt=\"Sensors per mesurar la humitat relativa\" class=\"wp-image-2199\" \/><\/a><figcaption>Sensor capacitiu HUMICAP\u00ae de Vaisala<\/figcaption><\/figure><\/div>\n\n\n\n<p>Els sensors meteorol\u00f2gics es basen normalment en les variacions de les propietats diel\u00e8ctriques d&#8217;un material s\u00f2lid, higrosc\u00f2pic, en funci\u00f3 de la humitat relativa.<\/p>\n\n\n\n<p>La part sensible del sensor consisteix en una fina fulla pol\u00edmera disposada entre dos el\u00e8ctrodes formant un condensador. L&#8217;absorci\u00f3 de vapor d&#8217;aigua per part del pol\u00edmer fa variar la seva capacit\u00e0ncia; major en augmentar la humitat relativa.<\/p>\n\n\n\n<p>La mesura del sensor s&#8217;acostuma a realitzar a trav\u00e9s d&#8217;un circuit electr\u00f2nic que converteix el valor de capacit\u00e0ncia en freq\u00fc\u00e8ncia, i posteriorment en un valor de voltatge proporcional a la humitat relativa ( 0 \u2013 1 V de 0 \u2013 100% , per exemple).<\/p>\n\n\n\n<div class=\"wp-block-image\"><figure class=\"aligncenter\"><a href=\"https:\/\/static-m.meteo.cat\/wordpressweb\/wp-content\/uploads\/2014\/11\/25104531\/mesures_humitat_relativa_2.jpg\"><img loading=\"lazy\" width=\"570\" height=\"105\" src=\"https:\/\/static-m.meteo.cat\/wordpressweb\/wp-content\/uploads\/2014\/11\/25104531\/mesures_humitat_relativa_2.jpg\" alt=\"Esquema de funcionament de mesura de la humitat relativa\" class=\"wp-image-2200\" \/><\/a><\/figure><\/div>\n\n\n\n<h2><span style=\"font-size: 1.2em;font-weight: 600\">La import\u00e0ncia de l&#8217;abric meteorol\u00f2gic<\/span><\/h2>\n\n\n\n<p>La temperatura i la humitat relativa de l&#8217;aire es mesuren dins d&#8217;un abric meteorol\u00f2gic i a una al\u00e7ada d&#8217;entre 1.25 i 2 metres del s\u00f2l.<\/p>\n\n\n\n<p>\u00c9s molt important protegir els sensors de temperatura i humitat relativa de les diverses condicions atmosf\u00e8riques: pluja, radiaci\u00f3, neu, vent, etc. Amb aquest prop\u00f2sit existeix un ampli ventall d&#8217;abrics meteorol\u00f2gics, des de la g\u00e0bia de fusta (o de pl\u00e0stic) de doble persiana habitual en les estacions manuals, fins als abrics de platets de termopl\u00e0stic o els abrics aspirats, amb circulaci\u00f3 d&#8217;aire for\u00e7ada, utilitzats en la major part d&#8217;estacions autom\u00e0tiques.<\/p>\n\n\n\n<p>En tots els casos l&#8217;objectiu dels abrics \u00e9s el de protegir els sensors de manera que les condicions de temperatura i humitat dins d&#8217;aquests siguin tan semblants com sigui possible a les exteriors. En qualsevol cas, les respostes dels diversos abrics mai no seran les mateixes, malgrat que el seu coneixement i estudi ens permeti minimitzar les seves difer\u00e8ncies.<\/p>\n\n\n\n<div class=\"wp-block-image\"><figure class=\"aligncenter\"><a href=\"https:\/\/static-m.meteo.cat\/wordpressweb\/wp-content\/uploads\/2014\/11\/25104531\/abric_meteorologic1.jpg\"><img loading=\"lazy\" width=\"450\" height=\"170\" src=\"https:\/\/static-m.meteo.cat\/wordpressweb\/wp-content\/uploads\/2014\/11\/25104531\/abric_meteorologic1.jpg\" alt=\"Exemples d'abrics meteorol\u00f2gics\" class=\"wp-image-2201\" \/><\/a><\/figure><\/div>\n","protected":false},"excerpt":{"rendered":"<p>Mesura de la temperatura Per a la mesura de la temperatura s&#8217;aprofiten les propietats de certes resist\u00e8ncies, les quals varien el seu valor en funci\u00f3 de la temperatura de manera m\u00e9s o menys lineal. El m\u00e9s habitual \u00e9s utilitzar resist\u00e8ncies de materials conductors (termoresist\u00e8ncies) i semiconductors (termistors). Per obtenir la temperatura la major part de [&hellip;]<\/p>\n","protected":false},"author":4,"featured_media":0,"parent":1769,"menu_order":1,"comment_status":"closed","ping_status":"open","template":"template-sidebar.php","meta":{"_mi_skip_tracking":false,"_monsterinsights_sitenote_active":false,"_monsterinsights_sitenote_note":"","_monsterinsights_sitenote_category":0},"_links":{"self":[{"href":"https:\/\/www.meteo.cat\/wpweb\/wp-json\/wp\/v2\/pages\/1793"}],"collection":[{"href":"https:\/\/www.meteo.cat\/wpweb\/wp-json\/wp\/v2\/pages"}],"about":[{"href":"https:\/\/www.meteo.cat\/wpweb\/wp-json\/wp\/v2\/types\/page"}],"author":[{"embeddable":true,"href":"https:\/\/www.meteo.cat\/wpweb\/wp-json\/wp\/v2\/users\/4"}],"replies":[{"embeddable":true,"href":"https:\/\/www.meteo.cat\/wpweb\/wp-json\/wp\/v2\/comments?post=1793"}],"version-history":[{"count":5,"href":"https:\/\/www.meteo.cat\/wpweb\/wp-json\/wp\/v2\/pages\/1793\/revisions"}],"predecessor-version":[{"id":29700,"href":"https:\/\/www.meteo.cat\/wpweb\/wp-json\/wp\/v2\/pages\/1793\/revisions\/29700"}],"up":[{"embeddable":true,"href":"https:\/\/www.meteo.cat\/wpweb\/wp-json\/wp\/v2\/pages\/1769"}],"wp:attachment":[{"href":"https:\/\/www.meteo.cat\/wpweb\/wp-json\/wp\/v2\/media?parent=1793"}],"curies":[{"name":"wp","href":"https:\/\/api.w.org\/{rel}","templated":true}]}}