{"id":1769,"date":"2014-11-25T10:41:27","date_gmt":"2014-11-25T10:41:27","guid":{"rendered":"http:\/\/\/wpweb\/?page_id=1769"},"modified":"2020-10-29T08:56:50","modified_gmt":"2020-10-29T08:56:50","slug":"funcionament-ema","status":"publish","type":"page","link":"https:\/\/www.meteo.cat\/wpweb\/divulgacio\/equipaments-meteorologics\/estacions-meteorologiques-automatiques\/funcionament-ema\/","title":{"rendered":"Funcionament de les EMA"},"content":{"rendered":"\n<h2>La import\u00e0ncia del manteniment de les EMA i del seu calibratge<\/h2>\n\n\n\n<p>Segons l&#8217;Organitzaci\u00f3 Meteorol\u00f2gica Mundial (WMO) es pot definir una Estaci\u00f3 Meteorol\u00f2gica Autom\u00e0tica (EMA) com una estaci\u00f3 en la qual els instruments efectuen i transmeten o enregistren autom\u00e0ticament les observacions, realitzant directament, en cas necessari, la conversi\u00f3 a la clau corresponent, o b\u00e9 realitzant-se aquesta en una estaci\u00f3 transcriptora.<\/p>\n\n\n\n<p>En general, doncs, una EMA consisteix en un sistema d&#8217;adquisici\u00f3, processament i emmagatzematge de dades (freq\u00fcentment s&#8217;usa la terminologia anglesa i s&#8217;anomena <em>datalogger<\/em>), una s\u00e8rie de sensors per mesurar diverses variables meteorol\u00f2giques, un sistema de comunicacions (via m\u00f2dem, r\u00e0dio, sat\u00e8l\u00b7lit, etc) i un sistema d&#8217;alimentaci\u00f3 (que pot ser aut\u00f2nom i abastir-se d&#8217;energia solar, o estar connectat a la xarxa el\u00e8ctrica).<\/p>\n\n\n\n<p>El sensors que incorpora una EMA depenen b\u00e0sicament de l&#8217;aplicaci\u00f3 que es vulgui donar a l&#8217;estaci\u00f3. Existeixen sensors for\u00e7a espec\u00edfics, com el d&#8217;humectaci\u00f3 (aplicacions agrometeorol\u00f2giques) o el de gruix de neu (nivol\u00f2giques), i d&#8217;altres de m\u00e9s generals, com el de temperatura ambient o el d&#8217;humitat relativa.<\/p>\n\n\n\n<figure class=\"wp-block-image\"><a href=\"https:\/\/static-m.meteo.cat\/wordpressweb\/wp-content\/uploads\/2014\/11\/25104127\/funcionament_ema1.jpg\"><img loading=\"lazy\" width=\"600\" height=\"270\" src=\"https:\/\/static-m.meteo.cat\/wordpressweb\/wp-content\/uploads\/2014\/11\/25104127\/funcionament_ema1.jpg\" alt=\"Esquema de funcionament d'una estaci\u00f3 meteorol\u00f2gica\" class=\"wp-image-2194\" \/><\/a><\/figure>\n\n\n\n<div style=\"height:50px\" aria-hidden=\"true\" class=\"wp-block-spacer\"><\/div>\n\n\n\n<h2>Els sensors m\u00e9s utilitzats a les EMA<\/h2>\n\n\n<ul class=\"parent-page-menu\"><li class=\"page_item page-item-1793\"><a href=\"https:\/\/www.meteo.cat\/wpweb\/divulgacio\/equipaments-meteorologics\/estacions-meteorologiques-automatiques\/funcionament-ema\/mesura-de-la-temperatura-i-la-humitat\/\">Mesura de la temperatura i la humitat<\/a><\/li>\n<li class=\"page_item page-item-1795\"><a href=\"https:\/\/www.meteo.cat\/wpweb\/divulgacio\/equipaments-meteorologics\/estacions-meteorologiques-automatiques\/funcionament-ema\/mesura-de-la-direccio-i-la-velocitat-del-vent\/\">Mesura de la direcci\u00f3 i la velocitat del vent<\/a><\/li>\n<li class=\"page_item page-item-1797\"><a href=\"https:\/\/www.meteo.cat\/wpweb\/divulgacio\/equipaments-meteorologics\/estacions-meteorologiques-automatiques\/funcionament-ema\/mesura-de-la-pressio-atmosferica\/\">Mesura de la pressi\u00f3 atmosf\u00e8rica<\/a><\/li>\n<li class=\"page_item page-item-1800\"><a href=\"https:\/\/www.meteo.cat\/wpweb\/divulgacio\/equipaments-meteorologics\/estacions-meteorologiques-automatiques\/funcionament-ema\/mesura-de-la-precipitacio\/\">Mesura de la precipitaci\u00f3<\/a><\/li>\n<li class=\"page_item page-item-1802\"><a href=\"https:\/\/www.meteo.cat\/wpweb\/divulgacio\/equipaments-meteorologics\/estacions-meteorologiques-automatiques\/funcionament-ema\/mesura-de-la-radiacio-solar-global\/\">Mesura de la radiaci\u00f3 solar global<\/a><\/li>\n<\/ul>\n","protected":false},"excerpt":{"rendered":"<p>La import\u00e0ncia del manteniment de les EMA i del seu calibratge Segons l&#8217;Organitzaci\u00f3 Meteorol\u00f2gica Mundial (WMO) es pot definir una Estaci\u00f3 Meteorol\u00f2gica Autom\u00e0tica (EMA) com una estaci\u00f3 en la qual els instruments efectuen i transmeten o enregistren autom\u00e0ticament les observacions, realitzant directament, en cas necessari, la conversi\u00f3 a la clau corresponent, o b\u00e9 realitzant-se aquesta [&hellip;]<\/p>\n","protected":false},"author":4,"featured_media":0,"parent":142,"menu_order":2,"comment_status":"closed","ping_status":"open","template":"","meta":{"_mi_skip_tracking":false,"_monsterinsights_sitenote_active":false,"_monsterinsights_sitenote_note":"","_monsterinsights_sitenote_category":0},"_links":{"self":[{"href":"https:\/\/www.meteo.cat\/wpweb\/wp-json\/wp\/v2\/pages\/1769"}],"collection":[{"href":"https:\/\/www.meteo.cat\/wpweb\/wp-json\/wp\/v2\/pages"}],"about":[{"href":"https:\/\/www.meteo.cat\/wpweb\/wp-json\/wp\/v2\/types\/page"}],"author":[{"embeddable":true,"href":"https:\/\/www.meteo.cat\/wpweb\/wp-json\/wp\/v2\/users\/4"}],"replies":[{"embeddable":true,"href":"https:\/\/www.meteo.cat\/wpweb\/wp-json\/wp\/v2\/comments?post=1769"}],"version-history":[{"count":8,"href":"https:\/\/www.meteo.cat\/wpweb\/wp-json\/wp\/v2\/pages\/1769\/revisions"}],"predecessor-version":[{"id":29699,"href":"https:\/\/www.meteo.cat\/wpweb\/wp-json\/wp\/v2\/pages\/1769\/revisions\/29699"}],"up":[{"embeddable":true,"href":"https:\/\/www.meteo.cat\/wpweb\/wp-json\/wp\/v2\/pages\/142"}],"wp:attachment":[{"href":"https:\/\/www.meteo.cat\/wpweb\/wp-json\/wp\/v2\/media?parent=1769"}],"curies":[{"name":"wp","href":"https:\/\/api.w.org\/{rel}","templated":true}]}}