{"id":1662,"date":"2014-11-21T09:16:14","date_gmt":"2014-11-21T09:16:14","guid":{"rendered":"http:\/\/\/wpweb\/?page_id=1662"},"modified":"2025-04-28T08:28:25","modified_gmt":"2025-04-28T08:28:25","slug":"els-nuvols-especials-i-particularitats-suplementaries-dalguns-generes","status":"publish","type":"page","link":"https:\/\/www.meteo.cat\/wpweb\/divulgacio\/equipaments-meteorologics\/observadors-meteorologics\/manual-de-lobservador\/generes-de-nuvols\/els-nuvols-especials-i-particularitats-suplementaries-dalguns-generes\/","title":{"rendered":"Els n\u00favols especials i particularitats suplement\u00e0ries d&#8217;alguns g\u00e8neres"},"content":{"rendered":"\n<p>Els tipus de n\u00favols que es defineixen a continuaci\u00f3 els ha d\u2019anotar l\u2019observador en un dels 10 g\u00e8neres ja definits, triant el que sigui m\u00e9s similar o amb el que sigui associat, tot i que cal anotar com a observaci\u00f3 el seu origen o caracter\u00edstica espec\u00edfica.<\/p>\n\n\n\n<table class=\"sortable uvi\" border=\"1\">\n<thead>\n<tr>\n<th class=\"w10\" scope=\"col\">Tipus<\/th>\n<th class=\"w10\" scope=\"col\">Caracter\u00edstiques<\/th>\n<\/tr>\n<\/thead>\n<tbody>\n<tr class=\"odd\">\n<td rowspan=\"3\">N\u00favols nacrats<\/td>\n<td>S\u2019assemblen als cirrus i altoc\u00famulus lenticulars, per\u00f2 es troben a major altura (entre 21 i 30 km, aproximadament).<\/td>\n<\/tr>\n<tr class=\"odd\">\n<td>Tenen una coloraci\u00f3 blanca intensa i opaca amb irisacions molt marcades, com el nacre.<\/td>\n<\/tr>\n<tr class=\"odd\">\n<td>S\u00f3n molt rars i nom\u00e9s s\u2019han vist a l\u2019hemisferi nord i&nbsp; en latituds superiors a les nostres.<\/td>\n<\/tr>\n<tr class=\"even\">\n<td rowspan=\"2\">N\u00favols noctilucents<\/td>\n<td>Semblen cirrus molt prims, amb matisos blavosos o platejats, de vegades ataronjats o vermellosos, per\u00f2 destacant sobre el fons fosc del cel nocturn.<\/td>\n<\/tr>\n<tr class=\"even\">\n<td>Es troben a al\u00e7ades entre 75 i 90 km i s\u00f3n visibles rarament, normalment a l\u2019hemisferi nord i a latituds per sobre de Catalunya.<\/td>\n<\/tr>\n<tr class=\"odd\">\n<td rowspan=\"3\">Deixants de condensaci\u00f3<\/td>\n<td>Es tracta de n\u00favols que es formen com a rastre del avions a reacci\u00f3 quan l\u2019aire all\u00e0 per on passen est\u00e0 prou fred i humit. S\u00f3n deguts a la refrigeraci\u00f3 dels gasos d\u2019escapament que tenen un alt contingut de vapor d\u2019aigua.<\/td>\n<\/tr>\n<tr class=\"odd\">\n<td>En volar els avions habitualment per sobre dels 6.000 metres, es formen a l\u2019altura dels n\u00favols alts, amb els quals es poden confondre. S\u2019han d\u2019anotar amb el nom del g\u00e8nere de n\u00favol alt que m\u00e9s s\u2019assemblin.<\/td>\n<\/tr>\n<tr class=\"odd\">\n<td>Poden donar lloc a fen\u00f2mens d\u2019halo.<\/td>\n<\/tr>\n<tr class=\"even\">\n<td rowspan=\"2\">N\u00favols d\u2019incendis o piroc\u00famulus<\/td>\n<td>S\u00f3n n\u00favols densos, foscos, de r\u00e0pida formaci\u00f3 i sovint de marcat desenvolupament vertical originats pels productes de combusti\u00f3 de grans incendis.<\/td>\n<\/tr>\n<tr class=\"even\">\n<td>El seu aspecte \u00e9s molt similar als c\u00famulus, per\u00f2 habitualment for\u00e7a m\u00e9s foscos.<\/td>\n<\/tr>\n<tr class=\"odd\">\n<td rowspan=\"2\">N\u00favols d\u2019erupcions volc\u00e0niques<\/td>\n<td>Constitu\u00efts per part\u00edcules s\u00f2lides de diverses grand\u00e0ries, sovint contenen gran quantitat de vapor d\u2019aigua i produeixen precipitacions.<\/td>\n<\/tr>\n<tr class=\"odd\">\n<td>En formar-se, tenen un aspecte de n\u00favols cumuliformes de r\u00e0pid desenvolupament. Amb el temps, a les grans erupcions, arriben a estratificar-se a grans altures i romandre for\u00e7a temps, ocupant amplis territoris.<\/td>\n<\/tr>\n<tr class=\"even\">\n<td rowspan=\"2\">Mammatus<\/td>\n<td>N\u00favols que presenten bases amb formes arrodonides, nombroses, penjants i de grand\u00e0ria similar.<\/td>\n<\/tr>\n<tr class=\"even\">\n<td>Es presenten en moltes esp\u00e8cies de n\u00favols, m\u00e9s habitualment amb cumulonimbus i tamb\u00e9, per\u00f2, amb estratoc\u00famulus, c\u00famulus de gran desenvolupament&nbsp; i cirrus.<\/td>\n<\/tr>\n<tr class=\"odd\">\n<td rowspan=\"2\">Fractoestratus<\/td>\n<td>Fragments irregulars de n\u00favol, procedents de n\u00favols estratificats. Aquest nom es reserva sempre per a fragments de n\u00favols baixos.<\/td>\n<\/tr>\n<tr class=\"odd\">\n<td>Van associats a processos de forta inestabilitat en cumulonimbus o nimboestratus i tamb\u00e9 a situacions en qu\u00e8 els n\u00favols s\u2019esvaeixen (amb estrats i estratoc\u00famulus), quan s\u2019evaporen per efecte de la radiaci\u00f3 solar i l\u2019estabilitat atmosf\u00e8rica.<\/td>\n<\/tr>\n<tr class=\"even\">\n<td rowspan=\"2\">Fractoc\u00famulus<\/td>\n<td>Fragments de n\u00favols molt irregulars, procedents de n\u00favols&nbsp; cumuliformes.<\/td>\n<\/tr>\n<tr class=\"even\">\n<td>Com en el cas dels <strong>fractoestratus<\/strong>, es considera un fractoc\u00famul nom\u00e9s quan es troba en el nivell baix.<\/td>\n<\/tr>\n<\/tbody>\n<\/table>\n\n\n\n<div class=\"wp-block-image\"><figure class=\"aligncenter\"><a href=\"https:\/\/static-m.meteo.cat\/wordpressweb\/wp-content\/uploads\/2014\/11\/21084223\/BIG_818015715022712_00.jpg\"><img loading=\"lazy\" width=\"700\" height=\"526\" src=\"https:\/\/static-m.meteo.cat\/wordpressweb\/wp-content\/uploads\/2014\/11\/21084223\/BIG_818015715022712_00.jpg\" alt=\"Mammatus\" class=\"wp-image-2950\"\/><\/a><figcaption>G\u00e8neres de n\u00favols Mammatus. Autor: Alfons Puertas<\/figcaption><\/figure><\/div>\n","protected":false},"excerpt":{"rendered":"<p>Els tipus de n\u00favols que es defineixen a continuaci\u00f3 els ha d\u2019anotar l\u2019observador en un dels 10 g\u00e8neres ja definits, triant el que sigui m\u00e9s similar o amb el que sigui associat, tot i que cal anotar com a observaci\u00f3 el seu origen o caracter\u00edstica espec\u00edfica. Tipus Caracter\u00edstiques N\u00favols nacrats S\u2019assemblen als cirrus i altoc\u00famulus [&hellip;]<\/p>\n","protected":false},"author":4,"featured_media":0,"parent":1326,"menu_order":0,"comment_status":"closed","ping_status":"open","template":"template-sidebar.php","meta":{"_mi_skip_tracking":false,"_monsterinsights_sitenote_active":false,"_monsterinsights_sitenote_note":"","_monsterinsights_sitenote_category":0},"_links":{"self":[{"href":"https:\/\/www.meteo.cat\/wpweb\/wp-json\/wp\/v2\/pages\/1662"}],"collection":[{"href":"https:\/\/www.meteo.cat\/wpweb\/wp-json\/wp\/v2\/pages"}],"about":[{"href":"https:\/\/www.meteo.cat\/wpweb\/wp-json\/wp\/v2\/types\/page"}],"author":[{"embeddable":true,"href":"https:\/\/www.meteo.cat\/wpweb\/wp-json\/wp\/v2\/users\/4"}],"replies":[{"embeddable":true,"href":"https:\/\/www.meteo.cat\/wpweb\/wp-json\/wp\/v2\/comments?post=1662"}],"version-history":[{"count":11,"href":"https:\/\/www.meteo.cat\/wpweb\/wp-json\/wp\/v2\/pages\/1662\/revisions"}],"predecessor-version":[{"id":43133,"href":"https:\/\/www.meteo.cat\/wpweb\/wp-json\/wp\/v2\/pages\/1662\/revisions\/43133"}],"up":[{"embeddable":true,"href":"https:\/\/www.meteo.cat\/wpweb\/wp-json\/wp\/v2\/pages\/1326"}],"wp:attachment":[{"href":"https:\/\/www.meteo.cat\/wpweb\/wp-json\/wp\/v2\/media?parent=1662"}],"curies":[{"name":"wp","href":"https:\/\/api.w.org\/{rel}","templated":true}]}}

Els núvols especials i particularitats suplementàries d&#8217;alguns gèneres

<p>Els tipus de núvols que es defineixen a continuació els ha d’anotar l’observador en un dels 10 gèneres ja definits, triant el que sigui més similar o amb el que sigui associat, tot i que cal anotar com a observació el seu origen o característica específica.</p>



<table class="sortable uvi" border="1">
<thead>
<tr>
<th class="w10" scope="col">Tipus</th>
<th class="w10" scope="col">Característiques</th>
</tr>
</thead>
<tbody>
<tr class="odd">
<td rowspan="3">Núvols nacrats</td>
<td>S’assemblen als cirrus i altocúmulus lenticulars, però es troben a major altura (entre 21 i 30 km, aproximadament).</td>
</tr>
<tr class="odd">
<td>Tenen una coloració blanca intensa i opaca amb irisacions molt marcades, com el nacre.</td>
</tr>
<tr class="odd">
<td>Són molt rars i només s’han vist a l’hemisferi nord i&nbsp; en latituds superiors a les nostres.</td>
</tr>
<tr class="even">
<td rowspan="2">Núvols noctilucents</td>
<td>Semblen cirrus molt prims, amb matisos blavosos o platejats, de vegades ataronjats o vermellosos, però destacant sobre el fons fosc del cel nocturn.</td>
</tr>
<tr class="even">
<td>Es troben a alçades entre 75 i 90 km i són visibles rarament, normalment a l’hemisferi nord i a latituds per sobre de Catalunya.</td>
</tr>
<tr class="odd">
<td rowspan="3">Deixants de condensació</td>
<td>Es tracta de núvols que es formen com a rastre del avions a reacció quan l’aire allà per on passen està prou fred i humit. Són deguts a la refrigeració dels gasos d’escapament que tenen un alt contingut de vapor d’aigua.</td>
</tr>
<tr class="odd">
<td>En volar els avions habitualment per sobre dels 6.000 metres, es formen a l’altura dels núvols alts, amb els quals es poden confondre. S’han d’anotar amb el nom del gènere de núvol alt que més s’assemblin.</td>
</tr>
<tr class="odd">
<td>Poden donar lloc a fenòmens d’halo.</td>
</tr>
<tr class="even">
<td rowspan="2">Núvols d’incendis o pirocúmulus</td>
<td>Són núvols densos, foscos, de ràpida formació i sovint de marcat desenvolupament vertical originats pels productes de combustió de grans incendis.</td>
</tr>
<tr class="even">
<td>El seu aspecte és molt similar als cúmulus, però habitualment força més foscos.</td>
</tr>
<tr class="odd">
<td rowspan="2">Núvols d’erupcions volcàniques</td>
<td>Constituïts per partícules sòlides de diverses grandàries, sovint contenen gran quantitat de vapor d’aigua i produeixen precipitacions.</td>
</tr>
<tr class="odd">
<td>En formar-se, tenen un aspecte de núvols cumuliformes de ràpid desenvolupament. Amb el temps, a les grans erupcions, arriben a estratificar-se a grans altures i romandre força temps, ocupant amplis territoris.</td>
</tr>
<tr class="even">
<td rowspan="2">Mammatus</td>
<td>Núvols que presenten bases amb formes arrodonides, nombroses, penjants i de grandària similar.</td>
</tr>
<tr class="even">
<td>Es presenten en moltes espècies de núvols, més habitualment amb cumulonimbus i també, però, amb estratocúmulus, cúmulus de gran desenvolupament&nbsp; i cirrus.</td>
</tr>
<tr class="odd">
<td rowspan="2">Fractoestratus</td>
<td>Fragments irregulars de núvol, procedents de núvols estratificats. Aquest nom es reserva sempre per a fragments de núvols baixos.</td>
</tr>
<tr class="odd">
<td>Van associats a processos de forta inestabilitat en cumulonimbus o nimboestratus i també a situacions en què els núvols s’esvaeixen (amb estrats i estratocúmulus), quan s’evaporen per efecte de la radiació solar i l’estabilitat atmosfèrica.</td>
</tr>
<tr class="even">
<td rowspan="2">Fractocúmulus</td>
<td>Fragments de núvols molt irregulars, procedents de núvols&nbsp; cumuliformes.</td>
</tr>
<tr class="even">
<td>Com en el cas dels <strong>fractoestratus</strong>, es considera un fractocúmul només quan es troba en el nivell baix.</td>
</tr>
</tbody>
</table>



<div class="wp-block-image"><figure class="aligncenter"><a href="https://static-m.meteo.cat/wordpressweb/wp-content/uploads/2014/11/21084223/BIG_818015715022712_00.jpg"><img loading="lazy" width="700" height="526" src="https://static-m.meteo.cat/wordpressweb/wp-content/uploads/2014/11/21084223/BIG_818015715022712_00.jpg" alt="Mammatus" class="wp-image-2950"/></a><figcaption>Gèneres de núvols Mammatus. Autor: Alfons Puertas</figcaption></figure></div>

<p>Els tipus de núvols que es defineixen a continuació els ha d’anotar l’observador en un dels 10 gèneres ja definits, triant el que sigui més similar o amb el que sigui associat, tot i que cal anotar com a observació el seu origen o característica específica. Tipus Característiques Núvols nacrats S’assemblen als cirrus i altocúmulus [&hellip;]</p>
