{"id":1659,"date":"2014-11-21T09:14:33","date_gmt":"2014-11-21T09:14:33","guid":{"rendered":"http:\/\/\/wpweb\/?page_id=1659"},"modified":"2024-03-07T07:40:08","modified_gmt":"2024-03-07T07:40:08","slug":"diferencies-entre-generes-de-nuvols-similars","status":"publish","type":"page","link":"https:\/\/www.meteo.cat\/wpweb\/divulgacio\/equipaments-meteorologics\/observadors-meteorologics\/manual-de-lobservador\/generes-de-nuvols\/diferencies-entre-generes-de-nuvols-similars\/","title":{"rendered":"Difer\u00e8ncies entre g\u00e8neres de n\u00favols similars"},"content":{"rendered":"\n<div class=\"FW_bBlocInferiorCD\">\n<div id=\"FW_contingut\" class=\"FW_bContenidorD\">\n<div class=\"page_container\">\n<div id=\"div_container\">\n<div id=\"divider_0\" class=\"FW_column_divider\">\n<div id=\"panel_0_0\" class=\"FW_column_panel FW_just_one_column FW_first_panel_in_column\">\n<div class=\"FW_column_portlet\">\n<div class=\"FW_sDetallGeneral\">\n<div class=\"FW_sArticleFoto\">\n<div class=\"FW_sEditPro\">\n<p>&nbsp;<\/p>\n<table class=\"sortable uvi\" border=\"1\">\n<thead>\n<tr>\n<th class=\"w10\" scope=\"col\">G\u00e8neres de n\u00favols implicats<\/th>\n<th class=\"w10\" scope=\"col\">Difer\u00e8ncies apreciables<\/th>\n<\/tr>\n<\/thead>\n<tbody>\n<tr class=\"odd\">\n<td rowspan=\"3\">Cirroc\u00famulus (Cc) amb altoc\u00famulus (Ac)<\/td>\n<td>Els cirroc\u00famulus no formen ombra, els altoc\u00famulus s\u00ed<\/td>\n<\/tr>\n<tr class=\"odd\">\n<td>Els cirroc\u00famulus tenen una mida aparent de com a m\u00e0xim un grau. La mida dels altoc\u00famulus est\u00e0 compresa entre 1\u00ba i 5\u00ba<\/td>\n<\/tr>\n<tr class=\"odd\">\n<td>Els cirroc\u00famulus deixen passar la llum del sol, els altoc\u00famulus s\u00f3n opacs<\/td>\n<\/tr>\n<tr class=\"even\">\n<td rowspan=\"2\">Cirroestratus (Cs) amb altoestratus (As)<\/td>\n<td>Els cirroestratus no formen ombra, els altoestratus, s\u00ed<\/td>\n<\/tr>\n<tr class=\"even\">\n<td>Els cirroestratus formen halos, els altoestratus, mai<\/td>\n<\/tr>\n<tr class=\"odd\">\n<td>Nimboestratus (Ns) amb altoestratus (As)<\/td>\n<td>Els nimboestratus tenen la base m\u00e9s fosca i sense contorns diferenciats, amb aspecte mullat, a causa de les columnes de precipitaci\u00f3 que no arriben a la superf\u00edcie<\/td>\n<\/tr>\n<tr class=\"even\">\n<td>Cumulonimbus (Cb) amb c\u00famulus (Cu) (vistos des de sota)<\/td>\n<td>El cumulonimbus \u00e9s m\u00e9s extens i m\u00e9s fosc. Tamb\u00e9 es poden diferenciar pel tipus de precipitaci\u00f3 a qu\u00e8 donen lloc<\/td>\n<\/tr>\n<tr class=\"odd\">\n<td>Cumulonimbus (Cb) amb c\u00famulus (Cu) (vistos en perspectiva)<\/td>\n<td>La forma dels c\u00famulus amb protuber\u00e0ncies es mant\u00e9 en tota la seva estructura vertical i horitzontal i no tenen la part superior fibrosa com els cumulonimbus<\/td>\n<\/tr>\n<tr class=\"even\">\n<td>Cumulonimbus (Cb) amb nimboestratus (Ns) (vistos des de sota)<\/td>\n<td>Pel tipus de precipitaci\u00f3 a qu\u00e8 donen lloc. En forma violenta, discont\u00ednua i acompanyada, de vegades, per tempestes o calamarsa en els cumulonimbus i&nbsp; en forma pausada&nbsp; i cont\u00ednua en els nimboestratus<\/td>\n<\/tr>\n<tr class=\"odd\">\n<td rowspan=\"2\">Nimboestratus (Ns) amb estratus (St)<\/td>\n<td>Els nimboestratus donen lloc a precipitacions cont\u00ednues i homog\u00e8nies. Els estratus nom\u00e9s produeixen pluges febles<\/td>\n<\/tr>\n<tr class=\"odd\">\n<td>Els estratus tenen els contorns ben definits, els nimboestratus no els tenen i hi pengen columnes de precipitaci\u00f3<\/td>\n<\/tr>\n<tr class=\"even\">\n<td>Altoc\u00famulus (Ac) amb estratoc\u00famulus (Sc)<\/td>\n<td>El di\u00e0metre dels altoc\u00famulus no acostuma a superar els 5\u00ba, el dels estratoc\u00famulus \u00e9s sempre superior als 5\u00ba<\/td>\n<\/tr>\n<tr class=\"odd\">\n<td>Estratoc\u00famulus (Sc) amb c\u00famuls (Cu)<\/td>\n<td>Els estratoc\u00famulus tenen poc gruix, en canvi, els c\u00famulus s\u00f3n de for\u00e7a desenvolupament vertical<\/td>\n<\/tr>\n<\/tbody>\n<\/table>\n<\/div>\n<\/div>\n<div class=\"FW_clear FW_hrBlanc\">&nbsp;<\/div>\n<div class=\"FW_clear FW_hrBlanc\">&nbsp;<\/div>\n<div class=\"FW_sArticleFoto\">\n<div class=\"FW_sFlotaEsqu\">\n\n\n\n<div class=\"wp-block-image\"><figure class=\"aligncenter\"><a href=\"https:\/\/static-m.meteo.cat\/wordpressweb\/wp-content\/uploads\/2014\/11\/21084223\/BIG_490005715022712_00.jpg\"><img loading=\"lazy\" width=\"700\" height=\"526\" src=\"https:\/\/static-m.meteo.cat\/wordpressweb\/wp-content\/uploads\/2014\/11\/21084223\/BIG_490005715022712_00.jpg\" alt=\"Cirrus\" class=\"wp-image-2947\"\/><\/a><figcaption>G\u00e8neres de n\u00favols Cirrus. Autor: Josep Pareta<\/figcaption><\/figure><\/div>\n\n\n\n<div class=\"wp-block-image\"><figure class=\"aligncenter\"><a href=\"https:\/\/static-m.meteo.cat\/wordpressweb\/wp-content\/uploads\/2014\/11\/21084223\/BIG_943005715022712_00.jpg\"><img loading=\"lazy\" width=\"700\" height=\"526\" src=\"https:\/\/static-m.meteo.cat\/wordpressweb\/wp-content\/uploads\/2014\/11\/21084223\/BIG_943005715022712_00.jpg\" alt=\"Altoc\u00famul lenticular\" class=\"wp-image-2948\"\/><\/a><figcaption>G\u00e8neres de n\u00favols Altoc\u00famulus lenticular. Autor: Llu\u00eds Reginc\u00f3s<\/figcaption><\/figure><\/div>\n\n\n\n<div class=\"wp-block-image\"><figure class=\"aligncenter\"><a href=\"https:\/\/static-m.meteo.cat\/wordpressweb\/wp-content\/uploads\/2014\/11\/21084223\/BIG_365015715022712_00.jpg\"><img loading=\"lazy\" width=\"700\" height=\"526\" src=\"https:\/\/static-m.meteo.cat\/wordpressweb\/wp-content\/uploads\/2014\/11\/21084223\/BIG_365015715022712_00.jpg\" alt=\"De c\u00famuls a cumulonimbus\" class=\"wp-image-2946\"\/><\/a><figcaption>G\u00e8neres de n\u00favols C\u00famulus en proc\u00e9s de transformaci\u00f3 en cumulonimbus. Autor: Sergi Corral<\/figcaption><\/figure><\/div>\n","protected":false},"excerpt":{"rendered":"<p>&nbsp; G\u00e8neres de n\u00favols implicats Difer\u00e8ncies apreciables Cirroc\u00famulus (Cc) amb altoc\u00famulus (Ac) Els cirroc\u00famulus no formen ombra, els altoc\u00famulus s\u00ed Els cirroc\u00famulus tenen una mida aparent de com a m\u00e0xim un grau. La mida dels altoc\u00famulus est\u00e0 compresa entre 1\u00ba i 5\u00ba Els cirroc\u00famulus deixen passar la llum del sol, els altoc\u00famulus s\u00f3n opacs Cirroestratus [&hellip;]<\/p>\n","protected":false},"author":4,"featured_media":0,"parent":1326,"menu_order":0,"comment_status":"closed","ping_status":"open","template":"template-sidebar.php","meta":{"_mi_skip_tracking":false,"_monsterinsights_sitenote_active":false,"_monsterinsights_sitenote_note":"","_monsterinsights_sitenote_category":0},"_links":{"self":[{"href":"https:\/\/www.meteo.cat\/wpweb\/wp-json\/wp\/v2\/pages\/1659"}],"collection":[{"href":"https:\/\/www.meteo.cat\/wpweb\/wp-json\/wp\/v2\/pages"}],"about":[{"href":"https:\/\/www.meteo.cat\/wpweb\/wp-json\/wp\/v2\/types\/page"}],"author":[{"embeddable":true,"href":"https:\/\/www.meteo.cat\/wpweb\/wp-json\/wp\/v2\/users\/4"}],"replies":[{"embeddable":true,"href":"https:\/\/www.meteo.cat\/wpweb\/wp-json\/wp\/v2\/comments?post=1659"}],"version-history":[{"count":7,"href":"https:\/\/www.meteo.cat\/wpweb\/wp-json\/wp\/v2\/pages\/1659\/revisions"}],"predecessor-version":[{"id":39922,"href":"https:\/\/www.meteo.cat\/wpweb\/wp-json\/wp\/v2\/pages\/1659\/revisions\/39922"}],"up":[{"embeddable":true,"href":"https:\/\/www.meteo.cat\/wpweb\/wp-json\/wp\/v2\/pages\/1326"}],"wp:attachment":[{"href":"https:\/\/www.meteo.cat\/wpweb\/wp-json\/wp\/v2\/media?parent=1659"}],"curies":[{"name":"wp","href":"https:\/\/api.w.org\/{rel}","templated":true}]}}