{"id":1618,"date":"2014-11-21T08:51:37","date_gmt":"2014-11-21T08:51:37","guid":{"rendered":"http:\/\/\/wpweb\/?page_id=1618"},"modified":"2022-09-05T08:26:10","modified_gmt":"2022-09-05T08:26:10","slug":"llamps-i-trons-llunyans","status":"publish","type":"page","link":"https:\/\/www.meteo.cat\/wpweb\/divulgacio\/equipaments-meteorologics\/observadors-meteorologics\/manual-de-lobservador\/meteors-relacionats-amb-la-precipitacio\/llamps-i-trons-llunyans\/","title":{"rendered":"Llamps i trons llunyans"},"content":{"rendered":"\n<h2>Definici\u00f3<\/h2>\n\n\n\n<p>Un llamp \u00e9s un intercanvi de c\u00e0rrega el\u00e8ctrica, amb una durada total al voltant de mig segon, que es produeix entre el n\u00favol de tempesta i el terra, dins del mateix n\u00favol o entre n\u00favols propers.<br><\/p>\n\n\n\n<p>La convecci\u00f3 atmosf\u00e8rica genera n\u00favols de fort desenvolupament vertical, els cumulonimbus, que s\u2019electrifiquen a mesura que van creixent. Quan el camp el\u00e8ctric \u00e9s prou intens, s\u2019origina una desc\u00e0rrega el\u00e8ctrica que actua com a pont entre diferents regions de c\u00e0rrega, dins del n\u00favol o b\u00e9 entre el n\u00favol i la superf\u00edcie.<br><\/p>\n\n\n\n<p>La desc\u00e0rrega produeix un escalfament i expansi\u00f3 sobtats de l&#8217;aire al seu voltant, que es tradueix en un so caracter\u00edstic: <strong>el tro<\/strong>. D\u2019altra banda, la resplendor que produeix el llamp s\u2019anomena <strong>llampec<\/strong>. El tro i el llampec s\u00f3n els principals signes d\u2019identitat del fenomen.<br><\/p>\n\n\n\n<p>Un fenomen poc freq\u00fcent \u00e9s l\u2019anomenat <strong>llamp en bola o llamp globular<\/strong>, sembla un globus de foc, de 5 a 20 cm de di\u00e0metre, que sura a l\u2019atmosfera i presenta moviments pausats, com si fos arrossegat pels corrents d\u2019aire. Sol acabar en una explosi\u00f3 que el fa desapar\u00e8ixer sense deixar rastre.<\/p>\n\n\n\n<h2>Consells per a l\u2019observaci\u00f3<\/h2>\n\n\n\n<p>Els llamps i els trons van sempre associats a les tempestes. Si la tempesta passa pel punt d\u2019observaci\u00f3 o en les immediacions, l\u2019observador anotar\u00e0 el meteor \u201ctempesta\u201d. Ara b\u00e9, quan la tempesta t\u00e9 lloc en un indret allunyat del punt d\u2019observaci\u00f3, llavors s\u2019anotar\u00e0 qualsevol d\u2019aquests dos meteors si \u00e9s que s\u2019observen.<br><\/p>\n\n\n\n<p>L\u2019observador tamb\u00e9 ha de tenir clar que no s\u2019anota llamps o trons (un dels fen\u00f2mens o tots dos) quan la tempesta s\u2019acosta o s\u2019allunya, sin\u00f3 que nom\u00e9s cal anotar tempesta quan \u00e9s a sobre de la zona d\u2019observaci\u00f3.<\/p>\n\n\n\n<h2>Per saber-ne m\u00e9s<\/h2>\n\n\n\n<p>El llamp \u00e9s un meteor fuga\u00e7, fet que en dificulta l\u2019observaci\u00f3 i la descripci\u00f3. S\u2019origina amb una guia descendent, que es ramifica a mesura que es propaga cap a la superf\u00edcie. En establir contacte, es produeix una desc\u00e0rrega de retorn, en forma de fort corrent, que neutralitza la c\u00e0rrega el\u00e8ctrica dipositada al canal per la guia descendent. Si b\u00e9 en la meitat dels casos el fenomen s\u2019acaba aqu\u00ed, en l\u2019altra meitat el llamp presenta m\u00e9s d\u2019una desc\u00e0rrega de retorn. Ara b\u00e9, el temps entre desc\u00e0rregues successives \u00e9s de l\u2019ordre dels mil\u00b7lisegons i a simple vista no es poden diferenciar les desc\u00e0rregues, com a molt l\u2019observador pot percebre un efecte de parpelleig. Aix\u00ed mateix, alguna d\u2019aquestes desc\u00e0rregues secund\u00e0ries pot prendre un cam\u00ed lleugerament diferent de la primera, impactant en un punt diferent. Per tant, un mateix llamp pot generar danys en m\u00e9s d\u2019un lloc.<br><\/p>\n\n\n\n<p>Combinant la direcci\u00f3 de propagaci\u00f3 del llamp i la polaritat de la c\u00e0rrega que transporta, es poden definir b\u00e0sicament quatre tipus de llamps. La gran majoria de llamps s\u00f3n descendents, si b\u00e9 en alguns casos s\u2019originen a la superf\u00edcie i pugen cap al n\u00favol. L\u2019efecte punta que generen les torres de comunicacions o altres estructures que sobresurten de la superf\u00edcie, combinat amb una base dels n\u00favols poc elevada propicia aquest tipus de llamps ascendents.<br><\/p>\n\n\n\n<p>D\u2019altra banda, els llamps poden ser de polaritat negativa o positiva. Els positius nom\u00e9s representen entre el 10 i el 20% del total, per\u00f2 es consideren m\u00e9s perillosos. <\/p>\n\n\n\n<p>S\u2019acostumen a originar a la part alta del n\u00favol de tempesta, tenen un recorregut m\u00e9s llarg i poden impactar en zones m\u00e9s allunyades del nucli de precipitaci\u00f3, agafant-nos m\u00e9s desprevinguts. Es diferencien dels negatius per no presentar l\u2019estructura ramificada, sin\u00f3 un \u00fanic canal.<\/p>\n\n\n\n<h2>Fotografies<\/h2>\n\n\n\n<div class=\"wp-block-image\"><figure class=\"aligncenter\"><a href=\"https:\/\/static-m.meteo.cat\/wordpressweb\/wp-content\/uploads\/2014\/11\/21084223\/BIG_552435615022712_00.jpg\"><img loading=\"lazy\" width=\"700\" height=\"526\" src=\"https:\/\/static-m.meteo.cat\/wordpressweb\/wp-content\/uploads\/2014\/11\/21084223\/BIG_552435615022712_00.jpg\" alt=\"Llamps sobre un campanar\" class=\"wp-image-2969\"\/><\/a><figcaption>Meteors relacionats amb la precipitaci\u00f3 Llamps. Autor: Albert Fajula<\/figcaption><\/figure><\/div>\n\n\n\n<div class=\"wp-block-image\"><figure class=\"aligncenter\"><a href=\"https:\/\/static-m.meteo.cat\/wordpressweb\/wp-content\/uploads\/2014\/11\/21084223\/BIG_662455615022712_00.jpg\"><img loading=\"lazy\" width=\"700\" height=\"467\" src=\"https:\/\/static-m.meteo.cat\/wordpressweb\/wp-content\/uploads\/2014\/11\/21084223\/BIG_662455615022712_00.jpg\" alt=\"Llamps a la natura\" class=\"wp-image-2970\"\/><\/a><figcaption>Meteors relacionats amb la precipitaci\u00f3 Llamps. Autor: Jordi Per\u00f3<\/figcaption><\/figure><\/div>\n","protected":false},"excerpt":{"rendered":"<p>Definici\u00f3 Un llamp \u00e9s un intercanvi de c\u00e0rrega el\u00e8ctrica, amb una durada total al voltant de mig segon, que es produeix entre el n\u00favol de tempesta i el terra, dins del mateix n\u00favol o entre n\u00favols propers. La convecci\u00f3 atmosf\u00e8rica genera n\u00favols de fort desenvolupament vertical, els cumulonimbus, que s\u2019electrifiquen a mesura que van creixent. [&hellip;]<\/p>\n","protected":false},"author":2,"featured_media":0,"parent":1261,"menu_order":0,"comment_status":"closed","ping_status":"open","template":"template-sidebar.php","meta":{"_mi_skip_tracking":false,"_monsterinsights_sitenote_active":false,"_monsterinsights_sitenote_note":"","_monsterinsights_sitenote_category":0},"_links":{"self":[{"href":"https:\/\/www.meteo.cat\/wpweb\/wp-json\/wp\/v2\/pages\/1618"}],"collection":[{"href":"https:\/\/www.meteo.cat\/wpweb\/wp-json\/wp\/v2\/pages"}],"about":[{"href":"https:\/\/www.meteo.cat\/wpweb\/wp-json\/wp\/v2\/types\/page"}],"author":[{"embeddable":true,"href":"https:\/\/www.meteo.cat\/wpweb\/wp-json\/wp\/v2\/users\/2"}],"replies":[{"embeddable":true,"href":"https:\/\/www.meteo.cat\/wpweb\/wp-json\/wp\/v2\/comments?post=1618"}],"version-history":[{"count":5,"href":"https:\/\/www.meteo.cat\/wpweb\/wp-json\/wp\/v2\/pages\/1618\/revisions"}],"predecessor-version":[{"id":35348,"href":"https:\/\/www.meteo.cat\/wpweb\/wp-json\/wp\/v2\/pages\/1618\/revisions\/35348"}],"up":[{"embeddable":true,"href":"https:\/\/www.meteo.cat\/wpweb\/wp-json\/wp\/v2\/pages\/1261"}],"wp:attachment":[{"href":"https:\/\/www.meteo.cat\/wpweb\/wp-json\/wp\/v2\/media?parent=1618"}],"curies":[{"name":"wp","href":"https:\/\/api.w.org\/{rel}","templated":true}]}}