{"id":1585,"date":"2014-11-21T08:35:59","date_gmt":"2014-11-21T08:35:59","guid":{"rendered":"http:\/\/\/wpweb\/?page_id=1585"},"modified":"2020-10-15T08:28:51","modified_gmt":"2020-10-15T08:28:51","slug":"xafec","status":"publish","type":"page","link":"https:\/\/www.meteo.cat\/wpweb\/divulgacio\/equipaments-meteorologics\/observadors-meteorologics\/manual-de-lobservador\/meteors-relacionats-amb-la-precipitacio\/xafec\/","title":{"rendered":"X\u00e0fec"},"content":{"rendered":"\n<h2>Definici\u00f3<\/h2>\n\n\n\n<p>Precipitaci\u00f3, sovint de car\u00e0cter intens i de poca durada, provinent de n\u00favols convectius exclusivament: cumulonimbus o c\u00famuls de gran desenvolupament vertical.<br>La precipitaci\u00f3 tant pot estar formada de gotes d\u2019aigua com de calamarsa, pedra o neu.<\/p>\n\n\n\n<p>El temps de x\u00e0fecs es caracteritza per una alternan\u00e7a r\u00e0pida de n\u00favols foscos i gruixuts amb clarianes de curta durada o n\u00favols prims.<\/p>\n\n\n\n<p>\u00c9s freq\u00fcent que els x\u00e0fecs es repeteixin diversos cops, amb intervals de precipitaci\u00f3 feble o inexistent.<\/p>\n\n\n\n<p>Es tracta sempre d\u2019una precipitaci\u00f3 relacionada amb l\u2019exist\u00e8ncia de forts corrents convectius per efecte d\u2019importants escalfaments locals o el pas d\u2019actius sistemes frontals.<\/p>\n\n\n\n<p>Quan el x\u00e0fec \u00e9s de curta durada es denomina ruixat (s\u00edmbol) i acostuma a caure de n\u00favols isolats entre els quals hi ha cel ser\u00e8. La intensitat de la precipitaci\u00f3 sol \u00e9sser forta; i la durada no sol excedir gaire d&#8217;un quart d&#8217;hora. Els ruixats (s\u00edmbol) s\u00f3n t\u00edpics de les masses d&#8217;aire fred i inestable que es troben a la part posterior de les depressions que passen damunt el terra i el mar calents.<\/p>\n\n\n\n<p>Si, per contra, el x\u00e0fec \u00e9s molt intens o de llarga durada, pot donar lloc a aiguats, causants de torrentades, avingudes i inundacions (vegeu tamb\u00e9 la p\u00e0gina 60, del text sobre la pluja).<\/p>\n\n\n\n<h2>Consells per a l\u2019observaci\u00f3<\/h2>\n\n\n\n<p>Les precipitacions en forma de x\u00e0fec acostumen a tenir un inici i un final bruscos i canvis forts en la intensitat.<\/p>\n\n\n\n<p>L\u2019arribada d\u2019un x\u00e0fec ve acompanyada habitualment per un enfosquiment sobtat del cel.<\/p>\n\n\n\n<p>Les gotes o els elements s\u00f2lids que acompanyen els x\u00e0fecs acostumen a ser d\u2019una mida superior al d\u2019altres tipus de precipitaci\u00f3.<\/p>\n\n\n\n<p>Els x\u00e0fecs van associats sovint a tempestes i precipitacions de calamarsa i pedra.<\/p>\n\n\n\n<h2>Fotografies<\/h2>\n\n\n\n<div class=\"wp-block-image\"><figure class=\"aligncenter\"><a href=\"https:\/\/static-m.meteo.cat\/wordpressweb\/wp-content\/uploads\/2014\/11\/21083559\/BIG_459415615022712_00.jpg\"><img src=\"https:\/\/static-m.meteo.cat\/wordpressweb\/wp-content\/uploads\/2014\/11\/21083559\/BIG_459415615022712_00.jpg\" alt=\"X\u00e0fec\"\/><\/a><figcaption>Meteors relacionats amb la precipitaci\u00f3 X\u00e0fec. Autor: Manel Dot<\/figcaption><\/figure><\/div>\n","protected":false},"excerpt":{"rendered":"<p>Definici\u00f3 Precipitaci\u00f3, sovint de car\u00e0cter intens i de poca durada, provinent de n\u00favols convectius exclusivament: cumulonimbus o c\u00famuls de gran desenvolupament vertical.La precipitaci\u00f3 tant pot estar formada de gotes d\u2019aigua com de calamarsa, pedra o neu. El temps de x\u00e0fecs es caracteritza per una alternan\u00e7a r\u00e0pida de n\u00favols foscos i gruixuts amb clarianes de curta [&hellip;]<\/p>\n","protected":false},"author":2,"featured_media":0,"parent":1261,"menu_order":0,"comment_status":"closed","ping_status":"open","template":"template-sidebar.php","meta":{"_mi_skip_tracking":false,"_monsterinsights_sitenote_active":false,"_monsterinsights_sitenote_note":"","_monsterinsights_sitenote_category":0},"_links":{"self":[{"href":"https:\/\/www.meteo.cat\/wpweb\/wp-json\/wp\/v2\/pages\/1585"}],"collection":[{"href":"https:\/\/www.meteo.cat\/wpweb\/wp-json\/wp\/v2\/pages"}],"about":[{"href":"https:\/\/www.meteo.cat\/wpweb\/wp-json\/wp\/v2\/types\/page"}],"author":[{"embeddable":true,"href":"https:\/\/www.meteo.cat\/wpweb\/wp-json\/wp\/v2\/users\/2"}],"replies":[{"embeddable":true,"href":"https:\/\/www.meteo.cat\/wpweb\/wp-json\/wp\/v2\/comments?post=1585"}],"version-history":[{"count":6,"href":"https:\/\/www.meteo.cat\/wpweb\/wp-json\/wp\/v2\/pages\/1585\/revisions"}],"predecessor-version":[{"id":28859,"href":"https:\/\/www.meteo.cat\/wpweb\/wp-json\/wp\/v2\/pages\/1585\/revisions\/28859"}],"up":[{"embeddable":true,"href":"https:\/\/www.meteo.cat\/wpweb\/wp-json\/wp\/v2\/pages\/1261"}],"wp:attachment":[{"href":"https:\/\/www.meteo.cat\/wpweb\/wp-json\/wp\/v2\/media?parent=1585"}],"curies":[{"name":"wp","href":"https:\/\/api.w.org\/{rel}","templated":true}]}}