{"id":1550,"date":"2014-11-21T08:13:13","date_gmt":"2014-11-21T08:13:13","guid":{"rendered":"http:\/\/\/wpweb\/?page_id=1550"},"modified":"2020-10-15T10:02:20","modified_gmt":"2020-10-15T10:02:20","slug":"instruccions-per-a-lanotacio-dels-fenomens-de-reduccio-de-la-visibilitat","status":"publish","type":"page","link":"https:\/\/www.meteo.cat\/wpweb\/divulgacio\/equipaments-meteorologics\/observadors-meteorologics\/manual-de-lobservador\/fenomens-superficials-i-de-reduccio-de-la-visibilitat\/instruccions-per-a-lanotacio-dels-fenomens-de-reduccio-de-la-visibilitat\/","title":{"rendered":"Instruccions per a l&#8217;anotaci\u00f3 dels fen\u00f2mens de reducci\u00f3 de la visibilitat"},"content":{"rendered":"\n<p>Quan la visibilitat a tot l\u2019horitz\u00f3, o a una part, per petita que sigui, sigui inferior a 1 km, s\u2019ha d\u2019anotar sempre com a boira.<\/p>\n\n\n\n<p>Quan la reducci\u00f3 de visibilitat \u00e9s superior a 1 km i inferior a 10 km a tot l\u2019horitz\u00f3, o a una part, per petita que sigui, s\u2019anotar\u00e0 boirina, calitja o fums, segons correspongui en cada cas.<\/p>\n\n\n\n<p>Si la visibilitat \u00e9s redu\u00efda, per\u00f2 superior als 10 km, no s\u2019ha d\u2019anotar boira, boirina, calitja ni fums.<\/p>\n\n\n\n<p>Pot donar-se el cas que en el moment de realitzar una observaci\u00f3 meteorol\u00f2gica la visibilitat a part de l\u2019horitz\u00f3 sigui inferior a 1 km i a una altra part estigui compresa entre 1 i 10 km. En aquests casos, s\u2019anotaran els dos fen\u00f2mens: boira i boirina.<\/p>\n\n\n\n<div class=\"wp-block-image\"><figure class=\"aligncenter\"><a href=\"https:\/\/static-m.meteo.cat\/wordpressweb\/wp-content\/uploads\/2014\/11\/21084223\/BIG_771365615022712_00.jpg\"><img loading=\"lazy\" width=\"700\" height=\"465\" src=\"https:\/\/static-m.meteo.cat\/wordpressweb\/wp-content\/uploads\/2014\/11\/21084223\/BIG_771365615022712_00.jpg\" alt=\"Boira baixa\" class=\"wp-image-2963\"\/><\/a><figcaption>Boira baixa amb estratoc\u00famuls al damunt. Autora: Teresa Llena<\/figcaption><\/figure><\/div>\n\n\n\n<div class=\"wp-block-image\"><figure class=\"aligncenter\"><a href=\"https:\/\/static-m.meteo.cat\/wordpressweb\/wp-content\/uploads\/2014\/11\/21084223\/BIG_334375615022712_00.jpg\"><img loading=\"lazy\" width=\"700\" height=\"525\" src=\"https:\/\/static-m.meteo.cat\/wordpressweb\/wp-content\/uploads\/2014\/11\/21084223\/BIG_334375615022712_00.jpg\" alt=\"Boira gebradora i pluja gelant\" class=\"wp-image-2962\"\/><\/a><figcaption>Boira gebradora i pluja gelant. Autor: Eliseu Vilaclara<\/figcaption><\/figure><\/div>\n\n\n\n<div class=\"wp-block-image\"><figure class=\"aligncenter\"><a href=\"https:\/\/static-m.meteo.cat\/wordpressweb\/wp-content\/uploads\/2014\/11\/21084223\/BIG_865375615022712_00.jpg\"><img loading=\"lazy\" width=\"700\" height=\"526\" src=\"https:\/\/static-m.meteo.cat\/wordpressweb\/wp-content\/uploads\/2014\/11\/21084223\/BIG_865375615022712_00.jpg\" alt=\"Cortines de precipitaci\u00f3\" class=\"wp-image-2964\"\/><\/a><figcaption>Cortines de precipitaci\u00f3 que dificulten la visibilitat. Autor: Jordi Bober<\/figcaption><\/figure><\/div>\n","protected":false},"excerpt":{"rendered":"<p>Quan la visibilitat a tot l\u2019horitz\u00f3, o a una part, per petita que sigui, sigui inferior a 1 km, s\u2019ha d\u2019anotar sempre com a boira. Quan la reducci\u00f3 de visibilitat \u00e9s superior a 1 km i inferior a 10 km a tot l\u2019horitz\u00f3, o a una part, per petita que sigui, s\u2019anotar\u00e0 boirina, calitja o [&hellip;]<\/p>\n","protected":false},"author":4,"featured_media":0,"parent":1222,"menu_order":0,"comment_status":"closed","ping_status":"open","template":"template-sidebar.php","meta":{"_mi_skip_tracking":false,"_monsterinsights_sitenote_active":false,"_monsterinsights_sitenote_note":"","_monsterinsights_sitenote_category":0},"_links":{"self":[{"href":"https:\/\/www.meteo.cat\/wpweb\/wp-json\/wp\/v2\/pages\/1550"}],"collection":[{"href":"https:\/\/www.meteo.cat\/wpweb\/wp-json\/wp\/v2\/pages"}],"about":[{"href":"https:\/\/www.meteo.cat\/wpweb\/wp-json\/wp\/v2\/types\/page"}],"author":[{"embeddable":true,"href":"https:\/\/www.meteo.cat\/wpweb\/wp-json\/wp\/v2\/users\/4"}],"replies":[{"embeddable":true,"href":"https:\/\/www.meteo.cat\/wpweb\/wp-json\/wp\/v2\/comments?post=1550"}],"version-history":[{"count":7,"href":"https:\/\/www.meteo.cat\/wpweb\/wp-json\/wp\/v2\/pages\/1550\/revisions"}],"predecessor-version":[{"id":28915,"href":"https:\/\/www.meteo.cat\/wpweb\/wp-json\/wp\/v2\/pages\/1550\/revisions\/28915"}],"up":[{"embeddable":true,"href":"https:\/\/www.meteo.cat\/wpweb\/wp-json\/wp\/v2\/pages\/1222"}],"wp:attachment":[{"href":"https:\/\/www.meteo.cat\/wpweb\/wp-json\/wp\/v2\/media?parent=1550"}],"curies":[{"name":"wp","href":"https:\/\/api.w.org\/{rel}","templated":true}]}}

Instruccions per a l&#8217;anotació dels fenòmens de reducció de la visibilitat

<p>Quan la visibilitat a tot l’horitzó, o a una part, per petita que sigui, sigui inferior a 1 km, s’ha d’anotar sempre com a boira.</p>



<p>Quan la reducció de visibilitat és superior a 1 km i inferior a 10 km a tot l’horitzó, o a una part, per petita que sigui, s’anotarà boirina, calitja o fums, segons correspongui en cada cas.</p>



<p>Si la visibilitat és reduïda, però superior als 10 km, no s’ha d’anotar boira, boirina, calitja ni fums.</p>



<p>Pot donar-se el cas que en el moment de realitzar una observació meteorològica la visibilitat a part de l’horitzó sigui inferior a 1 km i a una altra part estigui compresa entre 1 i 10 km. En aquests casos, s’anotaran els dos fenòmens: boira i boirina.</p>



<div class="wp-block-image"><figure class="aligncenter"><a href="https://static-m.meteo.cat/wordpressweb/wp-content/uploads/2014/11/21084223/BIG_771365615022712_00.jpg"><img loading="lazy" width="700" height="465" src="https://static-m.meteo.cat/wordpressweb/wp-content/uploads/2014/11/21084223/BIG_771365615022712_00.jpg" alt="Boira baixa" class="wp-image-2963"/></a><figcaption>Boira baixa amb estratocúmuls al damunt. Autora: Teresa Llena</figcaption></figure></div>



<div class="wp-block-image"><figure class="aligncenter"><a href="https://static-m.meteo.cat/wordpressweb/wp-content/uploads/2014/11/21084223/BIG_334375615022712_00.jpg"><img loading="lazy" width="700" height="525" src="https://static-m.meteo.cat/wordpressweb/wp-content/uploads/2014/11/21084223/BIG_334375615022712_00.jpg" alt="Boira gebradora i pluja gelant" class="wp-image-2962"/></a><figcaption>Boira gebradora i pluja gelant. Autor: Eliseu Vilaclara</figcaption></figure></div>



<div class="wp-block-image"><figure class="aligncenter"><a href="https://static-m.meteo.cat/wordpressweb/wp-content/uploads/2014/11/21084223/BIG_865375615022712_00.jpg"><img loading="lazy" width="700" height="526" src="https://static-m.meteo.cat/wordpressweb/wp-content/uploads/2014/11/21084223/BIG_865375615022712_00.jpg" alt="Cortines de precipitació" class="wp-image-2964"/></a><figcaption>Cortines de precipitació que dificulten la visibilitat. Autor: Jordi Bober</figcaption></figure></div>

<p>Quan la visibilitat a tot l’horitzó, o a una part, per petita que sigui, sigui inferior a 1 km, s’ha d’anotar sempre com a boira. Quan la reducció de visibilitat és superior a 1 km i inferior a 10 km a tot l’horitzó, o a una part, per petita que sigui, s’anotarà boirina, calitja o [&hellip;]</p>
