{"id":1547,"date":"2014-11-21T08:11:33","date_gmt":"2014-11-21T08:11:33","guid":{"rendered":"http:\/\/\/wpweb\/?page_id=1547"},"modified":"2020-10-15T10:00:31","modified_gmt":"2020-10-15T10:00:31","slug":"fums","status":"publish","type":"page","link":"https:\/\/www.meteo.cat\/wpweb\/divulgacio\/equipaments-meteorologics\/observadors-meteorologics\/manual-de-lobservador\/fenomens-superficials-i-de-reduccio-de-la-visibilitat\/fums\/","title":{"rendered":"Fums"},"content":{"rendered":"\n<h2>Definici\u00f3:<\/h2>\n\n\n\n<p>Suspensi\u00f3 en l\u2019aire de petites part\u00edcules procedents de diverses combustions: f\u00e0briques, xemeneies, tr\u00e0nsit, incendis.<br><\/p>\n\n\n\n<p>Aquest meteor es pot presentar prop de la superf\u00edcie, o a d\u2019altres altures de l\u2019atmosfera, depenent de la direcci\u00f3 i velocitat del vent que arrossega les masses de part\u00edcules.<br><\/p>\n\n\n\n<p>A les nostres ciutats es produeixen amb humitats relatives baixes.<br><\/p>\n\n\n\n<p>Quan hi ha fum a l\u2019atmosfera, el Sol adquireix una tonalitat vermellosa en la seva sortida i posta i un to m\u00e9s ataronjat cap al migdia. El fum que prov\u00e9 de ciutats i zones industrials relativament pr\u00f2ximes, pot ser de color gris fosc o negre. Les grans columnes de fum originades pels incendis forestals difonen la llum solar i donen al cel una tonalitat groga-verdosa.<\/p>\n\n\n\n<h2>Consells per a l\u2019observaci\u00f3:<\/h2>\n\n\n\n<p>Els fums s\u2019estenen formant un tel uniforme sobre el paisatge que n\u2019entela la coloraci\u00f3 i dificulta la nitidesa de l\u2019aire.<br><\/p>\n\n\n\n<p>La visibilitat horitzontal est\u00e0 compresa entre 1 i 10 km.<br><\/p>\n\n\n\n<p>A banda de la contaminaci\u00f3, hi pot haver fums que limitin la visibilitat i hagin estat causats per incendis o per d\u2019altres causes, per exemple, per erupcions volc\u00e0niques. <\/p>\n\n\n\n<p>S\u2019anotaran els fen\u00f2mens igualment com a fums, amb l\u2019observaci\u00f3 corresponent.<br><\/p>\n\n\n\n<p>S\u00f3n t\u00edpics, encara que no exclusius, de situacions anticicl\u00f2niques a causa de la manca de ventilaci\u00f3.<br><\/p>\n\n\n\n<p>El fenomen dels fums acostuma a ser local i \u00e9s relativament f\u00e0cil determinar el seu focus d\u2019origen. Cal indicar que quan els fums es barregen amb boira, donen lloc al boirum o boira industrial.<\/p>\n\n\n\n<h2 class=\"FW_hrSeparador\">&nbsp;Fotografies<\/h2>\n\n\n\n<div class=\"wp-block-image\"><figure class=\"aligncenter\"><a href=\"https:\/\/static-m.meteo.cat\/wordpressweb\/wp-content\/uploads\/2014\/11\/21084223\/BIG_193365615022712_00.jpg\"><img loading=\"lazy\" width=\"700\" height=\"526\" src=\"https:\/\/static-m.meteo.cat\/wordpressweb\/wp-content\/uploads\/2014\/11\/21084223\/BIG_193365615022712_00.jpg\" alt=\"Fums\" class=\"wp-image-2955\"\/><\/a><figcaption>Fen\u00f2mens de reducci\u00f3 de visibilitat Fums. Autor: Jordi Bober<\/figcaption><\/figure><\/div>\n","protected":false},"excerpt":{"rendered":"<p>Definici\u00f3: Suspensi\u00f3 en l\u2019aire de petites part\u00edcules procedents de diverses combustions: f\u00e0briques, xemeneies, tr\u00e0nsit, incendis. Aquest meteor es pot presentar prop de la superf\u00edcie, o a d\u2019altres altures de l\u2019atmosfera, depenent de la direcci\u00f3 i velocitat del vent que arrossega les masses de part\u00edcules. A les nostres ciutats es produeixen amb humitats relatives baixes. Quan [&hellip;]<\/p>\n","protected":false},"author":4,"featured_media":0,"parent":1222,"menu_order":0,"comment_status":"closed","ping_status":"open","template":"template-sidebar.php","meta":{"_mi_skip_tracking":false,"_monsterinsights_sitenote_active":false,"_monsterinsights_sitenote_note":"","_monsterinsights_sitenote_category":0},"_links":{"self":[{"href":"https:\/\/www.meteo.cat\/wpweb\/wp-json\/wp\/v2\/pages\/1547"}],"collection":[{"href":"https:\/\/www.meteo.cat\/wpweb\/wp-json\/wp\/v2\/pages"}],"about":[{"href":"https:\/\/www.meteo.cat\/wpweb\/wp-json\/wp\/v2\/types\/page"}],"author":[{"embeddable":true,"href":"https:\/\/www.meteo.cat\/wpweb\/wp-json\/wp\/v2\/users\/4"}],"replies":[{"embeddable":true,"href":"https:\/\/www.meteo.cat\/wpweb\/wp-json\/wp\/v2\/comments?post=1547"}],"version-history":[{"count":5,"href":"https:\/\/www.meteo.cat\/wpweb\/wp-json\/wp\/v2\/pages\/1547\/revisions"}],"predecessor-version":[{"id":28914,"href":"https:\/\/www.meteo.cat\/wpweb\/wp-json\/wp\/v2\/pages\/1547\/revisions\/28914"}],"up":[{"embeddable":true,"href":"https:\/\/www.meteo.cat\/wpweb\/wp-json\/wp\/v2\/pages\/1222"}],"wp:attachment":[{"href":"https:\/\/www.meteo.cat\/wpweb\/wp-json\/wp\/v2\/media?parent=1547"}],"curies":[{"name":"wp","href":"https:\/\/api.w.org\/{rel}","templated":true}]}}

<h2>Definició:</h2>



<p>Suspensió en l’aire de petites partícules procedents de diverses combustions: fàbriques, xemeneies, trànsit, incendis.<br></p>



<p>Aquest meteor es pot presentar prop de la superfície, o a d’altres altures de l’atmosfera, depenent de la direcció i velocitat del vent que arrossega les masses de partícules.<br></p>



<p>A les nostres ciutats es produeixen amb humitats relatives baixes.<br></p>



<p>Quan hi ha fum a l’atmosfera, el Sol adquireix una tonalitat vermellosa en la seva sortida i posta i un to més ataronjat cap al migdia. El fum que prové de ciutats i zones industrials relativament pròximes, pot ser de color gris fosc o negre. Les grans columnes de fum originades pels incendis forestals difonen la llum solar i donen al cel una tonalitat groga-verdosa.</p>



<h2>Consells per a l’observació:</h2>



<p>Els fums s’estenen formant un tel uniforme sobre el paisatge que n’entela la coloració i dificulta la nitidesa de l’aire.<br></p>



<p>La visibilitat horitzontal està compresa entre 1 i 10 km.<br></p>



<p>A banda de la contaminació, hi pot haver fums que limitin la visibilitat i hagin estat causats per incendis o per d’altres causes, per exemple, per erupcions volcàniques. </p>



<p>S’anotaran els fenòmens igualment com a fums, amb l’observació corresponent.<br></p>



<p>Són típics, encara que no exclusius, de situacions anticiclòniques a causa de la manca de ventilació.<br></p>



<p>El fenomen dels fums acostuma a ser local i és relativament fàcil determinar el seu focus d’origen. Cal indicar que quan els fums es barregen amb boira, donen lloc al boirum o boira industrial.</p>



<h2 class="FW_hrSeparador">&nbsp;Fotografies</h2>



<div class="wp-block-image"><figure class="aligncenter"><a href="https://static-m.meteo.cat/wordpressweb/wp-content/uploads/2014/11/21084223/BIG_193365615022712_00.jpg"><img loading="lazy" width="700" height="526" src="https://static-m.meteo.cat/wordpressweb/wp-content/uploads/2014/11/21084223/BIG_193365615022712_00.jpg" alt="Fums" class="wp-image-2955"/></a><figcaption>Fenòmens de reducció de visibilitat Fums. Autor: Jordi Bober</figcaption></figure></div>

<p>Definició: Suspensió en l’aire de petites partícules procedents de diverses combustions: fàbriques, xemeneies, trànsit, incendis. Aquest meteor es pot presentar prop de la superfície, o a d’altres altures de l’atmosfera, depenent de la direcció i velocitat del vent que arrossega les masses de partícules. A les nostres ciutats es produeixen amb humitats relatives baixes. Quan [&hellip;]</p>
