{"id":1544,"date":"2014-11-21T08:10:01","date_gmt":"2014-11-21T08:10:01","guid":{"rendered":"http:\/\/\/wpweb\/?page_id=1544"},"modified":"2020-10-15T09:59:15","modified_gmt":"2020-10-15T09:59:15","slug":"calitja","status":"publish","type":"page","link":"https:\/\/www.meteo.cat\/wpweb\/divulgacio\/equipaments-meteorologics\/observadors-meteorologics\/manual-de-lobservador\/fenomens-superficials-i-de-reduccio-de-la-visibilitat\/calitja\/","title":{"rendered":"Calitja"},"content":{"rendered":"\n<h2>Definici\u00f3:<\/h2>\n\n\n\n<p>Lleu opacitat de l\u2019aire causada per part\u00edcules de pols en suspensi\u00f3 a l\u2019aire provinents de regions seques, o part\u00edcules de sal, seques i tan petites que no es poden sentir al tacte. \u00c9s produ\u00efda per la mescla i agitaci\u00f3 dels corrents d\u2019aire de diferent densitat, en ser escalfada la capa d\u2019aire en contacte amb el s\u00f2l, per radiaci\u00f3 de la mateixa superf\u00edcie. L\u2019augment de la temperatura afavoreix l\u2019ascensi\u00f3 i, per tant, la mescla ja esmentada.<br><\/p>\n\n\n\n<p>La calitja est\u00e9n un vel uniforme sobre el paisatge i n\u2019entela la coloraci\u00f3, donant a l\u2019aire un aspecte t\u00e8rbol i opac, en el qual es difuminen les formes dels objectes i obstacles i l\u2019horitz\u00f3 apareix borr\u00f3s.<br><\/p>\n\n\n\n<p>Vist sobre un fons fosc, aquest vel t\u00e9 un to blav\u00f3s, i sobre un fons clar la seva tonalitat \u00e9s d\u2019un groc brut o roig-groguenc. Visualment, aquest \u00e9s el tret que la diferencia de la boirina, que \u00e9s grisenca.<br><\/p>\n\n\n\n<p>El poder calor\u00edfic del sol no dispersa la calitja, com s\u00ed que ho fa amb la boirina i la boira, al contrari, sovint la refor\u00e7a, ja que l\u2019aire s\u2019enterboleix no tan sols mec\u00e0nicament per efecte del polsim, sin\u00f3 que tamb\u00e9 s\u2019enterboleix \u00f2pticament pel creuament de capes d\u2019aire que s\u2019aixequen del s\u00f2l a impulsos de calor, a les quals se\u2019ls trenquen els raigs lluminosos, i s\u2019afebleixen.<\/p>\n\n\n\n<h2>Consells per a l\u2019observaci\u00f3:<\/h2>\n\n\n\n<p>D\u00f3na un aspecte fumat a l\u2019aire que en determina una de les principals caracter\u00edstiques.<br><\/p>\n\n\n\n<p>La visibilitat horitzontal est\u00e0 compresa entre 1 i 10 km.<br><\/p>\n\n\n\n<p>\u00c9s un fenomen t\u00edpicament estival sovint l\u2019\u00fanic ressenyable en jornades molt caloroses.<br><\/p>\n\n\n\n<p>La humitat de l\u2019aire \u00e9s inferior al 70% en zones seques i allunyades del mar. En les costes i zones d\u2019influ\u00e8ncia mar\u00edtima el llindar se situaria per sota del 80%.<br><\/p>\n\n\n\n<p>Sovint \u00e9s dif\u00edcil distingir la calitja de la boirina i tot i que les petites difer\u00e8ncies de coloraci\u00f3 hi poden ajudar, no \u00e9s del tot fiable la difer\u00e8ncia de color. El millor sistema \u00e9s disposar d\u2019aparell enregistrador d\u2019humitat relativa. En cas contrari, hi poden haver altres signes que puguin resoldre el dubte, per exemple, la manca de n\u00favols baixos \u00e9s senyal que el fenomen observat \u00e9s la calitja.<\/p>\n\n\n\n<h2>Fotografies<\/h2>\n\n\n\n<div class=\"wp-block-image\"><figure class=\"aligncenter\"><a href=\"https:\/\/static-m.meteo.cat\/wordpressweb\/wp-content\/uploads\/2014\/11\/21084223\/BIG_459355615022712_00.jpg\"><img loading=\"lazy\" width=\"700\" height=\"526\" src=\"https:\/\/static-m.meteo.cat\/wordpressweb\/wp-content\/uploads\/2014\/11\/21084223\/BIG_459355615022712_00.jpg\" alt=\"Calitja\" class=\"wp-image-2938\"\/><\/a><figcaption>Fen\u00f2mens de reducci\u00f3 de visibilitat Calitja. Autor: Carles Illa<\/figcaption><\/figure><\/div>\n","protected":false},"excerpt":{"rendered":"<p>Definici\u00f3: Lleu opacitat de l\u2019aire causada per part\u00edcules de pols en suspensi\u00f3 a l\u2019aire provinents de regions seques, o part\u00edcules de sal, seques i tan petites que no es poden sentir al tacte. \u00c9s produ\u00efda per la mescla i agitaci\u00f3 dels corrents d\u2019aire de diferent densitat, en ser escalfada la capa d\u2019aire en contacte amb [&hellip;]<\/p>\n","protected":false},"author":4,"featured_media":0,"parent":1222,"menu_order":0,"comment_status":"closed","ping_status":"open","template":"template-sidebar.php","meta":{"_mi_skip_tracking":false,"_monsterinsights_sitenote_active":false,"_monsterinsights_sitenote_note":"","_monsterinsights_sitenote_category":0},"_links":{"self":[{"href":"https:\/\/www.meteo.cat\/wpweb\/wp-json\/wp\/v2\/pages\/1544"}],"collection":[{"href":"https:\/\/www.meteo.cat\/wpweb\/wp-json\/wp\/v2\/pages"}],"about":[{"href":"https:\/\/www.meteo.cat\/wpweb\/wp-json\/wp\/v2\/types\/page"}],"author":[{"embeddable":true,"href":"https:\/\/www.meteo.cat\/wpweb\/wp-json\/wp\/v2\/users\/4"}],"replies":[{"embeddable":true,"href":"https:\/\/www.meteo.cat\/wpweb\/wp-json\/wp\/v2\/comments?post=1544"}],"version-history":[{"count":5,"href":"https:\/\/www.meteo.cat\/wpweb\/wp-json\/wp\/v2\/pages\/1544\/revisions"}],"predecessor-version":[{"id":28913,"href":"https:\/\/www.meteo.cat\/wpweb\/wp-json\/wp\/v2\/pages\/1544\/revisions\/28913"}],"up":[{"embeddable":true,"href":"https:\/\/www.meteo.cat\/wpweb\/wp-json\/wp\/v2\/pages\/1222"}],"wp:attachment":[{"href":"https:\/\/www.meteo.cat\/wpweb\/wp-json\/wp\/v2\/media?parent=1544"}],"curies":[{"name":"wp","href":"https:\/\/api.w.org\/{rel}","templated":true}]}}

<h2>Definició:</h2>



<p>Lleu opacitat de l’aire causada per partícules de pols en suspensió a l’aire provinents de regions seques, o partícules de sal, seques i tan petites que no es poden sentir al tacte. És produïda per la mescla i agitació dels corrents d’aire de diferent densitat, en ser escalfada la capa d’aire en contacte amb el sòl, per radiació de la mateixa superfície. L’augment de la temperatura afavoreix l’ascensió i, per tant, la mescla ja esmentada.<br></p>



<p>La calitja estén un vel uniforme sobre el paisatge i n’entela la coloració, donant a l’aire un aspecte tèrbol i opac, en el qual es difuminen les formes dels objectes i obstacles i l’horitzó apareix borrós.<br></p>



<p>Vist sobre un fons fosc, aquest vel té un to blavós, i sobre un fons clar la seva tonalitat és d’un groc brut o roig-groguenc. Visualment, aquest és el tret que la diferencia de la boirina, que és grisenca.<br></p>



<p>El poder calorífic del sol no dispersa la calitja, com sí que ho fa amb la boirina i la boira, al contrari, sovint la reforça, ja que l’aire s’enterboleix no tan sols mecànicament per efecte del polsim, sinó que també s’enterboleix òpticament pel creuament de capes d’aire que s’aixequen del sòl a impulsos de calor, a les quals se’ls trenquen els raigs lluminosos, i s’afebleixen.</p>



<h2>Consells per a l’observació:</h2>



<p>Dóna un aspecte fumat a l’aire que en determina una de les principals característiques.<br></p>



<p>La visibilitat horitzontal està compresa entre 1 i 10 km.<br></p>



<p>És un fenomen típicament estival sovint l’únic ressenyable en jornades molt caloroses.<br></p>



<p>La humitat de l’aire és inferior al 70% en zones seques i allunyades del mar. En les costes i zones d’influència marítima el llindar se situaria per sota del 80%.<br></p>



<p>Sovint és difícil distingir la calitja de la boirina i tot i que les petites diferències de coloració hi poden ajudar, no és del tot fiable la diferència de color. El millor sistema és disposar d’aparell enregistrador d’humitat relativa. En cas contrari, hi poden haver altres signes que puguin resoldre el dubte, per exemple, la manca de núvols baixos és senyal que el fenomen observat és la calitja.</p>



<h2>Fotografies</h2>



<div class="wp-block-image"><figure class="aligncenter"><a href="https://static-m.meteo.cat/wordpressweb/wp-content/uploads/2014/11/21084223/BIG_459355615022712_00.jpg"><img loading="lazy" width="700" height="526" src="https://static-m.meteo.cat/wordpressweb/wp-content/uploads/2014/11/21084223/BIG_459355615022712_00.jpg" alt="Calitja" class="wp-image-2938"/></a><figcaption>Fenòmens de reducció de visibilitat Calitja. Autor: Carles Illa</figcaption></figure></div>

<p>Definició: Lleu opacitat de l’aire causada per partícules de pols en suspensió a l’aire provinents de regions seques, o partícules de sal, seques i tan petites que no es poden sentir al tacte. És produïda per la mescla i agitació dels corrents d’aire de diferent densitat, en ser escalfada la capa d’aire en contacte amb [&hellip;]</p>
