{"id":1538,"date":"2014-11-21T08:06:16","date_gmt":"2014-11-21T08:06:16","guid":{"rendered":"http:\/\/\/wpweb\/?page_id=1538"},"modified":"2020-10-15T09:53:50","modified_gmt":"2020-10-15T09:53:50","slug":"gebre","status":"publish","type":"page","link":"https:\/\/www.meteo.cat\/wpweb\/divulgacio\/equipaments-meteorologics\/observadors-meteorologics\/manual-de-lobservador\/fenomens-superficials-i-de-reduccio-de-la-visibilitat\/gebre\/","title":{"rendered":"Gebre"},"content":{"rendered":"\n<h2>Definici\u00f3:<\/h2>\n\n\n\n<p>Es tracta del gel de les boires que es diposita sobre les superf\u00edcies d\u2019objectes s\u00f2lids que es troben a una temperatura inferior als 0\u00baC.<br><\/p>\n\n\n\n<p>Les gotes l\u00edquides que constitueixen la boira presenten una resist\u00e8ncia molt gran a la congelaci\u00f3, de tal manera que ordin\u00e0riament quan la massa d\u2019aire on es troben es refreda per sota dels 0 \u00baC, les gotetes romanen l\u00edquides (en l\u2019anomenat estat de subfusi\u00f3). \u00c9s quan les gotes subfoses entren en contacte amb les superf\u00edcies s\u00f2lides que la solidificaci\u00f3 es produeix instant\u00e0niament.<br><\/p>\n\n\n\n<p>Per les condicions que es requereixen per a la seva formaci\u00f3, la boira gebradora t\u00e9 una pres\u00e8ncia temporal gaireb\u00e9 concentrada a l\u2019hivern, i lligada a aquelles \u00e0rees geogr\u00e0fiques que faciliten la formaci\u00f3 de la boira o \u00e0rees de muntanya de certa al\u00e7ada i amb valors d\u2019humitat habitualment elevats.<\/p>\n\n\n\n<h2>Consells per a l\u2019observaci\u00f3:<\/h2>\n\n\n\n<p>Les superf\u00edcies on es forma el gebre acostumen a ser verticals i majorment s\u2019acumula sobre les puntes i arestes dels objectes, i que, creixent cara al vent, poden donar formacions d\u2019una espessor considerable.<br><\/p>\n\n\n\n<p>Les masses de gebre poden tenir efectes destructius en les superf\u00edcies m\u00e9s exposades: esteses el\u00e8ctriques o branques d\u2019arbres, per exemple.<br><\/p>\n\n\n\n<p>Les gotetes d\u2019aigua en subfusi\u00f3 es col\u00b7loquen sobre els objectes s\u00f2lids en forma de cristalls de gla\u00e7 irregulars, que contenen gran quantitat d\u2019aire atrapat que li d\u00f3na al conjunt la seva tonalitat blanca caracter\u00edstica.<br><\/p>\n\n\n\n<p>En alguns llocs de Catalunya, en diuen gebre de la gelada. \u00c9s preferible no confondre els dos conceptes.<br><\/p>\n\n\n\n<p>Cal tamb\u00e9 distingir dos fen\u00f2mens atmosf\u00e8rics com s\u00f3n el gebre i la gelada d\u2019un altre fenomen que no \u00e9s pas pr\u00f2piament atmosf\u00e8ric, com \u00e9s la gla\u00e7ada. Aquest \u00faltim consisteix en la congelaci\u00f3 directa de la humitat del s\u00f2l o de masses d\u2019aigua d\u2019extensi\u00f3 variada (bassals, llacs, rius, etc.), formant-se una crosta vidriosa i relliscosa quan la temperatura de l\u2019aire baixa per sota dels 0 \u00baC. La gla\u00e7ada no \u00e9s un fenomen estricament meteorol\u00f2gic, perqu\u00e8 no t\u00e9 lloc a l\u2019atmosfera, tanmateix, es considera \u00fatil que l\u2019observador el consigni, perqu\u00e8 d\u00f3na una idea de la temperatura de les capes m\u00e9s baixes de l\u2019aire.<br><\/p>\n\n\n\n<p>La boira gebradora es considera que \u00e9s un fenomen meteorol\u00f2gic de risc i, per tant, motiu d\u2019identificaci\u00f3 pels col\u2022laboradors de la XOM en la modalitat de vigil\u00e0ncia, pel seu impacte i potencial perillositat.<\/p>\n\n\n\n<h2 class=\"FW_hrSeparador\">Fotografies<\/h2>\n\n\n\n<div class=\"wp-block-image\"><figure class=\"aligncenter\"><a href=\"https:\/\/static-m.meteo.cat\/wordpressweb\/wp-content\/uploads\/2014\/11\/21084223\/BIG_584325615022712_00.jpg\"><img loading=\"lazy\" width=\"700\" height=\"526\" src=\"https:\/\/static-m.meteo.cat\/wordpressweb\/wp-content\/uploads\/2014\/11\/21084223\/BIG_584325615022712_00.jpg\" alt=\"Gebre\" class=\"wp-image-2956\"\/><\/a><figcaption>Fen\u00f2mens superficials Gebre. Autor: Jordi Per\u00f3<\/figcaption><\/figure><\/div>\n","protected":false},"excerpt":{"rendered":"<p>Definici\u00f3: Es tracta del gel de les boires que es diposita sobre les superf\u00edcies d\u2019objectes s\u00f2lids que es troben a una temperatura inferior als 0\u00baC. Les gotes l\u00edquides que constitueixen la boira presenten una resist\u00e8ncia molt gran a la congelaci\u00f3, de tal manera que ordin\u00e0riament quan la massa d\u2019aire on es troben es refreda per [&hellip;]<\/p>\n","protected":false},"author":4,"featured_media":0,"parent":1222,"menu_order":0,"comment_status":"closed","ping_status":"open","template":"","meta":{"_mi_skip_tracking":false,"_monsterinsights_sitenote_active":false,"_monsterinsights_sitenote_note":"","_monsterinsights_sitenote_category":0},"_links":{"self":[{"href":"https:\/\/www.meteo.cat\/wpweb\/wp-json\/wp\/v2\/pages\/1538"}],"collection":[{"href":"https:\/\/www.meteo.cat\/wpweb\/wp-json\/wp\/v2\/pages"}],"about":[{"href":"https:\/\/www.meteo.cat\/wpweb\/wp-json\/wp\/v2\/types\/page"}],"author":[{"embeddable":true,"href":"https:\/\/www.meteo.cat\/wpweb\/wp-json\/wp\/v2\/users\/4"}],"replies":[{"embeddable":true,"href":"https:\/\/www.meteo.cat\/wpweb\/wp-json\/wp\/v2\/comments?post=1538"}],"version-history":[{"count":5,"href":"https:\/\/www.meteo.cat\/wpweb\/wp-json\/wp\/v2\/pages\/1538\/revisions"}],"predecessor-version":[{"id":28911,"href":"https:\/\/www.meteo.cat\/wpweb\/wp-json\/wp\/v2\/pages\/1538\/revisions\/28911"}],"up":[{"embeddable":true,"href":"https:\/\/www.meteo.cat\/wpweb\/wp-json\/wp\/v2\/pages\/1222"}],"wp:attachment":[{"href":"https:\/\/www.meteo.cat\/wpweb\/wp-json\/wp\/v2\/media?parent=1538"}],"curies":[{"name":"wp","href":"https:\/\/api.w.org\/{rel}","templated":true}]}}