{"id":1535,"date":"2014-11-21T08:03:24","date_gmt":"2014-11-21T08:03:24","guid":{"rendered":"http:\/\/\/wpweb\/?page_id=1535"},"modified":"2020-10-15T09:52:23","modified_gmt":"2020-10-15T09:52:23","slug":"gelada","status":"publish","type":"page","link":"https:\/\/www.meteo.cat\/wpweb\/divulgacio\/equipaments-meteorologics\/observadors-meteorologics\/manual-de-lobservador\/fenomens-superficials-i-de-reduccio-de-la-visibilitat\/gelada\/","title":{"rendered":"Gelada"},"content":{"rendered":"\n<h2>Definici\u00f3:<\/h2>\n\n\n\n<p>Cristalls de gla\u00e7 que durant les fortes radiacions nocturnes es formen damunt les herbes i en general damunt els objectes mal conductors de la calor, els quals es refreden, per sota dels 0 \u00baC.<br><\/p>\n\n\n\n<p>En la gelada, l\u2019aigua passa directament de l\u2019estat gas\u00f3s al s\u00f2lid (<strong>sublimaci\u00f3<\/strong>). Aquest proc\u00e9s t\u00e9 lloc simult\u00e0niament arreu de la superf\u00edcie afectada, la qual cosa causa que s\u2019hi formin cristalls molt petits i homogenis.<br><\/p>\n\n\n\n<p>En resum, el proc\u00e9s de formaci\u00f3 de la gelada \u00e9s id\u00e8ntic al de la rosada pel que fa a les condicions atmosf\u00e8riques que la generen, la difer\u00e8ncia fonamental \u00e9s que la temperatura de l\u2019aire, en aquests cas, ha de ser inferior als 0 \u00baC.<\/p>\n\n\n\n<h2>Consells per a l\u2019observaci\u00f3:<\/h2>\n\n\n\n<p>Aquest vapor d\u2019aigua sublimat constitueix una massa de gla\u00e7 en forma cristal\u2022lina que adopta aspectes molt variats: escates, agulles, plomalls, etc.<br><\/p>\n\n\n\n<p>Tot i que la quantitat d\u2019aigua d\u2019una gelada \u00e9s escassa, la superf\u00edcie gelada adquireix una tonalitat blanca moderadament intensa en zones que poden ocupar un ampli territori, que de vegades pot recordar l\u2019efecte d\u2019una nevada minsa. Tanmateix, no hi pot haver confusi\u00f3, ja que la gelada es produeix en nits serenes i espl\u00e8ndides, tot i que, naturalment, intensament fredes.<br><\/p>\n\n\n\n<p>Pels condicionants de la necessitat de temperatura negativa per a la seva formaci\u00f3, la gelada no \u00e9s habitual en zones costaneres del pa\u00eds i s\u2019esdev\u00e9 molt m\u00e9s en indrets de temperatures baixes gran part de l\u2019any i d\u2019humitats relatives habitualment elevades.<\/p>\n\n\n\n<h2 class=\"FW_hrSeparador\">Fotografies<\/h2>\n\n\n\n<div class=\"wp-block-image\"><figure class=\"aligncenter\"><a href=\"https:\/\/static-m.meteo.cat\/wordpressweb\/wp-content\/uploads\/2014\/11\/21080324\/BIG_834315615022712_00.jpg\"><img src=\"https:\/\/static-m.meteo.cat\/wordpressweb\/wp-content\/uploads\/2014\/11\/21080324\/BIG_834315615022712_00.jpg\" alt=\"Gelada\" class=\"wp-image-2957\"\/><\/a><figcaption>Fen\u00f2mens superficials Gelada. Autor: Sergi Corral<\/figcaption><\/figure><\/div>\n","protected":false},"excerpt":{"rendered":"<p>Definici\u00f3: Cristalls de gla\u00e7 que durant les fortes radiacions nocturnes es formen damunt les herbes i en general damunt els objectes mal conductors de la calor, els quals es refreden, per sota dels 0 \u00baC. En la gelada, l\u2019aigua passa directament de l\u2019estat gas\u00f3s al s\u00f2lid (sublimaci\u00f3). Aquest proc\u00e9s t\u00e9 lloc simult\u00e0niament arreu de la [&hellip;]<\/p>\n","protected":false},"author":4,"featured_media":0,"parent":1222,"menu_order":0,"comment_status":"closed","ping_status":"open","template":"template-sidebar.php","meta":{"_mi_skip_tracking":false,"_monsterinsights_sitenote_active":false,"_monsterinsights_sitenote_note":"","_monsterinsights_sitenote_category":0},"_links":{"self":[{"href":"https:\/\/www.meteo.cat\/wpweb\/wp-json\/wp\/v2\/pages\/1535"}],"collection":[{"href":"https:\/\/www.meteo.cat\/wpweb\/wp-json\/wp\/v2\/pages"}],"about":[{"href":"https:\/\/www.meteo.cat\/wpweb\/wp-json\/wp\/v2\/types\/page"}],"author":[{"embeddable":true,"href":"https:\/\/www.meteo.cat\/wpweb\/wp-json\/wp\/v2\/users\/4"}],"replies":[{"embeddable":true,"href":"https:\/\/www.meteo.cat\/wpweb\/wp-json\/wp\/v2\/comments?post=1535"}],"version-history":[{"count":4,"href":"https:\/\/www.meteo.cat\/wpweb\/wp-json\/wp\/v2\/pages\/1535\/revisions"}],"predecessor-version":[{"id":28910,"href":"https:\/\/www.meteo.cat\/wpweb\/wp-json\/wp\/v2\/pages\/1535\/revisions\/28910"}],"up":[{"embeddable":true,"href":"https:\/\/www.meteo.cat\/wpweb\/wp-json\/wp\/v2\/pages\/1222"}],"wp:attachment":[{"href":"https:\/\/www.meteo.cat\/wpweb\/wp-json\/wp\/v2\/media?parent=1535"}],"curies":[{"name":"wp","href":"https:\/\/api.w.org\/{rel}","templated":true}]}}

<h2>Definició:</h2>



<p>Cristalls de glaç que durant les fortes radiacions nocturnes es formen damunt les herbes i en general damunt els objectes mal conductors de la calor, els quals es refreden, per sota dels 0 ºC.<br></p>



<p>En la gelada, l’aigua passa directament de l’estat gasós al sòlid (<strong>sublimació</strong>). Aquest procés té lloc simultàniament arreu de la superfície afectada, la qual cosa causa que s’hi formin cristalls molt petits i homogenis.<br></p>



<p>En resum, el procés de formació de la gelada és idèntic al de la rosada pel que fa a les condicions atmosfèriques que la generen, la diferència fonamental és que la temperatura de l’aire, en aquests cas, ha de ser inferior als 0 ºC.</p>



<h2>Consells per a l’observació:</h2>



<p>Aquest vapor d’aigua sublimat constitueix una massa de glaç en forma cristal•lina que adopta aspectes molt variats: escates, agulles, plomalls, etc.<br></p>



<p>Tot i que la quantitat d’aigua d’una gelada és escassa, la superfície gelada adquireix una tonalitat blanca moderadament intensa en zones que poden ocupar un ampli territori, que de vegades pot recordar l’efecte d’una nevada minsa. Tanmateix, no hi pot haver confusió, ja que la gelada es produeix en nits serenes i esplèndides, tot i que, naturalment, intensament fredes.<br></p>



<p>Pels condicionants de la necessitat de temperatura negativa per a la seva formació, la gelada no és habitual en zones costaneres del país i s’esdevé molt més en indrets de temperatures baixes gran part de l’any i d’humitats relatives habitualment elevades.</p>



<h2 class="FW_hrSeparador">Fotografies</h2>



<div class="wp-block-image"><figure class="aligncenter"><a href="https://static-m.meteo.cat/wordpressweb/wp-content/uploads/2014/11/21080324/BIG_834315615022712_00.jpg"><img src="https://static-m.meteo.cat/wordpressweb/wp-content/uploads/2014/11/21080324/BIG_834315615022712_00.jpg" alt="Gelada" class="wp-image-2957"/></a><figcaption>Fenòmens superficials Gelada. Autor: Sergi Corral</figcaption></figure></div>

<p>Definició: Cristalls de glaç que durant les fortes radiacions nocturnes es formen damunt les herbes i en general damunt els objectes mal conductors de la calor, els quals es refreden, per sota dels 0 ºC. En la gelada, l’aigua passa directament de l’estat gasós al sòlid (sublimació). Aquest procés té lloc simultàniament arreu de la [&hellip;]</p>
