{"id":1510,"date":"2014-11-21T07:29:53","date_gmt":"2014-11-21T07:29:53","guid":{"rendered":"http:\/\/\/wpweb\/?page_id=1510"},"modified":"2022-04-21T11:05:19","modified_gmt":"2022-04-21T11:05:19","slug":"corona-solar-i-lunar","status":"publish","type":"page","link":"https:\/\/www.meteo.cat\/wpweb\/divulgacio\/equipaments-meteorologics\/observadors-meteorologics\/manual-de-lobservador\/fenomens-optics\/corona-solar-i-lunar\/","title":{"rendered":"Corona solar i lunar"},"content":{"rendered":"\n<h2>Definici\u00f3:<\/h2>\n\n\n\n<p>Es presenta com una o diverses s\u00e8ries, normalment no m\u00e9s de tres, d\u2019anells acolorits centrats sobre el Sol o la Lluna i de radi relativament petit. En cada s\u00e8rie d\u2019anells, l\u2019interior \u00e9s de color violeta o blau i l\u2019exterior vermell. Poden arribar a distingir-se, de vegades, tots els colors de l\u2019espectre. Generalment, aquests colors s\u00f3n m\u00e9s f\u00e0cilment visibles a les corones lunars.<br><\/p>\n\n\n\n<p>Molt sovint \u00e9s redu\u00efda a una primera s\u00e8rie pr\u00f2xima a l\u2019astre i de menys de 5\u00ba de radi, <strong>l&#8217;aur\u00e8ola<\/strong> \u00e9s de color blanc blavenc amb vores rogenques. <\/p>\n\n\n\n<p>El fenomen \u00e9s causat per la <strong>difracci\u00f3 o la dispersi\u00f3 <\/strong>de la llum en n\u00favols prims o en la boira. Els raigs lluminosos de l\u2019astre es trenquen en topar amb les gotes d\u2019aigua i surten desviats. L\u2019angle de desviaci\u00f3 augmenta quan disminueix el di\u00e0metre de la gota d\u2019aigua. Si el di\u00e0metre de les gotes \u00e9s for\u00e7a homogeni, els contorns dels anells seran molt m\u00e9s n\u00edtids.<br><\/p>\n\n\n\n<p>Els n\u00favols que generen corona estan formats per gotes d\u2019aigua, no per cristalls de gla\u00e7. En la major part dels casos, es tracta d\u2019altoc\u00famuls, tot i que tamb\u00e9 es poden observar en quedar el disc solar matisat per l\u2019obstacle d\u2019un altostrat, un estrat o molt rarament, d\u2019un cirroc\u00famul.<\/p>\n\n\n\n<div style=\"height:20px\" aria-hidden=\"true\" class=\"wp-block-spacer\"><\/div>\n\n\n\n<h2 class=\"FW_clear FW_hrBlanc\">Consells per a l\u2019observaci\u00f3:<\/h2>\n\n\n\n<p>No s\u2019ha de confondre amb l\u2019halo: una corona mai no arriba a ser ni la meitat de gran que l\u2019halo. La corona sovint \u00e9s difusa, el contorn de l\u2019halo sempre est\u00e0 ben definit. Les corones s\u00f3n de grand\u00e0ria variable. Els halos s\u00f3n sempre iguals.<br><\/p>\n\n\n\n<p>Popularment es diu que la corona, en deixar veure menys llum solar, es pot mirar directament sense protecci\u00f3 als ulls i amb els halos aix\u00f2 no \u00e9s possible. No s\u2019aconsella refiar-se d\u2019aquest sistema d\u2019identificaci\u00f3.<\/p>\n\n\n\n<div style=\"height:20px\" aria-hidden=\"true\" class=\"wp-block-spacer\"><\/div>\n\n\n\n<h2>Fotografies<\/h2>\n\n\n\n<div class=\"wp-block-image\"><figure class=\"aligncenter\"><a href=\"https:\/\/static-m.meteo.cat\/wordpressweb\/wp-content\/uploads\/2014\/11\/21084223\/BIG_896265615022712_00.jpg\"><img loading=\"lazy\" width=\"300\" height=\"225\" src=\"https:\/\/static-m.meteo.cat\/wordpressweb\/wp-content\/uploads\/2014\/11\/21084223\/BIG_896265615022712_00-300x225.jpg\" alt=\"Corona lunar\" class=\"wp-image-2942\"\/><\/a><figcaption>Fen\u00f2mens \u00f2ptics Corona lunar. Autor: Alfred Marin\u00e9<\/figcaption><\/figure><\/div>\n","protected":false},"excerpt":{"rendered":"<p>Definici\u00f3: Es presenta com una o diverses s\u00e8ries, normalment no m\u00e9s de tres, d\u2019anells acolorits centrats sobre el Sol o la Lluna i de radi relativament petit. En cada s\u00e8rie d\u2019anells, l\u2019interior \u00e9s de color violeta o blau i l\u2019exterior vermell. Poden arribar a distingir-se, de vegades, tots els colors de l\u2019espectre. Generalment, aquests colors [&hellip;]<\/p>\n","protected":false},"author":4,"featured_media":0,"parent":1207,"menu_order":0,"comment_status":"closed","ping_status":"open","template":"template-sidebar.php","meta":{"_mi_skip_tracking":false,"_monsterinsights_sitenote_active":false,"_monsterinsights_sitenote_note":"","_monsterinsights_sitenote_category":0},"_links":{"self":[{"href":"https:\/\/www.meteo.cat\/wpweb\/wp-json\/wp\/v2\/pages\/1510"}],"collection":[{"href":"https:\/\/www.meteo.cat\/wpweb\/wp-json\/wp\/v2\/pages"}],"about":[{"href":"https:\/\/www.meteo.cat\/wpweb\/wp-json\/wp\/v2\/types\/page"}],"author":[{"embeddable":true,"href":"https:\/\/www.meteo.cat\/wpweb\/wp-json\/wp\/v2\/users\/4"}],"replies":[{"embeddable":true,"href":"https:\/\/www.meteo.cat\/wpweb\/wp-json\/wp\/v2\/comments?post=1510"}],"version-history":[{"count":8,"href":"https:\/\/www.meteo.cat\/wpweb\/wp-json\/wp\/v2\/pages\/1510\/revisions"}],"predecessor-version":[{"id":34205,"href":"https:\/\/www.meteo.cat\/wpweb\/wp-json\/wp\/v2\/pages\/1510\/revisions\/34205"}],"up":[{"embeddable":true,"href":"https:\/\/www.meteo.cat\/wpweb\/wp-json\/wp\/v2\/pages\/1207"}],"wp:attachment":[{"href":"https:\/\/www.meteo.cat\/wpweb\/wp-json\/wp\/v2\/media?parent=1510"}],"curies":[{"name":"wp","href":"https:\/\/api.w.org\/{rel}","templated":true}]}}