{"id":126,"date":"2014-12-13T08:41:07","date_gmt":"2014-12-13T08:41:07","guid":{"rendered":"http:\/\/\/wpweb\/?page_id=126"},"modified":"2020-10-27T12:47:54","modified_gmt":"2020-10-27T12:47:54","slug":"conceptes-generals","status":"publish","type":"page","link":"https:\/\/www.meteo.cat\/wpweb\/divulgacio\/conceptes-generals\/","title":{"rendered":"Conceptes generals per a nens"},"content":{"rendered":"\n<p>En aquest apartat de divulgaci\u00f3 intentarem explicar la meteorologia d&#8217;una manera f\u00e0cil i entenedora per\u00f2 alhora rigurosa cient\u00edficament.<\/p>\n\n\n\n<p>La meteorologia \u00e9s la ci\u00e8ncia que estudia l&#8217;estat del temps, el medi ambient atmosf\u00e8ric i els fen\u00f2mens meteorol\u00f2gics.<\/p>\n\n\n\n<p>Els cient\u00edfics que estudien aquests fen\u00f2mens s\u00f3n els meteor\u00f2legs.<\/p>\n\n\n\n<p>Per comen\u00e7ar a introduir-nos poc a poc en aquest m\u00f3n comen\u00e7arem per:<\/p>\n\n\n\n<p>DESCOBRIR ELS FEN\u00d2MENS METEOROL\u00d2GICS!<\/p>\n\n\n\n<iframe loading=\"lazy\" width=\"400\" height=\"224\" src=\"https:\/\/www.youtube.com\/embed\/1nBn_ovB1K4\" frameborder=\"0\" allow=\"accelerometer; autoplay; clipboard-write; encrypted-media; gyroscope; picture-in-picture\" allowfullscreen title=\"Descobreix els Fen\u00f2mens meteorol\u00f2gics\"><\/iframe>\n\n\n<ul class=\"parent-page-menu\"><li class=\"page_item page-item-263\"><a href=\"https:\/\/www.meteo.cat\/wpweb\/divulgacio\/conceptes-generals\/el-sol\/\">El Sol<\/a><\/li>\n<li class=\"page_item page-item-269\"><a href=\"https:\/\/www.meteo.cat\/wpweb\/divulgacio\/conceptes-generals\/latmosfera\/\">L&#039;atmosfera<\/a><\/li>\n<li class=\"page_item page-item-274\"><a href=\"https:\/\/www.meteo.cat\/wpweb\/divulgacio\/conceptes-generals\/la-humitat\/\">La humitat<\/a><\/li>\n<li class=\"page_item page-item-283\"><a href=\"https:\/\/www.meteo.cat\/wpweb\/divulgacio\/conceptes-generals\/la-pluja-i-la-neu\/\">La pluja i la neu<\/a><\/li>\n<li class=\"page_item page-item-286\"><a href=\"https:\/\/www.meteo.cat\/wpweb\/divulgacio\/conceptes-generals\/les-tempestes\/\">Les tempestes<\/a><\/li>\n<li class=\"page_item page-item-288\"><a href=\"https:\/\/www.meteo.cat\/wpweb\/divulgacio\/conceptes-generals\/el-vent\/\">El vent<\/a><\/li>\n<li class=\"page_item page-item-291\"><a href=\"https:\/\/www.meteo.cat\/wpweb\/divulgacio\/conceptes-generals\/la-terra\/\">La Terra<\/a><\/li>\n<li class=\"page_item page-item-293\"><a href=\"https:\/\/www.meteo.cat\/wpweb\/divulgacio\/conceptes-generals\/la-prediccio-del-temps-abans\/\">La predicci\u00f3 del temps: abans<\/a><\/li>\n<li class=\"page_item page-item-295\"><a href=\"https:\/\/www.meteo.cat\/wpweb\/divulgacio\/conceptes-generals\/la-prediccio-del-temps-avui\/\">La predicci\u00f3 del temps: avui<\/a><\/li>\n<li class=\"page_item page-item-297\"><a href=\"https:\/\/www.meteo.cat\/wpweb\/divulgacio\/conceptes-generals\/lobservacio-meteorologica\/\">L&#039;observaci\u00f3 meteorol\u00f2gica<\/a><\/li>\n<li class=\"page_item page-item-278\"><a href=\"https:\/\/www.meteo.cat\/wpweb\/divulgacio\/conceptes-generals\/els-nuvols\/\">Els n\u00favols<\/a><\/li>\n<\/ul>\n","protected":false},"excerpt":{"rendered":"<p>En aquest apartat de divulgaci\u00f3 intentarem explicar la meteorologia d&#8217;una manera f\u00e0cil i entenedora per\u00f2 alhora rigurosa cient\u00edficament. La meteorologia \u00e9s la ci\u00e8ncia que estudia l&#8217;estat del temps, el medi ambient atmosf\u00e8ric i els fen\u00f2mens meteorol\u00f2gics. Els cient\u00edfics que estudien aquests fen\u00f2mens s\u00f3n els meteor\u00f2legs. Per comen\u00e7ar a introduir-nos poc a poc en aquest m\u00f3n [&hellip;]<\/p>\n","protected":false},"author":2,"featured_media":0,"parent":124,"menu_order":1,"comment_status":"closed","ping_status":"closed","template":"template-sidebar.php","meta":{"_mi_skip_tracking":false,"_monsterinsights_sitenote_active":false,"_monsterinsights_sitenote_note":"","_monsterinsights_sitenote_category":0},"_links":{"self":[{"href":"https:\/\/www.meteo.cat\/wpweb\/wp-json\/wp\/v2\/pages\/126"}],"collection":[{"href":"https:\/\/www.meteo.cat\/wpweb\/wp-json\/wp\/v2\/pages"}],"about":[{"href":"https:\/\/www.meteo.cat\/wpweb\/wp-json\/wp\/v2\/types\/page"}],"author":[{"embeddable":true,"href":"https:\/\/www.meteo.cat\/wpweb\/wp-json\/wp\/v2\/users\/2"}],"replies":[{"embeddable":true,"href":"https:\/\/www.meteo.cat\/wpweb\/wp-json\/wp\/v2\/comments?post=126"}],"version-history":[{"count":10,"href":"https:\/\/www.meteo.cat\/wpweb\/wp-json\/wp\/v2\/pages\/126\/revisions"}],"predecessor-version":[{"id":29687,"href":"https:\/\/www.meteo.cat\/wpweb\/wp-json\/wp\/v2\/pages\/126\/revisions\/29687"}],"up":[{"embeddable":true,"href":"https:\/\/www.meteo.cat\/wpweb\/wp-json\/wp\/v2\/pages\/124"}],"wp:attachment":[{"href":"https:\/\/www.meteo.cat\/wpweb\/wp-json\/wp\/v2\/media?parent=126"}],"curies":[{"name":"wp","href":"https:\/\/api.w.org\/{rel}","templated":true}]}}