{"id":1254,"date":"2014-11-20T11:58:04","date_gmt":"2014-11-20T11:58:04","guid":{"rendered":"http:\/\/\/wpweb\/?page_id=1254"},"modified":"2022-04-12T11:27:12","modified_gmt":"2022-04-12T11:27:12","slug":"tempestes-i-llamps","status":"publish","type":"page","link":"https:\/\/www.meteo.cat\/wpweb\/divulgacio\/equipaments-meteorologics\/llamps-descarregues-electriques\/tempestes-i-llamps\/","title":{"rendered":"Tempestes i llamps"},"content":{"rendered":"\n<h2>Introducci\u00f3<\/h2>\n\n\n\n<div class=\"wp-block-image\"><figure class=\"aligncenter\"><a href=\"https:\/\/static-m.meteo.cat\/wordpressweb\/wp-content\/uploads\/2014\/11\/20115804\/llamps11.jpg\"><img loading=\"lazy\" width=\"300\" height=\"205\" src=\"https:\/\/static-m.meteo.cat\/wordpressweb\/wp-content\/uploads\/2014\/11\/20115804\/llamps11-300x205.jpg\" alt=\"Tempesta i llamps al litoral.  Foto de Ver\u00f2nica Ariza\" class=\"wp-image-2774\"\/><\/a><figcaption>   Tempesta i llamps al litoral. Foto: Ver\u00f2nica Ariza. <\/figcaption><\/figure><\/div>\n\n\n\n<div class=\"wp-block-image\"><figure class=\"aligncenter\"><a href=\"https:\/\/static-m.meteo.cat\/wordpressweb\/wp-content\/uploads\/2014\/11\/20115804\/tempestes-i-llamps2.jpg\"><img loading=\"lazy\" width=\"214\" height=\"300\" src=\"https:\/\/static-m.meteo.cat\/wordpressweb\/wp-content\/uploads\/2014\/11\/20115804\/tempestes-i-llamps2-214x300.jpg\" alt=\"Tempesta a Blanes el 15 d'agost de 1923. Autor: Josep Pons\" class=\"wp-image-2010\"\/><\/a><figcaption>Fotografia d\u2019una tempesta a Blanes el 15 d&#8217;agost de 1923. Autor: Josep Pons. Fons fotogr\u00e0fic de l\u2019antic Servei Meteorol\u00f2gic de Catalunya.<\/figcaption><\/figure><\/div>\n\n\n\n<p>En els \u00faltims anys, la detecci\u00f3 de tempestes ha esdevingut un repte considerable per al conjunt dels pa\u00efsos industrialitzats. Aquesta necessitat ha comportat el desenvolupament de diversos sistemes destinats a l\u2019estudi, la previsi\u00f3 i la protecci\u00f3 davant les tempestes. Avui en dia la majoria de serveis meteorol\u00f2gics disposen d\u2019equips de detecci\u00f3 remota de llamps.<\/p>\n\n\n\n<p>Malgrat que, a nivell cient\u00edfic, actualment es t\u00e9 un bon coneixement sobre les tempestes, aquestes segueixen essent un fenomen for\u00e7a imprevisible i de conseq\u00fc\u00e8ncies sovint desastroses: inundacions, pedregades, incendis, impactes de llamps, etc. A m\u00e9s, a mesura que la nostra societat esdev\u00e9 cada cop m\u00e9s dependent de la tecnologia, les tempestes s\u00f3n un important factor de p\u00e8rdues a nivell econ\u00f2mic (talls de llum, problemes en les telecomunicacions, danys en equipaments, p\u00e8rdues de dades, etc.).<\/p>\n\n\n\n<h2>Apunts hist\u00f2rics<\/h2>\n\n\n\n<p>Els llamps i els trons s\u00f3n un dels fen\u00f2mens naturals que m\u00e9s ha fascinat la humanitat al llarg de la seva hist\u00f2ria. La majoria de civilitzacions antigues van incorporar-los a les seves creences religioses. El d\u00e9u Seth a l\u2019antic Egipte era qui llan\u00e7ava els llamps, Lei Tsu era el d\u00e9u del tro a la Xina i, a l\u2019\u00cdndia, Indra transportava els llamps amb el seu carro. Els llamps foren presents a l\u2019antiga Gr\u00e8cia amb Zeus i a Roma amb J\u00fapiter. Tamb\u00e9 els trobem a la mitologia escandinava, on el d\u00e9u Thor produ\u00efa trons a cops de martell.<\/p>\n\n\n\n<p>L\u2019estudi cient\u00edfic de l\u2019electricitat atmosf\u00e8rica es remunta a mitjan segle XVIII, amb investigadors com Benjamin Franklin, entre d\u2019altres, inventor del parallamps. El coneixement dels llamps ha evolucionat for\u00e7a des d\u2019aquells primers experiments on es va demostrar que els n\u00favols de tempesta estaven carregats d\u2019electricitat. A finals del segle XIX es va descobrir l\u2019efecte de la g\u00e0bia de Faraday, segons el qual, a l\u2019interior d\u2019una caixa feta de material conductor, el camp el\u00e8ctric \u00e9s nul, i queda protegit d\u2019una possible desc\u00e0rrega. Aquest s\u2019aplica en la protecci\u00f3 contra llamps en edificis, avions, cotxes, etc.<\/p>\n\n\n\n<p>Els sistemes de detecci\u00f3 remota de llamps s\u00f3n for\u00e7a recents, ja que els primers s\u00f3n de la d\u00e8cada dels 60. L\u2019any 1969, un llamp va impactar l\u2019Apollo XII en ple llan\u00e7ament i va estar a punt d\u2019avortar la missi\u00f3. Aquest incident va posar de relleu la necessitat de millorar el coneixement dels fen\u00f2mens el\u00e8ctrics atmosf\u00e8rics i va incentivar el desenvolupament dels sistemes de detecci\u00f3 i protecci\u00f3, que han evolucionat fins als sistemes actuals.<\/p>\n\n\n\n<h2>Tempestes<\/h2>\n\n\n\n<div class=\"wp-block-image\"><figure class=\"aligncenter\"><a href=\"https:\/\/static-m.meteo.cat\/wordpressweb\/wp-content\/uploads\/2014\/11\/20115804\/tempestes-i-llamps3.jpg\"><img loading=\"lazy\" width=\"300\" height=\"118\" src=\"https:\/\/static-m.meteo.cat\/wordpressweb\/wp-content\/uploads\/2014\/11\/20115804\/tempestes-i-llamps3-300x118.jpg\" alt=\"Fases d'una tempesta\" class=\"wp-image-2012\"\/><\/a><figcaption>Figura 1. Fases d\u2019una tempesta.<\/figcaption><\/figure><\/div>\n\n\n\n<p>Tot i que s\u2019han vist llamps en tempestes de sorra o de neu, i fins i tot en n\u00favols de part\u00edcules d\u2019erupcions volc\u00e0niques, el principal generador de llamps \u00e9s el cumulonimbus, que \u00e9s el t\u00edpic n\u00favol de tempesta. Aquest es forma quan, en condicions d\u2019inestabilitat atmosf\u00e8rica, grans masses d\u2019aire calent i humit s\u2019eleven i es condensen, produint n\u00favols plens de vapor d\u2019aigua, aigua l\u00edquida i gel. Aquest n\u00favol gegant\u00ed, a les nostres latituds, pot superar altituds de 12 km.<\/p>\n\n\n\n<p>La figura 1 esquematitza les fases per les quals passa una tempesta. En el proc\u00e9s de formaci\u00f3 del n\u00favol es produeix una separaci\u00f3 de c\u00e0rregues, i es forma un dipol intern. <\/p>\n\n\n\n<p>La c\u00e0rrega negativa s\u2019acumula a altituds de 6-8 km on la temperatura est\u00e0 entre -10\u00ba i -20\u00baC, mentre que la c\u00e0rrega positiva \u00e9s m\u00e9s difusa i es concentra a major altitud. <\/p>\n\n\n\n<p>Sovint, per\u00f2, tamb\u00e9 s\u2019acumulen c\u00e0rregues positives a la base del n\u00favol, i aleshores es forma un tripol.<\/p>\n\n\n\n<p>Les c\u00e0rregues de la base del n\u00favol fan que, per inducci\u00f3 electrost\u00e0tica, s\u2019acumulin c\u00e0rregues de polaritat contr\u00e0ria a la superf\u00edcie que tenen a sota. Quan el camp el\u00e8ctric supera un cert llindar, s\u2019origina la desc\u00e0rrega el\u00e8ctrica, que actua com a pont entre diferents regions de c\u00e0rrega. Quan la desc\u00e0rrega es produeix entre les dues\/tres regions de c\u00e0rrega del n\u00favol o entre dos n\u00favols propers, es parla d\u2019una desc\u00e0rrega n\u00favol-n\u00favol (intra-cloud en angl\u00e8s). Si la desc\u00e0rrega es produeix entre el n\u00favol i la superf\u00edcie, aquesta s\u2019anomena n\u00favol-terra (cloud-to-ground en angl\u00e8s).<\/p>\n\n\n\n<p>En l\u2019estadi de maduresa, que s\u2019assoleix quan es produeix el m\u00e0xim desenvolupament vertical del n\u00favol, les desc\u00e0rregues n\u00favol-n\u00favol, que s\u2019havien iniciat en la fase de formaci\u00f3, arriben al seu m\u00e0xim. Aix\u00ed mateix, apareixen les primeres desc\u00e0rregues n\u00favol-terra.<\/p>\n\n\n\n<p>La tempesta entra finalment en una fase de dissipaci\u00f3, on culmina l\u2019activitat n\u00favol-terra. Aquest per\u00edode \u00e9s el de m\u00e0xima repercussi\u00f3 en superf\u00edcie: llamps, calamarsa i\/o pedra i pluja intensa, etc. La majoria de desc\u00e0rregues n\u00favol-terra acostumen a transferir c\u00e0rrega negativa, mentre que la fracci\u00f3 de desc\u00e0rregues que transfereixen c\u00e0rrega positiva \u00e9s menor, i s\u00f3n m\u00e9s comunes en la zona d\u2019enclusa dels n\u00favols de tempesta.<\/p>\n\n\n\n<h2>Els mecanismes d&#8217;electrificaci\u00f3 del n\u00favol<\/h2>\n\n\n\n<div class=\"wp-block-image\"><figure class=\"aligncenter\"><a href=\"https:\/\/static-m.meteo.cat\/wordpressweb\/wp-content\/uploads\/2014\/11\/20115804\/tempestes-i-llamps4.jpg\"><img loading=\"lazy\" width=\"300\" height=\"169\" src=\"https:\/\/static-m.meteo.cat\/wordpressweb\/wp-content\/uploads\/2014\/11\/20115804\/tempestes-i-llamps4-300x169.jpg\" alt=\"Teoria de la convecci\u00f3\" class=\"wp-image-2013\"\/><\/a><figcaption>Figura 2. Teoria de la convecci\u00f3.<\/figcaption><\/figure><\/div>\n\n\n\n<div class=\"wp-block-image\"><figure class=\"aligncenter\"><a href=\"https:\/\/static-m.meteo.cat\/wordpressweb\/wp-content\/uploads\/2014\/11\/20115804\/tempestes-i-llamps5.jpg\"><img loading=\"lazy\" width=\"300\" height=\"125\" src=\"https:\/\/static-m.meteo.cat\/wordpressweb\/wp-content\/uploads\/2014\/11\/20115804\/tempestes-i-llamps5-300x125.jpg\" alt=\"Teoria de la precipitaci\u00f3 i teoria no inductiva\" class=\"wp-image-2014\"\/><\/a><figcaption>Figura 3. (A)Teoria de la precipitaci\u00f3, (B) teoria no inductiva.<\/figcaption><\/figure><\/div>\n\n\n\n<p>Els mecanismes d&#8217;electrificaci\u00f3 d&#8217;un n\u00favol, basats en l&#8217;intercanvi de c\u00e0rregues el\u00e8ctriques entre part\u00edcules, avui en dia encara no s\u00f3n perfectament coneguts. Les teories formulades fins ara s\u2019ocupen d\u2019alguns dels processos que intervenen en l\u2019electrificaci\u00f3, per\u00f2 manca una teoria general capa\u00e7 d\u2019explicar l&#8217;elevada electrificaci\u00f3 que hi ha en un n\u00favol de tempesta.<\/p>\n\n\n\n<ul><li><b>Teoria de la convecci\u00f3<\/b>: els forts corrents ascendents dels processos convectius transporten c\u00e0rregues positives de la superf\u00edcie cap a les parts m\u00e9s altes del n\u00favol. D\u2019altra banda, els corrents descendents de la part externa del n\u00favol transporten c\u00e0rregues negatives a parts inferiors del n\u00favol. Es forma, aix\u00ed, una estructura dipolar (vegeu la figura 2).<\/li><li><b>Teoria de la precipitaci\u00f3<\/b>: la transfer\u00e8ncia de c\u00e0rrega el\u00e8ctrica es produeix en els xocs entre part\u00edcules de precipitaci\u00f3 polaritzades. Les col\u00b7lisions fan que les part\u00edcules d\u2019aigua descendents es carreguin negativament mentre que els cristalls de gel ascendents es carreguen positivament (vegeu la figura 3.A).<\/li><li><b>Teoria no inductiva<\/b>: tamb\u00e9 es basa en les col\u00b7lisions entre part\u00edcules, per\u00f2 a difer\u00e8ncia de la teoria de la precipitaci\u00f3, la polaritat de la c\u00e0rrega transmesa dep\u00e8n de la temperatura ambient. Amb aquesta teoria es pot explicar el model de n\u00favol tripolar, on hi ha c\u00e0rregues positives en les zones inferiors del n\u00favol. Mentre que per sota d\u2019una temperatura de -10\u00ba C (al\u00e7ades de m\u00e9s de 6-7 km) les part\u00edcules de gel es carreguen negativament, en zones del n\u00favol de menor al\u00e7ada les part\u00edcules es carreguen positivament (vegeu la figura 3.B).<\/li><\/ul>\n\n\n\n<h2>El llamp<\/h2>\n\n\n\n<div class=\"wp-block-image\"><figure class=\"aligncenter\"><a href=\"https:\/\/static-m.meteo.cat\/wordpressweb\/wp-content\/uploads\/2014\/11\/20115804\/tempestes-i-llamps6.jpg\"><img loading=\"lazy\" width=\"337\" height=\"282\" src=\"https:\/\/static-m.meteo.cat\/wordpressweb\/wp-content\/uploads\/2014\/11\/20115804\/tempestes-i-llamps6.jpg\" alt=\"Fases dels llamps\" class=\"wp-image-2015\"\/><\/a><figcaption>Figura 4. Fases del llamp.<\/figcaption><\/figure><\/div>\n\n\n\n<p>Malgrat la seva curta durada, el llamp engloba una s\u00e8rie de processos que s\u2019esquematitzen a la figura 4. Un cop el n\u00favol est\u00e0 polaritzat i la superf\u00edcie terrestre s\u2019ha carregat per inducci\u00f3 (A), s\u2019inicia la desc\u00e0rrega amb un tra\u00e7ador descendent (el tra\u00e7ador esglaonat), que a trav\u00e9s d\u2019una s\u00e8rie de petits impulsos, va formant la t\u00edpica estructura ramificada dels llamps (B).<\/p>\n\n\n\n<p>A mesura que el tra\u00e7ador esglaonat s&#8217;acosta a terra, se\u2019n forma un d\u2019ascendent (el tra\u00e7ador de connexi\u00f3). Ambd\u00f3s tra\u00e7adors es troben i es forma un canal ionitzat altament conductor, per on es genera la desc\u00e0rrega de retorn (C). Aquesta es despla\u00e7a a una velocitat d\u2019un ter\u00e7 de la velocitat de la llum i origina un fort corrent el\u00e8ctric, amb una durada aproximada de 100 microsegons. La desc\u00e0rrega genera un augment sobtat de la temperatura amb un pic de fins a 30.000 K, i l\u2019augment sobtat de pressi\u00f3 associat a la calor es tradueix en una ona de pressi\u00f3 de l\u2019aire: el tro.<\/p>\n\n\n\n<p>Si el proc\u00e9s acaba aqu\u00ed, tenim un llamp de desc\u00e0rrega simple. Sovint, si encara hi ha c\u00e0rrega disponible, es poden produir m\u00e9s desc\u00e0rregues (llamp de desc\u00e0rrega m\u00faltiple). Aquestes desc\u00e0rregues secund\u00e0ries (F) s\u00f3n lleugerament diferents de la primera. S\u2019inicien amb un tra\u00e7ador r\u00e0pid (E), que baixa sense pausa pel canal ionitzat de la primera desc\u00e0rrega (D). S\u2019han arribat a observar llamps m\u00faltiples de fins a 15 desc\u00e0rregues.<\/p>\n\n\n\n<p>En un 30% dels casos el tra\u00e7ador r\u00e0pid (E) no segueix tot el cam\u00ed ionitzat i es bifurca prop de la superf\u00edcie. Per tant, les successives desc\u00e0rregues d\u2019un mateix llamp poden impactar en diversos punts. Cal remarcar que el conjunt del proc\u00e9s \u00e9s tan r\u00e0pid que l\u2019ull hum\u00e0 no distingeix aquestes desc\u00e0rregues secund\u00e0ries de la primera i, per tant, a simple vista no podem diferenciar els llamps de desc\u00e0rrega simple i m\u00faltiple. Com a molt es pot percebre un efecte de parpelleig. El temps entre desc\u00e0rregues successives \u00e9s d\u2019unes desenes de mil\u00b7lisegons. En termes mitjans, entre desc\u00e0rregues de retorn sol apar\u00e8ixer un corrent continu de l\u2019ordre de 100-500 ampers i el pic de corrent de la desc\u00e0rrega pot arribar fins a uns 200 kA en pocs microsegons.<\/p>\n","protected":false},"excerpt":{"rendered":"<p>Introducci\u00f3 En els \u00faltims anys, la detecci\u00f3 de tempestes ha esdevingut un repte considerable per al conjunt dels pa\u00efsos industrialitzats. Aquesta necessitat ha comportat el desenvolupament de diversos sistemes destinats a l\u2019estudi, la previsi\u00f3 i la protecci\u00f3 davant les tempestes. Avui en dia la majoria de serveis meteorol\u00f2gics disposen d\u2019equips de detecci\u00f3 remota de llamps. [&hellip;]<\/p>\n","protected":false},"author":4,"featured_media":0,"parent":136,"menu_order":1,"comment_status":"closed","ping_status":"open","template":"template-sidebar.php","meta":{"_mi_skip_tracking":false,"_monsterinsights_sitenote_active":false,"_monsterinsights_sitenote_note":"","_monsterinsights_sitenote_category":0},"_links":{"self":[{"href":"https:\/\/www.meteo.cat\/wpweb\/wp-json\/wp\/v2\/pages\/1254"}],"collection":[{"href":"https:\/\/www.meteo.cat\/wpweb\/wp-json\/wp\/v2\/pages"}],"about":[{"href":"https:\/\/www.meteo.cat\/wpweb\/wp-json\/wp\/v2\/types\/page"}],"author":[{"embeddable":true,"href":"https:\/\/www.meteo.cat\/wpweb\/wp-json\/wp\/v2\/users\/4"}],"replies":[{"embeddable":true,"href":"https:\/\/www.meteo.cat\/wpweb\/wp-json\/wp\/v2\/comments?post=1254"}],"version-history":[{"count":8,"href":"https:\/\/www.meteo.cat\/wpweb\/wp-json\/wp\/v2\/pages\/1254\/revisions"}],"predecessor-version":[{"id":33931,"href":"https:\/\/www.meteo.cat\/wpweb\/wp-json\/wp\/v2\/pages\/1254\/revisions\/33931"}],"up":[{"embeddable":true,"href":"https:\/\/www.meteo.cat\/wpweb\/wp-json\/wp\/v2\/pages\/136"}],"wp:attachment":[{"href":"https:\/\/www.meteo.cat\/wpweb\/wp-json\/wp\/v2\/media?parent=1254"}],"curies":[{"name":"wp","href":"https:\/\/api.w.org\/{rel}","templated":true}]}}